-- Table structure for fdlv_temoignage
-- ----------------------------
CREATE TABLE `fdlv_temoignage`  (
  `tge_id` bigint NOT NULL AUTO_INCREMENT,
  `tge_ordre_affichage` smallint NOT NULL,
  `tge_auteur` varchar(50) CHARACTER SET latin1 COLLATE latin1_swedish_ci NULL DEFAULT NULL,
  `tge_lien_image_auteur` varchar(100) CHARACTER SET latin1 COLLATE latin1_swedish_ci NULL DEFAULT NULL,
  `tge_domaine_metier` varchar(50) CHARACTER SET latin1 COLLATE latin1_swedish_ci NULL DEFAULT NULL,
  `tge_compagnie` varchar(50) CHARACTER SET latin1 COLLATE latin1_swedish_ci NULL DEFAULT NULL,
  `tge_texte_temoignage` text CHARACTER SET latin1 COLLATE latin1_swedish_ci NULL,
  `tge_date_debut` timestamp NULL DEFAULT CURRENT_TIMESTAMP,
  `tge_date_fin` timestamp NULL DEFAULT CURRENT_TIMESTAMP,
  `tge_publie` tinyint(1) NULL DEFAULT 1,
  `tge_commentaire` text CHARACTER SET latin1 COLLATE latin1_swedish_ci NULL,
  PRIMARY KEY (`tge_id`) USING BTREE
) ENGINE = InnoDB AUTO_INCREMENT = 5 CHARACTER SET = latin1 COLLATE = latin1_swedish_ci ROW_FORMAT = Dynamic;

-- ----------------------------
-- Records of fdlv_temoignage
-- ----------------------------
INSERT INTO `fdlv_temoignage` VALUES (1, 1, 'Richard Andrzejewski', 'https://www.gomydefi.live/fdlv_integ/testimony-img/richard_andrzejewski.webp', 'Addictologue', 'CSAPA', 'Ces forums santé sont extrêmement riches d\'atouts pour transmettre un savoir, des informations utiles pour être en bonne santé. A travers le jeu, la différenciation, chaque intervenant est bien formé en amont et compétent pour s\'adapter à chaque personne du public. Trois mots d\'ordre : ludique, participatif et très mobilisant pour repartir chez soi au moins avec un défi santé.', '2021-11-01 00:00:00', NULL, 1, 'Addictologue, CSAPA');
INSERT INTO `fdlv_temoignage` VALUES (2, 2, 'Michèle Catto', 'https://www.gomydefi.live/fdlv_integ/testimony-img/Michele_Catto.webp', 'Pneumologue Tabacologue', 'C.H.R.U. LILLE', 'Je pense que ce genre de journée il faudrait en faire beaucoup plus souvent, car effectivement les gens sont sensibilisés. Avec l\'étude du souffle, les gens sont très surpris de savoir que leur souffle va bien ou ne va pas bien. Ils peuvent le mesurer, et je pense que ça peut les aider à changer leurs habitudes.', '2021-11-01 00:00:00', NULL, 1, 'Pneumologue Tabacologue');
INSERT INTO `fdlv_temoignage` VALUES (3, 3, 'Frédéric Kochman', 'https://www.gomydefi.live/fdlv_integ/testimony-img/Frederic_Kochman.webp', 'Pédopsychiatre', NULL, 'Très bon ressenti, c\'est génial, c\'est la fête. Il y a plein d\'enfants. Les parents sont venus de tous les quartiers. C\'est pouvoir parler des addictions, prévenir, faire des ces choses à ce sujet, dans une ambiance bon enfant, agréable et familiale. Et je suis persuadé que c\'est la meilleure prévention qui existe.', '2021-11-01 02:00:00', NULL, 1, 'Pédopsychiatre');

-- ----------------------------
-- Table structure for forum_acteur_hab_doc
-- ----------------------------
CREATE TABLE `forum_acteur_hab_doc`  (
  `fad_id` bigint NOT NULL AUTO_INCREMENT,
  `fad_fdt_id` bigint NULL DEFAULT NULL COMMENT 'Référence le document concerné',
  `fad_fra_id` bigint NULL DEFAULT NULL COMMENT 'Référence le rôle des acteurs pour diffusion et communication',
  `fad_habilitation` varchar(2) CHARACTER SET utf8mb4 COLLATE utf8mb4_0900_ai_ci NOT NULL COMMENT 'R/W/D/U\nRead / Write/ Dowload / Upload',
  `fad_commentaire` varchar(255) CHARACTER SET utf8mb4 COLLATE utf8mb4_0900_ai_ci NULL DEFAULT NULL,
  PRIMARY KEY (`fad_id`) USING BTREE,
  INDEX `fk_fad_fdt_id`(`fad_fdt_id`) USING BTREE,
  INDEX `fk_fad_fra_id`(`fad_fra_id`) USING BTREE,
  CONSTRAINT `fk_fad_fdt_id` FOREIGN KEY (`fad_fdt_id`) REFERENCES `forum_document` (`fdt_id`) ON DELETE RESTRICT ON UPDATE RESTRICT,
  CONSTRAINT `fk_fad_fra_id` FOREIGN KEY (`fad_fra_id`) REFERENCES `forum_role_acteur` (`fra_id`) ON DELETE RESTRICT ON UPDATE RESTRICT
) ENGINE = InnoDB AUTO_INCREMENT = 1 CHARACTER SET = utf8mb4 COLLATE = utf8mb4_0900_ai_ci ROW_FORMAT = Dynamic TABLESPACE = `innodb_system`;

-- ----------------------------
-- Table structure for forum_acteur_hab_module
-- ----------------------------
CREATE TABLE `forum_acteur_hab_module`  (
  `fhm_id` bigint NOT NULL AUTO_INCREMENT,
  `fhm_fac_id` bigint NULL DEFAULT NULL COMMENT 'référence l\'acteur',
  `fhm_fam_id` bigint NULL DEFAULT NULL COMMENT 'référence le module applicatif',
  `fhm_habilitation` varchar(1) CHARACTER SET utf8mb4 COLLATE utf8mb4_0900_ai_ci NOT NULL COMMENT 'N = NULL, R = Read, W= Write, D = Download, U = Upload',
  `fhm_commentaire` varchar(255) CHARACTER SET utf8mb4 COLLATE utf8mb4_0900_ai_ci NULL DEFAULT NULL,
  PRIMARY KEY (`fhm_id`) USING BTREE,
  INDEX `fk_fhm_fac_id`(`fhm_fac_id`) USING BTREE,
  INDEX `fk_fhm_fam_id`(`fhm_fam_id`) USING BTREE,
  CONSTRAINT `fk_fhm_fac_id` FOREIGN KEY (`fhm_fac_id`) REFERENCES `forum_acteur` (`fac_id`) ON DELETE RESTRICT ON UPDATE RESTRICT,
  CONSTRAINT `fk_fhm_fam_id` FOREIGN KEY (`fhm_fam_id`) REFERENCES `forum_module_applicatif` (`fam_id`) ON DELETE RESTRICT ON UPDATE RESTRICT
) ENGINE = InnoDB AUTO_INCREMENT = 290 CHARACTER SET = utf8mb4 COLLATE = utf8mb4_0900_ai_ci ROW_FORMAT = Dynamic TABLESPACE = `innodb_system`;

-- ----------------------------
-- Records of forum_acteur_hab_module
-- ----------------------------
INSERT INTO `forum_acteur_hab_module` VALUES (275, 3, 4, 'N', NULL);
INSERT INTO `forum_acteur_hab_module` VALUES (276, 3, 3, 'N', NULL);
INSERT INTO `forum_acteur_hab_module` VALUES (277, 3, 2, 'N', NULL);
INSERT INTO `forum_acteur_hab_module` VALUES (278, 3, 5, 'N', NULL);
INSERT INTO `forum_acteur_hab_module` VALUES (288, 258, 2, 'N', NULL);
INSERT INTO `forum_acteur_hab_module` VALUES (289, 258, 4, 'N', NULL);

-- ----------------------------
-- Table structure for forum_banniere
-- ----------------------------
CREATE TABLE `forum_banniere`  (
  `ban_id` bigint NOT NULL AUTO_INCREMENT,
  `ban_fth_id` bigint NOT NULL COMMENT 'Id du thème FORUM',
  `ban_code` varchar(20) CHARACTER SET latin1 COLLATE latin1_swedish_ci NOT NULL COMMENT 'Code de la Bannière du Stand mis à la disposition des structures',
  `ban_libelle` varchar(255) CHARACTER SET latin1 COLLATE latin1_swedish_ci NOT NULL COMMENT 'Libellé de la Bannière du Stand',
  `ban_fdlv` varchar(10) CHARACTER SET latin1 COLLATE latin1_swedish_ci NOT NULL COMMENT '= FDLV est propriétaire de la Bannière,\r\n= Code Structure (= fse_code) = code de la structure qui est propriétaire de la Bannière,',
  `ban_url` varchar(255) CHARACTER SET latin1 COLLATE latin1_swedish_ci NULL DEFAULT NULL COMMENT 'URL de la Bannière \r\n\r\nLe nom de chaque URL bannière sera composé de la concaténation des données suivantes : ban_id , ban_tth_id, ban_fdlv, ban_libelle,  (données en lettres minuscules et séparées par « _ »\r\n\r\nChaque bannière dépend d’un thème et est identifiée par sa structure responsable pour toute mise à jour éventuelle.\r\n',
  `ban_actif` binary(1) NOT NULL DEFAULT 0x30 COMMENT 'Valeur 1 = Bannière validée => à afficher sur le site\r\nValeur 0 = Bannière désactivée => à ne pas afficher sur le site ( Bannière en cours de validation)',
  `ban_commentaire` varchar(255) CHARACTER SET latin1 COLLATE latin1_swedish_ci NULL DEFAULT NULL COMMENT 'Commentare libre',
  PRIMARY KEY (`ban_id`) USING BTREE,
  INDEX `fk_ban_fth_id`(`ban_fth_id`) USING BTREE,
  CONSTRAINT `fk_ban_fth_id` FOREIGN KEY (`ban_fth_id`) REFERENCES `forum_theme` (`fth_id`) ON DELETE RESTRICT ON UPDATE RESTRICT
) ENGINE = InnoDB AUTO_INCREMENT = 132 CHARACTER SET = latin1 COLLATE = latin1_swedish_ci ROW_FORMAT = Dynamic TABLESPACE = `innodb_system`;

-- ----------------------------
-- Records of forum_banniere
-- ----------------------------
INSERT INTO `forum_banniere` VALUES (1, 2, 'ACTPHY', 'fdlv_bouger_activites_physiques', 'FDLV', 'https://www.gomydefi.live/fdlv_integ/FORUM/fdlv_banniere/Activites_Physiques/fdlv_bouger_activites_physiques.webp', 0x31, '');
INSERT INTO `forum_banniere` VALUES (2, 2, 'DANSE', 'fdlv_danse', 'FDLV', 'https://www.gomydefi.live/fdlv_integ/FORUM/fdlv_banniere/Activites_Physiques/fdlv_danse.webp', 0x31, NULL);
INSERT INTO `forum_banniere` VALUES (3, 2, 'GLISSE', 'fdlv_glisse_urbaine', 'FDLV', 'https://www.gomydefi.live/fdlv_integ/FORUM/fdlv_banniere/Activites_Physiques/fdlv_glisse_urbaine.webp', 0x31, NULL);
INSERT INTO `forum_banniere` VALUES (4, 2, 'GYM', 'fdlv_mini_gym', 'FDLV', 'https://www.gomydefi.live/fdlv_integ/FORUM/fdlv_banniere/Activites_Physiques/fdlv_mini_gym.webp', 0x31, NULL);
INSERT INTO `forum_banniere` VALUES (5, 2, 'PSANTE', 'fdlv_parcours_sante', 'FDLV', 'https://www.gomydefi.live/fdlv_integ/FORUM/fdlv_banniere/Activites_Physiques/fdlv_parcours_sante.webp', 0x31, NULL);
INSERT INTO `forum_banniere` VALUES (6, 3, 'COCKTAIL', 'fdlv_cocktail', 'FDLV', 'https://www.gomydefi.live/fdlv_integ/FORUM/fdlv_banniere/Alcool/fdlv_cocktail.webp', 0x31, NULL);
INSERT INTO `forum_banniere` VALUES (7, 3, 'PARCOURS', 'fdlv_parcours_d_ebriete', 'FDLV', 'https://www.gomydefi.live/fdlv_integ/FORUM/fdlv_banniere/Alcool/fdlv_parcours_d_ebriete.webp', 0x31, NULL);
INSERT INTO `forum_banniere` VALUES (8, 4, 'CIBLE', 'fdlv_ciblez_vous', 'FDLV', 'https://www.gomydefi.live/fdlv_integ/FORUM/fdlv_banniere/Banniere_Generaliste/fdlv_ciblez_vous.webp', 0x31, NULL);
INSERT INTO `forum_banniere` VALUES (9, 4, 'INFODETOX', 'fdlv_Info_ou_detox', 'FDLV', 'https://www.gomydefi.live/fdlv_integ/FORUM/fdlv_banniere/Banniere_Generaliste/fdlv_Info_ou_detox.webp', 0x31, NULL);
INSERT INTO `forum_banniere` VALUES (10, 4, 'MSANTE', 'fdlv_ma_sante', 'FDLV', 'https://www.gomydefi.live/fdlv_integ/FORUM/fdlv_banniere/Banniere_Generaliste/fdlv_ma_sante.webp', 0x31, NULL);
INSERT INTO `forum_banniere` VALUES (11, 4, 'ENVIE', 'fdlv_mon_envie_mon_defi', 'FDLV', 'https://www.gomydefi.live/fdlv_integ/FORUM/fdlv_banniere/Banniere_Generaliste/fdlv_mon_envie_mon_defi.webp', 0x31, NULL);
INSERT INTO `forum_banniere` VALUES (12, 4, 'FDEFI1', 'fdlv_pret_a_relever_defis_filles', 'FDLV', 'https://www.gomydefi.live/fdlv_integ/FORUM/fdlv_banniere/Banniere_Generaliste/fdlv_pret_a_relever_defis_filles.webp', 0x31, NULL);
INSERT INTO `forum_banniere` VALUES (13, 4, 'GDEFI1', 'fdlv_pret_a_relever_defis_garcons', 'FDLV', 'https://www.gomydefi.live/fdlv_integ/FORUM/fdlv_banniere/Banniere_Generaliste/fdlv_pret_a_relever_defis_garcons.webp', 0x31, NULL);
INSERT INTO `forum_banniere` VALUES (14, 4, 'FDEFI2', 'fdlv_pret_a_relever_un_defi_fille', 'FDLV', 'https://www.gomydefi.live/fdlv_integ/FORUM/fdlv_banniere/Banniere_Generaliste/fdlv_pret_a_relever_un_defi_fille.webp', 0x31, NULL);
INSERT INTO `forum_banniere` VALUES (15, 4, 'GDEFI2', 'fdlv_pret_a_relever_un_defi_garcons', 'FDLV', 'https://www.gomydefi.live/fdlv_integ/FORUM/fdlv_banniere/Banniere_Generaliste/fdlv_pret_a_relever_un_defi_garcons.webp', 0x31, NULL);
INSERT INTO `forum_banniere` VALUES (16, 4, 'QUIZZ', 'fdlv_quizz', 'FDLV', 'https://www.gomydefi.live/fdlv_integ/FORUM/fdlv_banniere/Banniere_Generaliste/fdlv_quizz.webp', 0x31, NULL);
INSERT INTO `forum_banniere` VALUES (17, 5, 'BIENETRE', 'fdlv_atelier_bien_etre', 'FDLV', 'https://www.gomydefi.live/fdlv_integ/FORUM/fdlv_banniere/Bien_etre_sante_mentale/fdlv_atelier_bien_etre.webp', 0x31, NULL);
INSERT INTO `forum_banniere` VALUES (18, 5, 'COEUR', 'fdlv_coeur', 'FDLV', 'https://www.gomydefi.live/fdlv_integ/FORUM/fdlv_banniere/Bien_etre_sante_mentale/fdlv_coeur.webp', 0x31, NULL);
INSERT INTO `forum_banniere` VALUES (19, 5, 'DORMIR', 'fdlv_dormir', 'FDLV', 'https://www.gomydefi.live/fdlv_integ/FORUM/fdlv_banniere/Bien_etre_sante_mentale/fdlv_dormir.webp', 0x31, NULL);
INSERT INTO `forum_banniere` VALUES (20, 5, 'ESTIME', 'fdlv_estime_de_soi', 'FDLV', 'https://www.gomydefi.live/fdlv_integ/FORUM/fdlv_banniere/Bien_etre_sante_mentale/fdlv_estime_de_soi.webp', 0x31, NULL);
INSERT INTO `forum_banniere` VALUES (21, 5, 'HEROS', 'fdlv_les_heros_du_jour', 'FDLV', 'https://www.gomydefi.live/fdlv_integ/FORUM/fdlv_banniere/Bien_etre_sante_mentale/fdlv_les_heros_du_jour.webp', 0x31, NULL);
INSERT INTO `forum_banniere` VALUES (22, 5, 'MEMORY', 'fdlv_memory', 'FDLV', 'https://www.gomydefi.live/fdlv_integ/FORUM/fdlv_banniere/Bien_etre_sante_mentale/fdlv_memory.webp', 0x31, NULL);
INSERT INTO `forum_banniere` VALUES (23, 5, 'STRESS', 'fdlv_no_stress', 'FDLV', 'https://www.gomydefi.live/fdlv_integ/FORUM/fdlv_banniere/Bien_etre_sante_mentale/fdlv_no_stress.webp', 0x31, NULL);
INSERT INTO `forum_banniere` VALUES (24, 5, 'REMUE', 'fdlv_remue_meninges', 'FDLV', 'https://www.gomydefi.live/fdlv_integ/FORUM/fdlv_banniere/Bien_etre_sante_mentale/fdlv_remue_meninges.webp', 0x31, NULL);
INSERT INTO `forum_banniere` VALUES (25, 6, 'DANGER', 'fdlv_attention_danger', 'FDLV', 'https://www.gomydefi.live/fdlv_integ/FORUM/fdlv_banniere/Ecrans/fdlv_attention_danger.webp', 0x31, NULL);
INSERT INTO `forum_banniere` VALUES (26, 6, 'HARC', 'fdlv_cyber_harcelement', 'FDLV', 'https://www.gomydefi.live/fdlv_integ/FORUM/fdlv_banniere/Ecrans/fdlv_cyber_harcelement.webp', 0x31, NULL);
INSERT INTO `forum_banniere` VALUES (27, 6, 'DIGITAL', 'fdlv_digital_box', 'FDLV', 'https://www.gomydefi.live/fdlv_integ/FORUM/fdlv_banniere/Ecrans/fdlv_digital_box.webp', 0x31, NULL);
INSERT INTO `forum_banniere` VALUES (28, 6, 'IDNUM', 'fdlv_identite_numerique', 'FDLV', 'https://www.gomydefi.live/fdlv_integ/FORUM/fdlv_banniere/Ecrans/fdlv_identite_numerique.webp', 0x31, NULL);
INSERT INTO `forum_banniere` VALUES (29, 6, 'PICTOS', 'fdlv_info_pictos', 'FDLV', 'https://www.gomydefi.live/fdlv_integ/FORUM/fdlv_banniere/Ecrans/fdlv_info_pictos.webp', 0x31, NULL);
INSERT INTO `forum_banniere` VALUES (30, 7, 'CIRCUIT', 'fdlv_circuit_court', 'FDLV', 'https://www.gomydefi.live/fdlv_integ/FORUM/fdlv_banniere/Environnement/fdlv_circuit_court.webp', 0x31, NULL);
INSERT INTO `forum_banniere` VALUES (31, 7, 'COMPOST', 'fdlv_compost', 'FDLV', 'https://www.gomydefi.live/fdlv_integ/FORUM/fdlv_banniere/Environnement/fdlv_compost.webp', 0x31, NULL);
INSERT INTO `forum_banniere` VALUES (32, 7, 'ECO', 'fdlv_eco_responsable', 'FDLV', 'https://www.gomydefi.live/fdlv_integ/FORUM/fdlv_banniere/Environnement/fdlv_eco_responsable.webp', 0x31, NULL);
INSERT INTO `forum_banniere` VALUES (33, 7, 'REPAIR', 'fdlv_repair_cefe', 'FDLV', 'https://www.gomydefi.live/fdlv_integ/FORUM/fdlv_banniere/Environnement/fdlv_repair_cefe.webp', 0x31, NULL);
INSERT INTO `forum_banniere` VALUES (34, 7, 'TROC', 'fdlv_troc_de_graines', 'FDLV', 'https://www.gomydefi.live/fdlv_integ/FORUM/fdlv_banniere/Environnement/fdlv_troc_de_graines.webp', 0x31, NULL);
INSERT INTO `forum_banniere` VALUES (35, 7, 'DECHETS', 'fdlv_zero_dechets', 'FDLV', 'https://www.gomydefi.live/fdlv_integ/FORUM/fdlv_banniere/Environnement/fdlv_zero_dechets.webp', 0x31, NULL);
INSERT INTO `forum_banniere` VALUES (36, 8, 'TADDICT', 'fdlv_addiction_tele', 'FDLV', 'https://www.gomydefi.live/fdlv_integ/FORUM/fdlv_banniere/Expo_Addiction/fdlv_addiction_tele.webp', 0x31, NULL);
INSERT INTO `forum_banniere` VALUES (37, 8, '3VERRES', 'fdlv_apres_trois_verres', 'FDLV', 'https://www.gomydefi.live/fdlv_integ/FORUM/fdlv_banniere/Expo_Addiction/fdlv_apres_trois_verres.webp', 0x31, NULL);
INSERT INTO `forum_banniere` VALUES (38, 8, 'CHRONO', 'fdlv_chronophage', 'FDLV', 'https://www.gomydefi.live/fdlv_integ/FORUM/fdlv_banniere/Expo_Addiction/fdlv_chronophage.webp', 0x31, NULL);
INSERT INTO `forum_banniere` VALUES (39, 8, 'AJEUX', 'fdlv_dependance_jeux_argent', 'FDLV', 'https://www.gomydefi.live/fdlv_integ/FORUM/fdlv_banniere/Expo_Addiction/fdlv_dependance_jeux_argent.webp', 0x31, NULL);
INSERT INTO `forum_banniere` VALUES (40, 8, 'DJEUX', 'fdlv_drogue_et_jeux', 'FDLV', 'https://www.gomydefi.live/fdlv_integ/FORUM/fdlv_banniere/Expo_Addiction/fdlv_drogue_et_jeux.webp', 0x31, NULL);
INSERT INTO `forum_banniere` VALUES (41, 8, 'ECSTASY', 'fdlv_ecstasy', 'FDLV', 'https://www.gomydefi.live/fdlv_integ/FORUM/fdlv_banniere/Expo_Addiction/fdlv_ecstasy.webp', 0x31, NULL);
INSERT INTO `forum_banniere` VALUES (42, 8, 'NOTRE', 'fdlv_il_est_des_notres', 'FDLV', 'https://www.gomydefi.live/fdlv_integ/FORUM/fdlv_banniere/Expo_Addiction/fdlv_il_est_des_notres.webp', 0x31, NULL);
INSERT INTO `forum_banniere` VALUES (43, 8, 'MECONTENT', 'fdlv_mecontent', 'FDLV', 'https://www.gomydefi.live/fdlv_integ/FORUM/fdlv_banniere/Expo_Addiction/fdlv_mecontent.webp', 0x31, NULL);
INSERT INTO `forum_banniere` VALUES (44, 9, 'AVANTAGE', 'fdlv_avantages_minimalisme', 'FDLV', 'https://www.gomydefi.live/fdlv_integ/FORUM/fdlv_banniere/Expo_minimaliste/fdlv_avantages_minimalisme.webp', 0x31, NULL);
INSERT INTO `forum_banniere` VALUES (45, 9, 'MINI', 'fdlv_essayer_minimalisme', 'FDLV', 'https://www.gomydefi.live/fdlv_integ/FORUM/fdlv_banniere/Expo_minimaliste/fdlv_essayer_minimalisme.webp', 0x31, NULL);
INSERT INTO `forum_banniere` VALUES (46, 9, 'SIMPLE', 'fdlv_vivre_simplicite', 'FDLV', 'https://www.gomydefi.live/fdlv_integ/FORUM/fdlv_banniere/Expo_minimaliste/fdlv_vivre_simplicite.webp', 0x31, NULL);
INSERT INTO `forum_banniere` VALUES (47, 10, 'AACCIDH', 'fdlv_avant_accident_homme', 'FDLV', 'https://www.gomydefi.live/fdlv_integ/FORUM/fdlv_banniere/Expo_sur_route/fdlv_avant_accident_homme.webp', 0x31, NULL);
INSERT INTO `forum_banniere` VALUES (48, 10, 'TELEPH', 'fdlv_decroche_telephone', 'FDLV', 'https://www.gomydefi.live/fdlv_integ/FORUM/fdlv_banniere/Expo_sur_route/fdlv_decroche_telephone.webp', 0x31, NULL);
INSERT INTO `forum_banniere` VALUES (49, 10, 'PROUTE', 'fdlv_pour_prendre_la_route', 'FDLV', 'https://www.gomydefi.live/fdlv_integ/FORUM/fdlv_banniere/Expo_sur_route/fdlv_pour_prendre_la_route.webp', 0x31, NULL);
INSERT INTO `forum_banniere` VALUES (50, 10, 'ELLE', 'fdlv_que_fait_elle', 'FDLV', 'https://www.gomydefi.live/fdlv_integ/FORUM/fdlv_banniere/Expo_sur_route/fdlv_que_fait_elle.webp', 0x31, NULL);
INSERT INTO `forum_banniere` VALUES (51, 11, 'PROPRE', 'fdlv_cest_du_propre', 'FDLV', 'https://www.gomydefi.live/fdlv_integ/FORUM/fdlv_banniere/Hygiene/fdlv_cest_du_propre.webp', 0x31, NULL);
INSERT INTO `forum_banniere` VALUES (52, 11, 'VIE', 'fdlv_croquer_la_vie', 'FDLV', 'https://www.gomydefi.live/fdlv_integ/FORUM/fdlv_banniere/Hygiene/fdlv_croquer_la_vie.webp', 0x31, NULL);
INSERT INTO `forum_banniere` VALUES (53, 12, 'NUTISS', 'fdlv_nutissimo', 'FDLV', 'https://www.gomydefi.live/fdlv_integ/FORUM/fdlv_banniere/Nutrition/fdlv_nutissimo.webp', 0x31, NULL);
INSERT INTO `forum_banniere` VALUES (54, 12, 'EQUILIB', 'fdlv_question_equilibre', 'FDLV', 'https://www.gomydefi.live/fdlv_integ/FORUM/fdlv_banniere/Nutrition/fdlv_question_equilibre.webp', 0x31, NULL);
INSERT INTO `forum_banniere` VALUES (55, 12, 'VITAM', 'fdlv_vitamine', 'FDLV', 'https://www.gomydefi.live/fdlv_integ/FORUM/fdlv_banniere/Nutrition/fdlv_vitamine.webp', 0x31, NULL);
INSERT INTO `forum_banniere` VALUES (56, 1, 'AFDLV', 'fdlv_association_fdlv', 'FDLV', 'https://www.gomydefi.live/fdlv_integ/FORUM/fdlv_banniere/Acceuil_Organisation/fdlv_association_fdlv.webp', 0x31, NULL);
INSERT INTO `forum_banniere` VALUES (57, 1, 'BIENV01', 'fdlv_bienvenue_fdlv_01', 'FDLV', 'https://www.gomydefi.live/fdlv_integ/FORUM/fdlv_banniere/Acceuil_Organisation/fdlv_bienvenue_fdlv_01.webp', 0x31, NULL);
INSERT INTO `forum_banniere` VALUES (58, 1, 'BIENV02', 'fdlv_bienvenue_fdlv_02', 'FDLV', 'https://www.gomydefi.live/fdlv_integ/FORUM/fdlv_banniere/Acceuil_Organisation/fdlv_bienvenue_fdlv_02.webp', 0x31, NULL);
INSERT INTO `forum_banniere` VALUES (59, 1, 'CADEAU', 'fdlv_cadeau_lots', 'FDLV', 'https://www.gomydefi.live/fdlv_integ/FORUM/fdlv_banniere/Acceuil_Organisation/fdlv_cadeau_lots.webp', 0x31, NULL);
INSERT INTO `forum_banniere` VALUES (60, 1, 'AVIS', 'fdlv_donnez_nous_avis', 'FDLV', 'https://www.gomydefi.live/fdlv_integ/FORUM/fdlv_banniere/Acceuil_Organisation/fdlv_donnez_nous_avis.webp', 0x31, NULL);
INSERT INTO `forum_banniere` VALUES (61, 1, 'BUVETTE', 'fdlv_la_buvette', 'FDLV', 'https://www.gomydefi.live/fdlv_integ/FORUM/fdlv_banniere/Acceuil_Organisation/fdlv_la_buvette.webp', 0x31, NULL);
INSERT INTO `forum_banniere` VALUES (62, 1, 'APQUEST', 'fdlv_question_avant_partir', 'FDLV', 'https://www.gomydefi.live/fdlv_integ/FORUM/fdlv_banniere/Acceuil_Organisation/fdlv_question_avant_partir.webp', 0x31, NULL);
INSERT INTO `forum_banniere` VALUES (63, 13, 'DISCRIM', 'fdlv_discrimination', 'FDLV', 'https://www.gomydefi.live/fdlv_integ/FORUM/fdlv_banniere/Paroles/fdlv_discrimination.webp', 0x31, NULL);
INSERT INTO `forum_banniere` VALUES (64, 13, 'ALANGAGE', 'fdlv_les_langages_de_lamour', 'FDLV', 'https://www.gomydefi.live/fdlv_integ/FORUM/fdlv_banniere/Paroles/fdlv_les_langages_de_lamour.webp', 0x31, NULL);
INSERT INTO `forum_banniere` VALUES (65, 13, 'PMOTS', 'fdlv_les_poids_des_mots', 'FDLV', 'https://www.gomydefi.live/fdlv_integ/FORUM/fdlv_banniere/Paroles/fdlv_les_poids_des_mots.webp', 0x31, NULL);
INSERT INTO `forum_banniere` VALUES (66, 13, 'GMOTS', 'fdlv_mots_sont_des_graines', 'FDLV', 'https://www.gomydefi.live/fdlv_integ/FORUM/fdlv_banniere/Paroles/fdlv_mots_sont_des_graines.webp', 0x31, NULL);
INSERT INTO `forum_banniere` VALUES (67, 13, 'SPRECIEUX', 'fdlv_spectacle_tu_es_precieux', 'FDLV', 'https://www.gomydefi.live/fdlv_integ/FORUM/fdlv_banniere/Paroles/fdlv_spectacle_tu_es_precieux.webp', 0x31, NULL);
INSERT INTO `forum_banniere` VALUES (68, 13, 'SVAUX', 'fdlv_spectacle_tu_le_vaux_bien', 'FDLV', 'https://www.gomydefi.live/fdlv_integ/FORUM/fdlv_banniere/Paroles/fdlv_spectacle_tu_le_vaux_bien.webp', 0x31, NULL);
INSERT INTO `forum_banniere` VALUES (69, 14, 'CONDUITE', 'fdlv_bonne_conduite', 'FDLV', 'https://www.gomydefi.live/fdlv_integ/FORUM/fdlv_banniere/Securite/fdlv_bonne_conduite.webp', 0x31, NULL);
INSERT INTO `forum_banniere` VALUES (70, 14, 'CHOC', 'fdlv_choc', 'FDLV', 'https://www.gomydefi.live/fdlv_integ/FORUM/fdlv_banniere/Securite/fdlv_choc.webp', 0x31, NULL);
INSERT INTO `forum_banniere` VALUES (71, 14, 'MDANGER', 'fdlv_danger_maison', 'FDLV', 'https://www.gomydefi.live/fdlv_integ/FORUM/fdlv_banniere/Securite/fdlv_danger_maison.webp', 0x31, NULL);
INSERT INTO `forum_banniere` VALUES (72, 14, '1ERSEC', 'fdlv_premier_secours', 'FDLV', 'https://www.gomydefi.live/fdlv_integ/FORUM/fdlv_banniere/Securite/fdlv_premier_secours.webp', 0x31, NULL);
INSERT INTO `forum_banniere` VALUES (73, 14, 'RISQUE', 'fdlv_risque', 'FDLV', 'https://www.gomydefi.live/fdlv_integ/FORUM/fdlv_banniere/Securite/fdlv_risque.webp', 0x31, NULL);
INSERT INTO `forum_banniere` VALUES (74, 14, 'VTONNEAU', 'fdlv_voiture_tonneau', 'FDLV', 'https://www.gomydefi.live/fdlv_integ/FORUM/fdlv_banniere/Securite/fdlv_voiture_tonneau.webp', 0x31, NULL);
INSERT INTO `forum_banniere` VALUES (75, 15, 'BMIAM', 'fdlv_beurk_miam', 'FDLV', 'https://www.gomydefi.live/fdlv_integ/FORUM/fdlv_banniere/Stand_animation/fdlv_beurk_miam.webp', 0x31, NULL);
INSERT INTO `forum_banniere` VALUES (76, 15, 'BRICO', 'fdlv_bricolage', 'FDLV', 'https://www.gomydefi.live/fdlv_integ/FORUM/fdlv_banniere/Stand_animation/fdlv_bricolage.webp', 0x31, NULL);
INSERT INTO `forum_banniere` VALUES (77, 15, 'CHAMB', 'fdlv_chamboule_tout', 'FDLV', 'https://www.gomydefi.live/fdlv_integ/FORUM/fdlv_banniere/Stand_animation/fdlv_chamboule_tout.webp', 0x31, NULL);
INSERT INTO `forum_banniere` VALUES (78, 15, 'DESSIN', 'fdlv_dessine_moi', 'FDLV', 'https://www.gomydefi.live/fdlv_integ/FORUM/fdlv_banniere/Stand_animation/fdlv_dessine_moi.webp', 0x31, NULL);
INSERT INTO `forum_banniere` VALUES (79, 15, 'CIBLE', 'fdlv_la_cible', 'FDLV', 'https://www.gomydefi.live/fdlv_integ/FORUM/fdlv_banniere/Stand_animation/fdlv_la_cible.webp', 0x31, NULL);
INSERT INTO `forum_banniere` VALUES (80, 15, 'MAQUILL', 'fdlv_maquillage', 'FDLV', 'https://www.gomydefi.live/fdlv_integ/FORUM/fdlv_banniere/Stand_animation/fdlv_maquillage.webp', 0x31, NULL);
INSERT INTO `forum_banniere` VALUES (81, 15, 'RBOULE', 'fdlv_roule_boule', 'FDLV', 'https://www.gomydefi.live/fdlv_integ/FORUM/fdlv_banniere/Stand_animation/fdlv_roule_boule.webp', 0x31, NULL);
INSERT INTO `forum_banniere` VALUES (82, 15, 'SBALLON', 'fdlv_sculpture_ballons', 'FDLV', 'https://www.gomydefi.live/fdlv_integ/FORUM/fdlv_banniere/Stand_animation/fdlv_sculpture_ballons.webp', 0x31, NULL);
INSERT INTO `forum_banniere` VALUES (83, 15, 'TRESSE', 'fdlv_tresses_africaines', 'FDLV', 'https://www.gomydefi.live/fdlv_integ/FORUM/fdlv_banniere/Stand_animation/fdlv_tresses_africaines.webp', 0x31, NULL);
INSERT INTO `forum_banniere` VALUES (84, 16, 'FUMEE', 'fdlv_au_coeur_de_la_fumee', 'FDLV', 'https://www.gomydefi.live/fdlv_integ/FORUM/fdlv_banniere/Tabac_et_derives_inhales/fdlv_au_coeur_de_la_fumee.webp', 0x31, NULL);
INSERT INTO `forum_banniere` VALUES (85, 16, 'CANABIS', 'fdlv_cannabis', 'FDLV', 'https://www.gomydefi.live/fdlv_integ/FORUM/fdlv_banniere/Tabac_et_derives_inhales/fdlv_cannabis.webp', 0x31, NULL);
INSERT INTO `forum_banniere` VALUES (86, 16, 'CHICHA', 'fdlv_chicha', 'FDLV', 'https://www.gomydefi.live/fdlv_integ/FORUM/fdlv_banniere/Tabac_et_derives_inhales/fdlv_chicha.webp', 0x31, NULL);
INSERT INTO `forum_banniere` VALUES (87, 16, 'PFUMEUR', 'fdlv_gros_petit_fumeur', 'FDLV', 'https://www.gomydefi.live/fdlv_integ/FORUM/fdlv_banniere/Tabac_et_derives_inhales/fdlv_gros_petit_fumeur.webp', 0x31, NULL);
INSERT INTO `forum_banniere` VALUES (88, 16, 'RIRE', 'fdlv_proto_mourir_de_rire', 'FDLV', 'https://www.gomydefi.live/fdlv_integ/FORUM/fdlv_banniere/Tabac_et_derives_inhales/fdlv_proto_mourir_de_rire.webp', 0x31, NULL);
INSERT INTO `forum_banniere` VALUES (89, 16, 'SOUFFLE', 'fdlv_tester_votre_souffle', 'FDLV', 'https://www.gomydefi.live/fdlv_integ/FORUM/fdlv_banniere/Tabac_et_derives_inhales/fdlv_tester_votre_souffle.webp', 0x31, NULL);
INSERT INTO `forum_banniere` VALUES (90, 17, 'ACORPS', 'fdlv_anti_corps', 'FDLV', 'https://www.gomydefi.live/fdlv_integ/FORUM/fdlv_banniere/Virus_et_Bacteries/fdlv_anti_corps.webp', 0x31, NULL);
INSERT INTO `forum_banniere` VALUES (91, 17, 'AVIRUS', 'fdlv_anti_virus', 'FDLV', 'https://www.gomydefi.live/fdlv_integ/FORUM/fdlv_banniere/Virus_et_Bacteries/fdlv_anti_virus.webp', 0x31, NULL);
INSERT INTO `forum_banniere` VALUES (92, 17, 'GBARR', 'fdlv_gestes_barrieres', 'FDLV', 'https://www.gomydefi.live/fdlv_integ/FORUM/fdlv_banniere/Virus_et_Bacteries/fdlv_gestes_barrieres.webp', 0x31, NULL);
INSERT INTO `forum_banniere` VALUES (93, 17, 'TCOVID', 'fdlv_test_covid', 'FDLV', 'https://www.gomydefi.live/fdlv_integ/FORUM/fdlv_banniere/Virus_et_Bacteries/fdlv_test_covid.webp', 0x31, NULL);
INSERT INTO `forum_banniere` VALUES (94, 18, 'OREILLES', 'fdlv_attention_les_oreilles', 'FDLV', 'https://www.gomydefi.live/fdlv_integ/FORUM/fdlv_banniere/Virus_et_Bacteries/fdlv_test_covid.webp', 0x31, NULL);
INSERT INTO `forum_banniere` VALUES (95, 18, 'BEQUIL', 'fdlv_budget_en_equilibre', 'FDLV', 'https://www.gomydefi.live/fdlv_integ/FORUM/fdlv_banniere/Z_Autres/fdlv_budget_en_equilibre.webp', 0x31, NULL);
INSERT INTO `forum_banniere` VALUES (96, 18, 'ACCORD', 'fdlv_cest_daccord', 'FDLV', 'https://www.gomydefi.live/fdlv_integ/FORUM/fdlv_banniere/Z_Autres/fdlv_cest_daccord.webp', 0x31, NULL);
INSERT INTO `forum_banniere` VALUES (97, 18, 'DDIFF', 'fdlv_decrouvre_une_difference', 'FDLV', 'https://www.gomydefi.live/fdlv_integ/FORUM/fdlv_banniere/Z_Autres/fdlv_decrouvre_une_difference.webp', 0x31, NULL);
INSERT INTO `forum_banniere` VALUES (98, 18, 'MTHEATRE', 'fdlv_la_maison_du_theatre', 'FDLV', 'https://www.gomydefi.live/fdlv_integ/FORUM/fdlv_banniere/Z_Autres/fdlv_la_maison_du_theatre.webp', 0x31, NULL);
INSERT INTO `forum_banniere` VALUES (99, 18, 'CINE', 'fdlv_le_cinema', 'FDLV', 'https://www.gomydefi.live/fdlv_integ/FORUM/fdlv_banniere/Z_Autres/fdlv_le_cinema.webp', 0x31, NULL);
INSERT INTO `forum_banniere` VALUES (100, 18, 'AMIS', 'fdlv_nos_amis', 'FDLV', 'https://www.gomydefi.live/fdlv_integ/FORUM/fdlv_banniere/Z_Autres/fdlv_nos_amis.webp', 0x31, NULL);
INSERT INTO `forum_banniere` VALUES (101, 18, 'OLE', 'fdlv_danse', 'FDLV', 'https://www.gomydefi.live/fdlv_integ/FORUM/fdlv_banniere/Z_Autres/fdlv_ole.webp', 0x31, NULL);
INSERT INTO `forum_banniere` VALUES (125, 16, 'EXPLO_PROT', 'fdlv_Explo_proto', 'FDLV', 'https://www.gomydefi.live/fdlv_integ/FORUM/fdlv_banniere/Tabac_et_derives_inhales/fdlv_fdlv_Explo_proto.webp', 0x30, NULL);

-- ----------------------------
-- Table structure for forum_document
-- ----------------------------
CREATE TABLE `forum_document`  (
  `fdt_id` bigint NOT NULL AUTO_INCREMENT,
  `fdt_numero` decimal(4, 0) NULL DEFAULT NULL COMMENT 'Numéro séquentiel du document géré par l\'utilisateur',
  `fdt_libelle` varchar(255) CHARACTER SET utf8mb4 COLLATE utf8mb4_0900_ai_ci NULL DEFAULT NULL COMMENT 'Description du document',
  `fdt_reference` varchar(15) CHARACTER SET latin1 COLLATE latin1_swedish_ci NULL DEFAULT NULL COMMENT 'Référence du document composée de la concaténation de :\nfdt_date_document (sous format YYYYMMJJ)-fdt_id-fdt_numero-fdt_ffo_id-fdt_fse_id-fdt_fac_id-fdt_version_document).\nCette référence est générée automatiquement et non modifiable par l\'utilisateur\nSi les champs fdt_fse_id fdt_fac_id ne sont pas renseignés (non connus = NULL) alors mettre la valeur ZZ (structure et acteur à prévoir pour le rattachement du document)\n',
  `fdt_fse_id` bigint NULL DEFAULT NULL COMMENT 'Id de la Structure du document',
  `fdt_ftd_id` bigint NULL DEFAULT NULL COMMENT 'Référence le type du document ',
  `fdt_ffo_id` bigint NULL DEFAULT NULL COMMENT 'Référence l\'ID du Forum',
  `fdt_fac_id` bigint NULL DEFAULT NULL COMMENT 'Acteur responsable du document',
  `fdt_extension_doc` varchar(5) CHARACTER SET utf8mb4 COLLATE utf8mb4_0900_ai_ci NULL DEFAULT NULL COMMENT 'Extension du Document : .mp4, .mp3, .jpg, .jpeg, .png, .doc, .xls, .pdf., .txt, ',
  `fdt_document_url` varchar(255) CHARACTER SET utf8mb4 COLLATE utf8mb4_0900_ai_ci NULL DEFAULT NULL,
  `fdt_date_document` datetime NULL DEFAULT NULL,
  `fdt_version_document` varchar(20) CHARACTER SET utf8mb4 COLLATE utf8mb4_0900_ai_ci NULL DEFAULT '' COMMENT 'La version du document est fixée par l’utilisateur. La valeur par défaut est V00 (version de document de travail).',
  `fdt_niveau_diffusion` varchar(1) CHARACTER SET utf8mb4 COLLATE utf8mb4_0900_ai_ci NULL DEFAULT NULL COMMENT 'Niveau diffusion :\n1 = Document à diffuser uniquement en interne FDLV (Acteurs Niveau de responsabilité = 1)\n2 = Document à diffusion restreinte auprès de certaines structures/acteurs de niveau 2 (Acteurs Niveau de responsabilité 1 et 2)\n3 = Document à diffusion restreinte auprès de certaines structures/acteurs de niveau 3 (Acteurs Niveau de responsabilité 1, 2 et 3)\n4 = Document à diffusion restreinte auprès de certaines structures/acteurs de niveaux 4 (Acteurs Niveau de responsabilité 4)\n5 = Document à diffusion uniquement aux acteurs intervenant au sein du Forum et aux structures/acteurs de niveau 5 (Acteurs Niveau de responsabilité 5)\n9  = Document à diffuser au niveau tout public\n',
  `fdt_doc_valide` varchar(1) CHARACTER SET utf8mb4 COLLATE utf8mb4_0900_ai_ci NULL DEFAULT NULL COMMENT '= Oui si document validé pour diffusion sinon = Non',
  `fdt_commentaire` varchar(255) CHARACTER SET utf8mb4 COLLATE utf8mb4_0900_ai_ci NULL DEFAULT NULL,
  PRIMARY KEY (`fdt_id`) USING BTREE,
  INDEX `fk_fdt_fac_id`(`fdt_fac_id`) USING BTREE,
  INDEX `fk_fdt_ffo_id`(`fdt_ffo_id`) USING BTREE,
  INDEX `fk_fdt_fse_id`(`fdt_fse_id`) USING BTREE,
  INDEX `fk_fdt_ftd_id`(`fdt_ftd_id`) USING BTREE,
  CONSTRAINT `fk_fdt_fac_id` FOREIGN KEY (`fdt_fac_id`) REFERENCES `forum_acteur` (`fac_id`) ON DELETE RESTRICT ON UPDATE RESTRICT,
  CONSTRAINT `fk_fdt_ffo_id` FOREIGN KEY (`fdt_ffo_id`) REFERENCES `forum_fiche` (`ffo_id`) ON DELETE RESTRICT ON UPDATE RESTRICT,
  CONSTRAINT `fk_fdt_fse_id` FOREIGN KEY (`fdt_fse_id`) REFERENCES `forum_structure` (`fse_id`) ON DELETE RESTRICT ON UPDATE RESTRICT,
  CONSTRAINT `fk_fdt_ftd_id` FOREIGN KEY (`fdt_ftd_id`) REFERENCES `forum_type_document` (`ftd_id`) ON DELETE RESTRICT ON UPDATE RESTRICT
) ENGINE = InnoDB AUTO_INCREMENT = 1 CHARACTER SET = utf8mb4 COLLATE = utf8mb4_0900_ai_ci ROW_FORMAT = Dynamic TABLESPACE = `innodb_system`;

-- ----------------------------
-- Table structure for forum_fiche
-- ----------------------------
CREATE TABLE `forum_fiche`  (
  `ffo_id` bigint NOT NULL AUTO_INCREMENT,
  `ffo_num_forum` varchar(5) CHARACTER SET latin1 COLLATE latin1_swedish_ci NOT NULL COMMENT 'Numéro du Forum (Lg technique fixée à 5 caractères MAIS saisie dans le Front limitée à 3 Caractères)',
  `ffo_libelle` varchar(255) CHARACTER SET latin1 COLLATE latin1_swedish_ci NOT NULL COMMENT 'Libellé du Forum',
  `ffo_reference` varchar(25) CHARACTER SET latin1 COLLATE latin1_swedish_ci NOT NULL COMMENT 'Référence de la Fiche Forum composée de la concaténation de ffo_id-ffo_num_forum-ffo_cp-(3première lettres et deux dernières lettres de ffo_libelle).\r\nCette réréference est générée automatiquement et non modifiable par l\'utilsiateur (sauf changement d\'un de ces champs : champ de ffo_num_forum,  ffo_cp, ffo_libelle.)',
  `ffo_type_forum` varchar(10) CHARACTER SET latin1 COLLATE latin1_swedish_ci NOT NULL COMMENT 'Mini ou Grand',
  `ffo_slogan_forum` varchar(255) CHARACTER SET latin1 COLLATE latin1_swedish_ci NULL DEFAULT NULL COMMENT 'Slogan du Forum',
  `ffo_dd_evt` datetime NOT NULL COMMENT 'Date Début Evènement',
  `ffo_df_evt` datetime NULL DEFAULT NULL COMMENT 'Date Fin Evènement',
  `ffo_dd_resa` datetime NULL DEFAULT NULL COMMENT 'Date début réservation de la salle pour l\'Evènement. \r\nIls\'agit de la date de mise à disposition de la salle du Forum pour préaparer l\'organisation de l\'évènemen(b(livraison matériel, installation stand, etc ... )\r\n\r\nLa date de réservation doit être <= date de l\'évènement)\r\n',
  `ffo_df_resa` datetime NULL DEFAULT NULL COMMENT 'Date fin réservation de la salle pour l\'Evènement\r\n\r\nCette date doit être >= date de fin de l\'évènement ',
  `ffo_date_ouverture` date NULL DEFAULT NULL COMMENT 'date Ouverture du Forum',
  `ffo_heure_ouverture` time(6) NULL DEFAULT NULL COMMENT 'Heure Ouverture Forum _ Evènement',
  `ffo_date_fermeture` date NULL DEFAULT NULL COMMENT 'Date Fermeture Forum _ Evènement',
  `ffo_heure_fermeture` time(6) NULL DEFAULT NULL COMMENT 'Heure Fermeture Forum _ Evènement',
  `ffo_lieu_forum` varchar(50) CHARACTER SET latin1 COLLATE latin1_swedish_ci NULL DEFAULT NULL COMMENT 'Lieu du Forum (Nom de salle, ...)',
  `ffo_adresse_forum` varchar(100) CHARACTER SET latin1 COLLATE latin1_swedish_ci NULL DEFAULT NULL COMMENT 'Adresse du Forum',
  `ffo_cpl_adresse` varchar(255) CHARACTER SET latin1 COLLATE latin1_swedish_ci NULL DEFAULT NULL COMMENT 'Complément Adresse du Forum',
  `ffo_cp` varchar(6) CHARACTER SET latin1 COLLATE latin1_swedish_ci NULL DEFAULT NULL COMMENT 'Code Postal de la commune du Forum',
  `ffo_commune` varchar(255) CHARACTER SET latin1 COLLATE latin1_swedish_ci NULL DEFAULT NULL COMMENT 'Nom Commune',
  `ffo_desc_convention` varchar(100) CHARACTER SET latin1 COLLATE latin1_swedish_ci NULL DEFAULT NULL COMMENT 'Description du document de la convention liée au Forum',
  `ffo_convention_url` varchar(255) CHARACTER SET latin1 COLLATE latin1_swedish_ci NULL DEFAULT NULL COMMENT 'Lien du document de la convention\r\n\r\nURL du document de la convention\r\nLe nom du document de la convention sera composé de la concaténation des données suivantes : \"conv_\" ffo_reference',
  `ffo_valide` binary(1) NULL DEFAULT NULL COMMENT 'Valeur 1 = Actif / validé, 0 = Inactif / en attente de validation',
  `ffo_plan_forum_url` varchar(255) CHARACTER SET latin1 COLLATE latin1_swedish_ci NULL DEFAULT NULL COMMENT 'URL du plan du forum\r\nLe nom du plan du forum sera composé de la concaténation des données suivantes : \"plan_\" ffo_reference',
  `ffo_plan_salle` varchar(255) CHARACTER SET latin1 COLLATE latin1_swedish_ci NULL DEFAULT NULL COMMENT 'Description  du plan de la Salle',
  `ffo_commentaire` varchar(255) CHARACTER SET latin1 COLLATE latin1_swedish_ci NULL DEFAULT NULL,
  PRIMARY KEY (`ffo_id`) USING BTREE
) ENGINE = InnoDB AUTO_INCREMENT = 163 CHARACTER SET = latin1 COLLATE = latin1_swedish_ci ROW_FORMAT = Dynamic TABLESPACE = `innodb_system`;

-- ----------------------------
-- Table structure for forum_intervention_acteur
-- ----------------------------
CREATE TABLE `forum_intervention_acteur`  (
  `fin_id` bigint NOT NULL AUTO_INCREMENT,
  `fin_fac_id` bigint NOT NULL COMMENT 'id acteur',
  `fin_ffo_id` bigint NOT NULL COMMENT 'id forum',
  `fin_fra_id` bigint NULL DEFAULT NULL COMMENT 'Rôle de l\'acteur',
  `fin_fse_id` bigint NULL DEFAULT NULL COMMENT 'id structure de l\'acteur',
  `fin_fsi_id` bigint NULL DEFAULT NULL COMMENT 'Id Intervention de l\'acteur pour un n° de Stand',
  `fin_description` varchar(255) CHARACTER SET utf8mb4 COLLATE utf8mb4_0900_ai_ci NULL DEFAULT NULL COMMENT 'Description de l\'intervention',
  `fin_date_debut` date NULL DEFAULT NULL COMMENT 'date début validité',
  `fin_date_fin` date NULL DEFAULT NULL COMMENT 'date fin de validité',
  `fin_commentaire` varchar(255) CHARACTER SET utf8mb4 COLLATE utf8mb4_0900_ai_ci NULL DEFAULT NULL,
  `fin_charte_asso_signe` binary(1) NULL DEFAULT NULL COMMENT 'Oui / Non : Obligatoire pour tout intervenant dans le cadre du Forum',
  `fin_charte_asso_signe_date` datetime NULL DEFAULT NULL COMMENT 'Date Signature de la Charte de l\'Association',
  `fin_valide` binary(1) NOT NULL DEFAULT 0x30 COMMENT '1 = Intervention Validée, 0 Intervention non encore validée (valeur par défaut)',
  `fin_fsd_id` bigint NULL DEFAULT NULL,
  PRIMARY KEY (`fin_id`) USING BTREE,
  INDEX `fk_fin_fac_id`(`fin_fac_id`) USING BTREE,
  INDEX `fk_fin_ffo_id`(`fin_ffo_id`) USING BTREE,
  INDEX `fk_fin_fra_id`(`fin_fra_id`) USING BTREE,
  INDEX `fk_fin_fse_id`(`fin_fse_id`) USING BTREE,
  INDEX `fk_fin_fsi_id`(`fin_fsi_id`) USING BTREE,
  CONSTRAINT `fk_fin_fac_id` FOREIGN KEY (`fin_fac_id`) REFERENCES `forum_acteur` (`fac_id`) ON DELETE RESTRICT ON UPDATE RESTRICT,
  CONSTRAINT `fk_fin_ffo_id` FOREIGN KEY (`fin_ffo_id`) REFERENCES `forum_fiche` (`ffo_id`) ON DELETE RESTRICT ON UPDATE RESTRICT,
  CONSTRAINT `fk_fin_fra_id` FOREIGN KEY (`fin_fra_id`) REFERENCES `forum_role_acteur` (`fra_id`) ON DELETE RESTRICT ON UPDATE RESTRICT,
  CONSTRAINT `fk_fin_fse_id` FOREIGN KEY (`fin_fse_id`) REFERENCES `forum_structure` (`fse_id`) ON DELETE RESTRICT ON UPDATE RESTRICT,
  CONSTRAINT `fk_fin_fsi_id` FOREIGN KEY (`fin_fsi_id`) REFERENCES `forum_intervention_stand` (`fsi_id`) ON DELETE RESTRICT ON UPDATE RESTRICT
) ENGINE = InnoDB AUTO_INCREMENT = 191 CHARACTER SET = utf8mb4 COLLATE = utf8mb4_0900_ai_ci ROW_FORMAT = Dynamic TABLESPACE = `innodb_system`;

-- ----------------------------
-- Table structure for forum_intervention_stand
-- ----------------------------
CREATE TABLE `forum_intervention_stand`  (
  `fsi_id` bigint NOT NULL AUTO_INCREMENT,
  `fsi_ffo_id` bigint NOT NULL COMMENT 'id forum',
  `fsi_fsd_id` bigint NULL DEFAULT NULL COMMENT 'id du Stand -Champ abandonné - Non utilisé',
  `fsi_fsd_fss_id` bigint NULL DEFAULT NULL COMMENT 'id du Secteur stand',
  `fsi_num_stand` int NULL DEFAULT NULL COMMENT 'Numéro du Stand',
  `fsi_type_stand` varchar(50) CHARACTER SET utf8mb4 COLLATE utf8mb4_0900_ai_ci NULL DEFAULT NULL COMMENT 'Type de Stand - Saisie texte libre',
  `fsi_fsn_id` bigint NULL DEFAULT NULL COMMENT 'id structure responsable dans l\'intervention sur un Stand',
  `fsi_theme_stand` varchar(50) CHARACTER SET utf8mb4 COLLATE utf8mb4_0900_ai_ci NULL DEFAULT NULL COMMENT 'Thème bannière u du Stand - Saisie libre par l\'utilisateur',
  `fsi_ban_id` bigint NULL DEFAULT NULL COMMENT 'Id de la bannière du stand',
  `fsi_besoin_electricite` binary(1) NULL DEFAULT 0x30 COMMENT '1 = Oui, 0 = Non (valeur par défaut)',
  `fsi_pochette` varchar(255) CHARACTER SET utf8mb4 COLLATE utf8mb4_0900_ai_ci NULL DEFAULT NULL COMMENT 'Texte saisie libre',
  `fsi_description` varchar(255) CHARACTER SET utf8mb4 COLLATE utf8mb4_0900_ai_ci NULL DEFAULT NULL COMMENT 'Description de l\'intervention',
  `fsi_date_debut` date NULL DEFAULT NULL COMMENT 'date début validité',
  `fsi_date_fin` date NULL DEFAULT NULL COMMENT 'date fin de validité',
  `fsi_nb_personne` decimal(3, 0) NULL DEFAULT NULL,
  `fsi_presence` varchar(20) CHARACTER SET utf8mb4 COLLATE utf8mb4_0900_ai_ci NOT NULL COMMENT 'Valeurs possibles : Oui, Non En attente',
  `fsi_commentaire` varchar(255) CHARACTER SET utf8mb4 COLLATE utf8mb4_0900_ai_ci NULL DEFAULT NULL,
  PRIMARY KEY (`fsi_id`) USING BTREE,
  INDEX `fk_fsi_ffo_id`(`fsi_ffo_id`) USING BTREE,
  INDEX `fk_fsi_fse_id`(`fsi_fsn_id`) USING BTREE,
  INDEX `fk_fsi_fsd_id`(`fsi_fsd_id`) USING BTREE,
  INDEX `fk_fsi_fsb_id`(`fsi_ban_id`) USING BTREE,
  INDEX `fk_fsi_fth_id`(`fsi_theme_stand`) USING BTREE,
  CONSTRAINT `fk_fsi_ban_id` FOREIGN KEY (`fsi_ban_id`) REFERENCES `forum_banniere` (`ban_id`) ON DELETE RESTRICT ON UPDATE RESTRICT,
  CONSTRAINT `fk_fsi_ffo_id` FOREIGN KEY (`fsi_ffo_id`) REFERENCES `forum_fiche` (`ffo_id`) ON DELETE RESTRICT ON UPDATE RESTRICT,
  CONSTRAINT `fk_fsi_fsd_id` FOREIGN KEY (`fsi_fsd_id`) REFERENCES `forum_stand` (`fsd_id`) ON DELETE RESTRICT ON UPDATE RESTRICT,
  CONSTRAINT `fk_fsi_fsn_id` FOREIGN KEY (`fsi_fsn_id`) REFERENCES `forum_intervention_structure` (`fsn_id`) ON DELETE RESTRICT ON UPDATE RESTRICT
) ENGINE = InnoDB AUTO_INCREMENT = 170 CHARACTER SET = utf8mb4 COLLATE = utf8mb4_0900_ai_ci ROW_FORMAT = Dynamic TABLESPACE = `innodb_system`;

-- ----------------------------
-- Table structure for forum_intervention_structure
-- ----------------------------
CREATE TABLE `forum_intervention_structure`  (
  `fsn_id` bigint NOT NULL AUTO_INCREMENT,
  `fsn_ffo_id` bigint NOT NULL COMMENT 'Id du Forum concerné',
  `fsn_fse_id` bigint NOT NULL COMMENT 'Id de la Structure intervenant dans le cadre du forum',
  `fsn_fro_id` bigint NULL DEFAULT NULL COMMENT 'Id du rôle de la structure',
  `fsn_fsd_id` bigint NULL DEFAULT NULL COMMENT 'Id du Stand concerné',
  `fsn_ban_id` bigint NULL DEFAULT NULL COMMENT 'Id de la Bannière utilisée dans le Stand',
  `fsn_description` varchar(255) CHARACTER SET utf8mb4 COLLATE utf8mb4_0900_ai_ci NULL DEFAULT NULL COMMENT 'Description de l\'intervention',
  `fsn_convention_signe` varchar(3) CHARACTER SET utf8mb4 COLLATE utf8mb4_0900_ai_ci NULL DEFAULT NULL COMMENT 'Oui Non ',
  `fsn_date_convention_signe` datetime NULL DEFAULT NULL COMMENT 'Date signature de la convention',
  `fsn_date_relance_01` datetime NULL DEFAULT NULL COMMENT 'Date 01 relance pour signature',
  `fsn_date_relance_02` datetime NULL DEFAULT NULL COMMENT 'Date 02 relance pour signature',
  `fsn_date_relance_03` datetime NULL DEFAULT NULL COMMENT 'Date 03 relance pour signature',
  `fsn_date_relance_04` datetime NULL DEFAULT NULL COMMENT 'Date 04 relance pour signature',
  `fsn_date_relance_05` datetime NULL DEFAULT NULL COMMENT 'Date 05 relance pour signature',
  `fsn_commentaire` varchar(255) CHARACTER SET utf8mb4 COLLATE utf8mb4_0900_ai_ci NULL DEFAULT NULL,
  `fsn_fsi_id` bigint NULL DEFAULT NULL COMMENT 'id intervention stand',
  PRIMARY KEY (`fsn_id`) USING BTREE,
  INDEX `fk_fsn_ffo_id`(`fsn_ffo_id`) USING BTREE,
  INDEX `fk_fsn_fro_id`(`fsn_fro_id`) USING BTREE,
  INDEX `fk_fsn_fse_id`(`fsn_fse_id`) USING BTREE,
  INDEX `fk_fsn_fsd_id`(`fsn_fsd_id`) USING BTREE,
  INDEX `fk_fsn_ban_id`(`fsn_ban_id`) USING BTREE,
  INDEX `fsn_fk_fsi_id`(`fsn_fsi_id`) USING BTREE,
  CONSTRAINT `fk_fsn_ban_id` FOREIGN KEY (`fsn_ban_id`) REFERENCES `forum_banniere` (`ban_id`) ON DELETE RESTRICT ON UPDATE RESTRICT,
  CONSTRAINT `fk_fsn_ffo_id` FOREIGN KEY (`fsn_ffo_id`) REFERENCES `forum_fiche` (`ffo_id`) ON DELETE RESTRICT ON UPDATE RESTRICT,
  CONSTRAINT `fk_fsn_fro_id` FOREIGN KEY (`fsn_fro_id`) REFERENCES `forum_role_structure` (`fro_id`) ON DELETE RESTRICT ON UPDATE RESTRICT,
  CONSTRAINT `fk_fsn_fsd_id` FOREIGN KEY (`fsn_fsd_id`) REFERENCES `forum_stand` (`fsd_id`) ON DELETE RESTRICT ON UPDATE RESTRICT,
  CONSTRAINT `fk_fsn_fse_id` FOREIGN KEY (`fsn_fse_id`) REFERENCES `forum_structure` (`fse_id`) ON DELETE RESTRICT ON UPDATE RESTRICT,
  CONSTRAINT `fsn_fk_fsi_id` FOREIGN KEY (`fsn_fsi_id`) REFERENCES `forum_intervention_stand` (`fsi_id`) ON DELETE RESTRICT ON UPDATE RESTRICT
) ENGINE = InnoDB AUTO_INCREMENT = 104 CHARACTER SET = utf8mb4 COLLATE = utf8mb4_0900_ai_ci ROW_FORMAT = Dynamic TABLESPACE = `innodb_system`;

-- ----------------------------
-- Table structure for forum_module_applicatif
-- ----------------------------
CREATE TABLE `forum_module_applicatif`  (
  `fam_id` bigint NOT NULL AUTO_INCREMENT,
  `fam_code_module` varchar(20) CHARACTER SET utf8mb4 COLLATE utf8mb4_0900_ai_ci NULL DEFAULT NULL COMMENT 'Code Module applicatif',
  `fam_module` varchar(255) CHARACTER SET utf8mb4 COLLATE utf8mb4_0900_ai_ci NULL DEFAULT NULL COMMENT 'Libellé du module applicatif',
  PRIMARY KEY (`fam_id`) USING BTREE
) ENGINE = InnoDB AUTO_INCREMENT = 103 CHARACTER SET = utf8mb4 COLLATE = utf8mb4_0900_ai_ci ROW_FORMAT = Dynamic;

-- ----------------------------
-- Records of forum_module_applicatif
-- ----------------------------
INSERT INTO `forum_module_applicatif` VALUES (1, 'NR', 'Non Renseigné');
INSERT INTO `forum_module_applicatif` VALUES (2, 'FOR', 'Forum');
INSERT INTO `forum_module_applicatif` VALUES (3, 'STA', 'Stand');
INSERT INTO `forum_module_applicatif` VALUES (4, 'ACT', 'Acteur');
INSERT INTO `forum_module_applicatif` VALUES (5, 'STR', 'Structure');
INSERT INTO `forum_module_applicatif` VALUES (6, 'PLA', 'Plannings');
INSERT INTO `forum_module_applicatif` VALUES (7, 'DOC', 'Documents');
INSERT INTO `forum_module_applicatif` VALUES (8, 'HAB', 'Habilitations');
INSERT INTO `forum_module_applicatif` VALUES (88, 'REF', 'Référentiel');

-- ----------------------------
-- Table structure for forum_niv_resp_str
-- ----------------------------
CREATE TABLE `forum_niv_resp_str`  (
  `fnr_id` bigint NOT NULL DEFAULT 0,
  `fnr_niv_resp_str` char(2) CHARACTER SET latin1 COLLATE latin1_swedish_ci NULL DEFAULT NULL COMMENT 'Le Niveau de responsabilité définit le type de communication pour les interventions et des actions à effectuer au sein du Forum\n\r\n0 = Non Renseigné\r\n1 = Action à diffuser uniquement en interne FDLV\n2 = Action à diffusion restreinte auprès de certaines structures/acteurs de niveau \r\n2 (structure financier du Forum)\n\r\n3 = Action à diffusion restreinte auprès de certaines structures/acteurs de niveau 3 (structure intervenant dans l’organisation d’un Forum)\n\r\n4 = Action à diffusion restreinte auprès de certaines structures/acteurs de niveaux 2 et 3\n\r\n5 = Action à diffusion uniquement aux acteurs intervenant au sein du Forum et aux structures/acteurs de niveau 2 et 3\n9 = Action à diffuser au niveau tout public\r\n\r\nSi non renseigné (Valeur NULL), la structure n\'est concernée par aucune action spécifique ..',
  `fnr_libelle` varchar(100) CHARACTER SET utf8mb4 COLLATE utf8mb4_0900_ai_ci NULL DEFAULT NULL
) ENGINE = InnoDB CHARACTER SET = latin1 COLLATE = latin1_swedish_ci ROW_FORMAT = Dynamic TABLESPACE = `innodb_system`;

-- ----------------------------
-- Table structure for forum_planning_action
-- ----------------------------
CREATE TABLE `forum_planning_action`  (
  `fpa_id` bigint NOT NULL AUTO_INCREMENT,
  `fpa_ffo_id` bigint NOT NULL COMMENT 'Référence du la fiche du Forum',
  `fpa_type_organisation` varchar(255) CHARACTER SET utf8mb4 COLLATE utf8mb4_0900_ai_ci NOT NULL COMMENT 'Type de l\'organisation (Installation, Décoration, jour Evt, Accueil, ..)',
  `fpa_reference` varchar(15) CHARACTER SET utf8mb4 COLLATE utf8mb4_0900_ai_ci NOT NULL COMMENT 'Référence du planning composée de fpa_date_action (sous format YYYYMMJJ)-fpa_ffo_id-fpa-fse_id-fpa_id-fpa_fac_id',
  `fpa_fac_id_responsable` bigint NOT NULL COMMENT 'Acteur / Structure reponsable du planning',
  `fpa_fac_id` bigint NULL DEFAULT NULL COMMENT 'Acteur / Structure rconcernée par l\'action à effectuer',
  `fpa_fsd_id` bigint NULL DEFAULT NULL COMMENT 'Id du Stand concerné par l\'action',
  `fpa_ban_id` bigint NULL DEFAULT NULL COMMENT 'id de la bannière à afficher par stand',
  `fpa_action` varchar(255) CHARACTER SET utf8mb4 COLLATE utf8mb4_0900_ai_ci NOT NULL COMMENT 'Action à effectuer (Ouverture portes, installation, ..)',
  `fpa_niveau_diffusion` varchar(1) CHARACTER SET utf8mb4 COLLATE utf8mb4_0900_ai_ci NULL DEFAULT NULL COMMENT 'Niveau Diffusion :\n1 = Action à diffuser uniquement en interne FDLV (Acteurs Niveau de responsabilité = 1)\n2 = Action à diffusion restreinte auprès de certaines structures/acteurs de niveau 2 (Acteurs Niveau de responsabilité 1 et 2)\n3 = Action à diffusion restreinte auprès de certaines structures/acteurs de niveau 3 (Acteurs Niveau de responsabilité 1, 2 et 3)\n4 = Action à diffusion restreinte auprès de certaines structures/acteurs de niveaux 4 (Acteurs Niveau de responsabilité 4)\n5 = Action à diffusion uniquement aux acteurs intervenant au sein du Forum et aux structures/acteurs de niveau 5 (Acteurs Niveau de responsabilité 5)\n9  = Action à diffuser au niveau tout public\n',
  `fpa_retro_action` varchar(255) CHARACTER SET utf8mb4 COLLATE utf8mb4_0900_ai_ci NULL DEFAULT NULL COMMENT 'Période du Retroplanning de l\'action :\nExemple :\nM-1 : mail à envoyer aux bénévoles FDLV pour ....\n J-21 : Rappel : Affichage magasins\n(J-10) rappel : Tractage toutes boîtes\nS-1 :Rappel vérification matériel spécifique  Installation - décoration\n',
  `fpa_date_action` date NULL DEFAULT NULL,
  `fpa_heure_debut` time(6) NULL DEFAULT NULL COMMENT 'Heure début Action',
  `fpa_heure_fin` time(6) NULL DEFAULT NULL COMMENT 'Heure fin Action',
  `fpa_ligne1` varchar(255) CHARACTER SET utf8mb4 COLLATE utf8mb4_0900_ai_ci NULL DEFAULT NULL COMMENT 'Commentaire et précisions',
  `fpa_ligne2` varchar(255) CHARACTER SET utf8mb4 COLLATE utf8mb4_0900_ai_ci NULL DEFAULT NULL,
  `fpa_ligne3` varchar(255) CHARACTER SET utf8mb4 COLLATE utf8mb4_0900_ai_ci NULL DEFAULT NULL,
  `fpa_valide` varchar(1) CHARACTER SET utf8mb4 COLLATE utf8mb4_0900_ai_ci NULL DEFAULT NULL COMMENT 'Valeur 1 = Actif / validé, 0 = Inactif / en attente de validation',
  PRIMARY KEY (`fpa_id`) USING BTREE,
  INDEX `fk_fma_fac_id`(`fpa_fac_id`) USING BTREE,
  INDEX `fk_fpa_fac_id_responsable`(`fpa_fac_id_responsable`) USING BTREE,
  INDEX `fk_fpa_ffo_id`(`fpa_ffo_id`) USING BTREE,
  INDEX `fk_fpa_fsd_id`(`fpa_fsd_id`) USING BTREE,
  INDEX `fk_fpa_ban_id`(`fpa_ban_id`) USING BTREE,
  CONSTRAINT `fk_fma_fac_id` FOREIGN KEY (`fpa_fac_id`) REFERENCES `forum_acteur` (`fac_id`) ON DELETE RESTRICT ON UPDATE RESTRICT,
  CONSTRAINT `fk_fpa_ban_id` FOREIGN KEY (`fpa_ban_id`) REFERENCES `forum_banniere` (`ban_id`) ON DELETE RESTRICT ON UPDATE RESTRICT,
  CONSTRAINT `fk_fpa_fac_id_responsable` FOREIGN KEY (`fpa_fac_id_responsable`) REFERENCES `forum_acteur` (`fac_id`) ON DELETE RESTRICT ON UPDATE RESTRICT,
  CONSTRAINT `fk_fpa_ffo_id` FOREIGN KEY (`fpa_ffo_id`) REFERENCES `forum_fiche` (`ffo_id`) ON DELETE RESTRICT ON UPDATE RESTRICT,
  CONSTRAINT `fk_fpa_fsd_id` FOREIGN KEY (`fpa_fsd_id`) REFERENCES `forum_stand` (`fsd_id`) ON DELETE RESTRICT ON UPDATE RESTRICT
) ENGINE = InnoDB AUTO_INCREMENT = 1 CHARACTER SET = utf8mb4 COLLATE = utf8mb4_0900_ai_ci ROW_FORMAT = Dynamic TABLESPACE = `innodb_system`;

-- ----------------------------
-- Table structure for forum_role_acteur
-- ----------------------------
CREATE TABLE `forum_role_acteur`  (
  `fra_id` bigint NOT NULL AUTO_INCREMENT,
  `fra_code_rôle_acteur` varchar(10) CHARACTER SET utf8mb4 COLLATE utf8mb4_0900_ai_ci NOT NULL,
  `fra_role_acteur` varchar(255) CHARACTER SET utf8mb4 COLLATE utf8mb4_0900_ai_ci NOT NULL,
  PRIMARY KEY (`fra_id`) USING BTREE
) ENGINE = InnoDB AUTO_INCREMENT = 39 CHARACTER SET = utf8mb4 COLLATE = utf8mb4_0900_ai_ci ROW_FORMAT = Dynamic;

-- ----------------------------
-- Records of forum_role_acteur
-- ----------------------------
INSERT INTO `forum_role_acteur` VALUES (1, 'NR', 'Non Renseigné');
INSERT INTO `forum_role_acteur` VALUES (2, 'STRRESP', 'Responsable');
INSERT INTO `forum_role_acteur` VALUES (3, 'STRORG', 'Coordinateur');
INSERT INTO `forum_role_acteur` VALUES (4, 'RESSTA', 'Responsable de Stand');
INSERT INTO `forum_role_acteur` VALUES (5, 'BASTA', 'Bénévole Animateur Stand');
INSERT INTO `forum_role_acteur` VALUES (6, 'BLOG', 'Bénévole Logistique');
INSERT INTO `forum_role_acteur` VALUES (9, 'Autre', 'Autre intervenant ');

-- ----------------------------
-- Table structure for forum_role_structure
-- ----------------------------
CREATE TABLE `forum_role_structure`  (
  `fro_id` bigint NOT NULL AUTO_INCREMENT,
  `fro_code` varchar(10) CHARACTER SET utf8mb4 COLLATE utf8mb4_0900_ai_ci NOT NULL COMMENT 'Code Rôle de la Structure qui intervient',
  `fro_role` varchar(255) CHARACTER SET utf8mb4 COLLATE utf8mb4_0900_ai_ci NOT NULL COMMENT 'Rôle de la Structure qui intervient (Structure Acceuillante, ...)',
  PRIMARY KEY (`fro_id`) USING BTREE
) ENGINE = InnoDB AUTO_INCREMENT = 46 CHARACTER SET = utf8mb4 COLLATE = utf8mb4_0900_ai_ci ROW_FORMAT = Dynamic;

-- ----------------------------
-- Records of forum_role_structure
-- ----------------------------
INSERT INTO `forum_role_structure` VALUES (1, 'NR', 'Non Renseigné');
INSERT INTO `forum_role_structure` VALUES (2, 'ORG', 'Structure FDLV ');
INSERT INTO `forum_role_structure` VALUES (3, 'ACC', 'Structure Accueillante');
INSERT INTO `forum_role_structure` VALUES (4, 'PAR', 'Structure Partenaire');
INSERT INTO `forum_role_structure` VALUES (5, 'PUB', 'Structure publicitaire, marketing');
INSERT INTO `forum_role_structure` VALUES (6, 'LOG', 'Structure Logistique');

-- ----------------------------
-- Table structure for forum_stand
-- ----------------------------
CREATE TABLE `forum_stand`  (
  `fsd_id` bigint NOT NULL AUTO_INCREMENT,
  `fsd_fss_id` bigint NOT NULL COMMENT 'Id du Secteur du Stand',
  `fsd_stand_physique` varchar(3) CHARACTER SET utf8mb4 COLLATE utf8mb4_0900_ai_ci NOT NULL COMMENT 'Oui = Stand Physique / Non = Présence uniquement sans besoin de Stand physique',
  `fsd_libelle` varchar(255) CHARACTER SET utf8mb4 COLLATE utf8mb4_0900_ai_ci NOT NULL COMMENT 'Libellé du Stand',
  `fsd_reference` varchar(15) CHARACTER SET latin1 COLLATE latin1_swedish_ci NULL DEFAULT NULL COMMENT 'Référence du stand composée de la concaténation de \r\n- fsd_id (Id Stand)_\r\n- fsd_fss_id (Id Secteur Stand)_\r\n- fsd_stand_physique_\r\n-(5 premières lettres de fsd_libelle)). \r\n\r\nCette référence est générée automatiquement et non modifiable par l\'utilisateur',
  `fsd_matériel` varchar(255) CHARACTER SET utf8mb4 COLLATE utf8mb4_0900_ai_ci NULL DEFAULT NULL,
  `fsd_observation` varchar(255) CHARACTER SET utf8mb4 COLLATE utf8mb4_0900_ai_ci NULL DEFAULT NULL,
  `fsd_besoin_electricite` varchar(3) CHARACTER SET utf8mb4 COLLATE utf8mb4_0900_ai_ci NULL DEFAULT NULL COMMENT 'Oui/Non',
  `fsd_commentaire` varchar(255) CHARACTER SET utf8mb4 COLLATE utf8mb4_0900_ai_ci NULL DEFAULT NULL,
  PRIMARY KEY (`fsd_id`) USING BTREE,
  INDEX `fk_fsd_fts_id`(`fsd_fss_id`) USING BTREE,
  CONSTRAINT `fk_fsd_fts_id` FOREIGN KEY (`fsd_fss_id`) REFERENCES `forum_stand_secteur` (`fss_id`) ON DELETE RESTRICT ON UPDATE RESTRICT
) ENGINE = InnoDB AUTO_INCREMENT = 96 CHARACTER SET = utf8mb4 COLLATE = utf8mb4_0900_ai_ci ROW_FORMAT = Dynamic TABLESPACE = `innodb_system`;

-- ----------------------------
-- Records of forum_stand
-- ----------------------------
INSERT INTO `forum_stand` VALUES (1, 5, 'Non', 'Pôle accueil', '1_5_Non_Pôle ', NULL, NULL, 'Non', NULL);
INSERT INTO `forum_stand` VALUES (2, 5, 'non', 'Atelier Bien-être ', '2-1-non-ateli', NULL, NULL, 'Non', NULL);
INSERT INTO `forum_stand` VALUES (3, 5, 'non', 'Tombola / Chance', '3-1-non-tombo', NULL, NULL, 'Oui', NULL);
INSERT INTO `forum_stand` VALUES (4, 5, 'non', 'Lots et cadeaux ', '4-1-non-lots', NULL, NULL, 'Non', NULL);
INSERT INTO `forum_stand` VALUES (5, 5, 'non', 'Questions en sortant', '5-1-non-quest', NULL, NULL, 'Non', NULL);
INSERT INTO `forum_stand` VALUES (6, 5, 'Non', 'Sonorisation', '6_2_Non_Sonor', NULL, NULL, 'Non', NULL);
INSERT INTO `forum_stand` VALUES (7, 5, 'Non', 'Buvette ', '7_2_Non_Buvet', NULL, NULL, 'Non', NULL);
INSERT INTO `forum_stand` VALUES (8, 5, 'Oui', 'Repas', '8-1-oui-repas', NULL, NULL, 'Non', NULL);
INSERT INTO `forum_stand` VALUES (9, 5, 'Non', 'Installation', '9_2_Non_Insta', NULL, NULL, 'Non', NULL);
INSERT INTO `forum_stand` VALUES (10, 2, 'Oui', 'Alcool ', '10-2-oui-alcoo', NULL, NULL, 'Non', NULL);
INSERT INTO `forum_stand` VALUES (11, 2, 'Oui', 'Sécurité routière', '11-2-oui-secur', NULL, NULL, 'Non', NULL);
INSERT INTO `forum_stand` VALUES (12, 2, 'Oui', 'Tabac ', '12-2-oui-tabac', NULL, NULL, 'Non', NULL);
INSERT INTO `forum_stand` VALUES (13, 2, 'Oui', 'Testez votre souffle ', '13-2-oui-teste', NULL, NULL, 'Non', NULL);
INSERT INTO `forum_stand` VALUES (14, 2, 'Oui', 'Estime de soi', '14-2-oui-estim', NULL, NULL, 'Non', NULL);
INSERT INTO `forum_stand` VALUES (15, 2, 'Oui', 'Eco responsable', '15-2-oui-ecor', NULL, NULL, 'Non', NULL);
INSERT INTO `forum_stand` VALUES (16, 2, 'Oui', 'Ecran / Numériques', '16-2-oui-ecran', NULL, NULL, 'Non', NULL);
INSERT INTO `forum_stand` VALUES (17, 2, 'Oui', '1er secours', '17-2-oui-1ers', NULL, NULL, 'Non', NULL);
INSERT INTO `forum_stand` VALUES (18, 2, 'Oui', 'Santé sport ', '18-2-oui-sante', NULL, NULL, 'Non', NULL);
INSERT INTO `forum_stand` VALUES (19, 2, 'Oui', 'Parentalité ', '19-2-oui-paren', NULL, NULL, 'Non', NULL);
INSERT INTO `forum_stand` VALUES (20, 2, 'Non', 'Handicap', '20_3_Non_Handi', NULL, NULL, 'Non', NULL);
INSERT INTO `forum_stand` VALUES (21, 2, 'Oui', 'Santé bien être ', '21-2-oui-sante', NULL, NULL, 'Non', NULL);
INSERT INTO `forum_stand` VALUES (22, 3, 'Oui', 'Rouler Bouler', '22-3-oui-roule', NULL, NULL, 'Non', NULL);
INSERT INTO `forum_stand` VALUES (23, 3, 'Oui', 'Chamboule Tout', '23-3-oui-chamb', NULL, NULL, 'Non', NULL);
INSERT INTO `forum_stand` VALUES (24, 3, 'Oui', 'La cible ', '24-3-oui-lac', NULL, NULL, 'Non', NULL);
INSERT INTO `forum_stand` VALUES (25, 3, 'Oui', 'Dessine moi ', '25-3-oui-dessi', NULL, NULL, 'Non', NULL);
INSERT INTO `forum_stand` VALUES (26, 3, 'Oui', 'Maquillage ', '26-3-oui-maqui', NULL, NULL, 'Non', NULL);
INSERT INTO `forum_stand` VALUES (27, 3, 'Oui', 'Sculpture de ballons ', '27-3-oui-sculp', NULL, NULL, 'Non', NULL);
INSERT INTO `forum_stand` VALUES (28, 3, 'Oui', 'Mini Gym ', '28-3-oui-mini', NULL, NULL, 'Non', NULL);
INSERT INTO `forum_stand` VALUES (29, 3, 'Oui', 'Beuurk Miaamm ', '29-3-oui-beuur', NULL, NULL, 'Non', NULL);
INSERT INTO `forum_stand` VALUES (30, 3, 'Oui', 'Bricolage ', '30-3-oui-brico', NULL, NULL, 'Non', NULL);
INSERT INTO `forum_stand` VALUES (31, 4, 'Non', 'Dance  ', '31-4-non-dance', NULL, NULL, 'Non', NULL);
INSERT INTO `forum_stand` VALUES (32, 4, 'Non', 'Contes', '32-4-non-conte', NULL, NULL, 'Non', NULL);
INSERT INTO `forum_stand` VALUES (33, 4, 'Non', 'Clown', '33-4-non-clown', NULL, NULL, 'Non', NULL);
INSERT INTO `forum_stand` VALUES (34, 4, 'Non', 'Conférence', '34-4-non-confe', NULL, NULL, 'Non', NULL);
INSERT INTO `forum_stand` VALUES (35, 4, 'Non', 'Marionnette', '35_5_Non_Mario', NULL, NULL, 'Non', NULL);
INSERT INTO `forum_stand` VALUES (36, 4, 'Non', 'Mascotte', '36-4-non-masco', NULL, NULL, 'Non', NULL);
INSERT INTO `forum_stand` VALUES (37, 4, 'Non', 'Sketch', '37-4-non-sketc', NULL, NULL, 'Non', NULL);
INSERT INTO `forum_stand` VALUES (38, 4, 'Non', 'Speaker', '38_5_Non_Speak', NULL, NULL, 'Non', NULL);
INSERT INTO `forum_stand` VALUES (39, 4, 'Non', 'Spectacle', '39-4-non-spect', NULL, NULL, 'Non', NULL);
INSERT INTO `forum_stand` VALUES (40, 4, 'Non', 'Sport', '40-4-non-sport', NULL, NULL, 'Non', NULL);
INSERT INTO `forum_stand` VALUES (41, 4, 'Non', 'Théâtre', '41-4-non-theat', NULL, NULL, 'Non', NULL);
INSERT INTO `forum_stand` VALUES (42, 4, 'Non', 'Autre', '42_5_Non_Autre', NULL, NULL, 'Non', NULL);
INSERT INTO `forum_stand` VALUES (58, 20, 'Oui', 'Sommeil', '57_1_Non_Somm', NULL, NULL, 'Non', NULL);
INSERT INTO `forum_stand` VALUES (59, 20, 'Oui', 'Info thématiques', '57_1_Non_Info', NULL, NULL, 'Non', NULL);
INSERT INTO `forum_stand` VALUES (60, 20, 'Oui', 'Nutrissimo', '57_1_Non_Nutr', NULL, NULL, 'Non', NULL);
INSERT INTO `forum_stand` VALUES (61, 20, 'Oui', 'Les Mots SOnt des Graines', '57_1_Non_Mots', NULL, NULL, 'Non', NULL);
INSERT INTO `forum_stand` VALUES (62, 20, 'Oui', 'Ancrage historique', '57_1_Non_Ancra', NULL, NULL, 'Non', NULL);
INSERT INTO `forum_stand` VALUES (63, 20, 'Oui', 'Surendettement', '57_1_Non_Endet', NULL, NULL, 'Non', NULL);
INSERT INTO `forum_stand` VALUES (64, 20, 'Oui', 'Les 1000 premiers JOurs', '57_1_Non_1000', NULL, NULL, 'Non', NULL);
INSERT INTO `forum_stand` VALUES (65, 20, 'Oui', 'Ecrivain Public', '57_1_Non_Ecriv', NULL, NULL, 'Non', NULL);
INSERT INTO `forum_stand` VALUES (66, 20, 'Oui', 'Grimage', '57_1_Non_Grim', NULL, NULL, 'Non', NULL);
INSERT INTO `forum_stand` VALUES (67, 20, 'Oui', 'ZUMBA', '57_1_Non_Zumba', NULL, NULL, 'Non', NULL);
INSERT INTO `forum_stand` VALUES (68, 20, 'Oui', 'Je like et je gagne', '57_1_Non_Like', NULL, NULL, 'Non', NULL);

-- ----------------------------
-- Table structure for forum_stand_secteur
-- ----------------------------
CREATE TABLE `forum_stand_secteur`  (
  `fss_id` bigint NOT NULL AUTO_INCREMENT,
  `fss_code_secteur` varchar(3) CHARACTER SET latin1 COLLATE latin1_swedish_ci NOT NULL COMMENT 'Code secteur du Stand du Forum (Prévention, Animation, Démonstration, Organisation, etc ...)',
  `fss_libelle` varchar(255) CHARACTER SET latin1 COLLATE latin1_swedish_ci NOT NULL COMMENT 'Libellé du Thème du Stand du Forum (Prévention, Animation, Démonstration, Organisation, etc ...)',
  `fss_couleur_secteur` varchar(50) CHARACTER SET latin1 COLLATE latin1_swedish_ci NULL DEFAULT NULL COMMENT 'Choix couleur du secteur du Satnd',
  `fss_ordre` decimal(2, 0) NULL DEFAULT NULL COMMENT 'Priorité d\'affichage et d\'extraction pour les Forums',
  PRIMARY KEY (`fss_id`) USING BTREE
) ENGINE = InnoDB AUTO_INCREMENT = 28 CHARACTER SET = latin1 COLLATE = latin1_swedish_ci ROW_FORMAT = Dynamic;

-- ----------------------------
-- Records of forum_stand_secteur
-- ----------------------------
INSERT INTO `forum_stand_secteur` VALUES (1, 'NR', 'Non Renseigné', NULL, NULL);
INSERT INTO `forum_stand_secteur` VALUES (2, 'PRE', 'Prévention', 'LAVENDER', 1);
INSERT INTO `forum_stand_secteur` VALUES (3, 'ANI', 'Animation', 'LIGHT_ORANGE', 2);
INSERT INTO `forum_stand_secteur` VALUES (4, 'INT', 'Intervenants', 'LIGHT_YELLOW', 3);
INSERT INTO `forum_stand_secteur` VALUES (5, 'ORG', 'Organisation', 'PALE_BLUE', 4);
INSERT INTO `forum_stand_secteur` VALUES (20, 'DIV', 'Divers / Autres', 'GREY_25_PERCENT', 9);

-- ----------------------------
-- Table structure for forum_structure
-- ----------------------------
CREATE TABLE `forum_structure`  (
  `fse_id` bigint NOT NULL AUTO_INCREMENT,
  `fse_code` varchar(10) CHARACTER SET utf8mb4 COLLATE utf8mb4_0900_ai_ci NOT NULL COMMENT 'Code Structure _ Organisation\r\n= FDLV si la structure est l\'association FDLV',
  `fse_libelle` varchar(255) CHARACTER SET utf8mb4 COLLATE utf8mb4_0900_ai_ci NOT NULL COMMENT 'Nom _ Libellé Structure',
  `fse_reference` varchar(30) CHARACTER SET latin1 COLLATE latin1_swedish_ci NOT NULL COMMENT 'Référence de la structure composée de la concaténation de fse_id-fse_code_structure_fse_cp_commune-(5 premières lettres de fse_libelle_structure). Cette référence est générée automatiquement et non modifiable par l\'utilisateur (sauf changement d\'un de ces champs : champ de ffo_num_forum, ffo_cp, ffo_libelle.)',
  `fse_niveau_responsabilite` bigint NULL DEFAULT 0 COMMENT 'Le Niveau de responsabilité définit le type de communication pour les interventions et des actions à effectuer au sein du Forum\n\r\n0 = Non Renseigné\r\n1 = Action à diffuser uniquement en interne FDLV\n2 = Action à diffusion restreinte auprès de certaines structures/acteurs de niveau \r\n2 (structure financier du Forum)\n\r\n3 = Action à diffusion restreinte auprès de certaines structures/acteurs de niveau 3 (structure intervenant dans l’organisation d’un Forum)\n\r\n4 = Action à diffusion restreinte auprès de certaines structures/acteurs de niveaux 2 et 3\n\r\n5 = Action à diffusion uniquement aux acteurs intervenant au sein du Forum et aux structures/acteurs de niveau 2 et 3\n9 = Action à diffuser au niveau tout public\r\n\r\nSi non renseigné (Valeur NULL), la structure n\'est concernée par aucune action spécifique ..',
  `fse_logo_description` varchar(50) CHARACTER SET utf8mb4 COLLATE utf8mb4_0900_ai_ci NULL DEFAULT NULL COMMENT 'Description Logo de la Structure',
  `fse_logo_url` varchar(255) CHARACTER SET utf8mb4 COLLATE utf8mb4_0900_ai_ci NULL DEFAULT NULL COMMENT 'Lien du Logo de la Structure\r\n\r\nLes Logos sont à sauvegarder sur le serveur FTP dans le répertoire : https://www.gomydefi.live/fdlv/FORUM/str_documents/\r\n\r\nLe nom du fichier est composé de la concaténation des données suivantes : \r\nfse_id-fse_code_structure_fse_cp_commune-(10 premières lettres de fse_logo_description).',
  `fse_charte_description` varchar(255) CHARACTER SET utf8mb4 COLLATE utf8mb4_0900_ai_ci NULL DEFAULT NULL COMMENT 'Description de la charte de la structure (obligatoire si FDLV)',
  `fse_charte_url` varchar(255) CHARACTER SET utf8mb4 COLLATE utf8mb4_0900_ai_ci NULL DEFAULT NULL COMMENT 'URL de la charte de la structure (obligatoire si FDLV)\r\n\r\nLes Chartes sont à sauvegarder sur le serveur FTP dans le répertoire : https://www.gomydefi.live/fdlv/FORUM/str_documents/\r\n\r\nLe nom du fichier est composé de la concaténation des données suivantes : \r\nfse_id-fse_code_structure_fse_cp_commune-(10 premières lettres de fse_charte_description).',
  `fse_adresse_01` varchar(255) CHARACTER SET utf8mb4 COLLATE utf8mb4_0900_ai_ci NULL DEFAULT NULL,
  `fse_adresse_02` varchar(255) CHARACTER SET utf8mb4 COLLATE utf8mb4_0900_ai_ci NULL DEFAULT NULL,
  `fse_cp` varchar(5) CHARACTER SET utf8mb4 COLLATE utf8mb4_0900_ai_ci NOT NULL COMMENT 'Code Postal',
  `fse_commune` varchar(50) CHARACTER SET utf8mb4 COLLATE utf8mb4_0900_ai_ci NULL DEFAULT NULL,
  `fse_fac_id_contact` bigint NULL DEFAULT NULL COMMENT 'Id contact de l\'acteur',
  `fse_tel_accueil_structure` varchar(15) CHARACTER SET utf8mb4 COLLATE utf8mb4_0900_ai_ci NULL DEFAULT NULL COMMENT 'Num Tel de l\'accueil de la Structure',
  `fse_email_accueil_structure` varchar(255) CHARACTER SET utf8mb4 COLLATE utf8mb4_0900_ai_ci NULL DEFAULT '' COMMENT 'email de contact de la structure',
  `fse_commentaire` varchar(255) CHARACTER SET utf8mb4 COLLATE utf8mb4_0900_ai_ci NULL DEFAULT NULL,
  `fse_convention_description` varchar(255) CHARACTER SET utf8mb4 COLLATE utf8mb4_0900_ai_ci NULL DEFAULT NULL COMMENT 'Description de la convention de la structure UNIQUEMENT si structure = FDLV',
  `fse_convention_url` varchar(255) CHARACTER SET utf8mb4 COLLATE utf8mb4_0900_ai_ci NULL DEFAULT NULL COMMENT 'URL de la convention de la structure UNIQUEMENT si structure = FDLV\r\n\r\nURL de la convention de la structure UNIQUEMENT si structure = FDLV\r\n\r\nLa convention est à sauvegarder sur le serveur FTP dans le répertoire : https://www.gomydefi.live/fdlv/FORUM/fdlv_documents/\r\n\r\nLe nom du fichier est composé de la concaténation des données suivantes : \r\nfse_id-fse_code_structure_fse_cp_commune-(10 premières lettres de fse_convention_description).',
  `fse_active` binary(1) NOT NULL DEFAULT 0x30 COMMENT '= False par défaut\r\n= True si l\'utilusateur est un déclaré comme Responsable et ayant le privilège de créer ou modiifer un planning relatif à SA Structure\r\nSi l\'utilisateur est Administrateur et est de l\'Asso FDLV, il aura accès en màj au planning de TOUTES les STructures',
  PRIMARY KEY (`fse_id`) USING BTREE,
  INDEX `fk_fse_fac_id_contact`(`fse_fac_id_contact`) USING BTREE,
  CONSTRAINT `fk_fse_fac_id_contact` FOREIGN KEY (`fse_fac_id_contact`) REFERENCES `forum_acteur` (`fac_id`) ON DELETE RESTRICT ON UPDATE RESTRICT
) ENGINE = InnoDB AUTO_INCREMENT = 153 CHARACTER SET = utf8mb4 COLLATE = utf8mb4_0900_ai_ci ROW_FORMAT = Dynamic TABLESPACE = `innodb_system`;

-- ----------------------------
-- Records of forum_structure
-- ----------------------------
INSERT INTO `forum_structure` VALUES (1, 'FDLV', 'Fête De La Vie', '96-FDLV_59290-Fête ', NULL, '', '', '', '', '62 rue de l\'égalité ', '', '59290', 'Wasquehal', NULL, '0682822328', 'lafetedelavie@gmail.com', '', '', '', 0x30);
INSERT INTO `forum_structure` VALUES (2, 'ASTEK', 'Groupe ASTEK Technology', '97-ASTEK_92100-Group', NULL, '', '', '', '', ' 77 T RUE MARCEL DASSAULT ', '77-81-LES PATIOS BATIMENT D', '92100', 'BOULOGNE', NULL, '0188891768', 'astek@fdlv.fr', '', '', '', 0x30);

-- ----------------------------
-- Table structure for forum_theme
-- ----------------------------
CREATE TABLE `forum_theme`  (
  `fth_id` bigint NOT NULL AUTO_INCREMENT,
  `fth_code_theme` varchar(10) CHARACTER SET latin1 COLLATE latin1_swedish_ci NOT NULL COMMENT 'Code Thème Forum',
  `fth_libelle_theme` varchar(255) CHARACTER SET latin1 COLLATE latin1_swedish_ci NOT NULL COMMENT 'Libellé Théme Forum',
  `fth_commentaire` varchar(255) CHARACTER SET latin1 COLLATE latin1_swedish_ci NULL DEFAULT NULL,
  `fth_rep_ftp` varchar(255) CHARACTER SET latin1 COLLATE latin1_swedish_ci NULL DEFAULT NULL COMMENT 'Nom du répertoire dans serveur FTP pour stocker les documents et les fichiers',
  PRIMARY KEY (`fth_id`) USING BTREE
) ENGINE = InnoDB AUTO_INCREMENT = 56 CHARACTER SET = latin1 COLLATE = latin1_swedish_ci ROW_FORMAT = Dynamic TABLESPACE = `innodb_system`;

-- ----------------------------
-- Records of forum_theme
-- ----------------------------
INSERT INTO `forum_theme` VALUES (1, 'ORGA', 'Acceuil et  Organisation', 'Organisation', 'Acceuil_Organisation');
INSERT INTO `forum_theme` VALUES (2, 'ACTPHY', 'Activités Physiques', 'Activites Physiques', 'Activites_Physiques');
INSERT INTO `forum_theme` VALUES (3, 'ALCOOL', 'Alcool', 'Alcool et spiritueux', 'Alcool');
INSERT INTO `forum_theme` VALUES (4, 'GEN', 'Banniere Généraliste', 'Banniere Generaliste', 'Banniere_Generaliste');
INSERT INTO `forum_theme` VALUES (5, 'BIENETRE', 'Bien-être et Santé Globale', 'Bien-etre', 'Bien_etre_sante_mentale');
INSERT INTO `forum_theme` VALUES (6, 'ECRAN', 'Ecrans', 'Ecrans', 'Ecrans');
INSERT INTO `forum_theme` VALUES (7, 'ENV', 'Environnement', 'Environnement', 'Environnement');
INSERT INTO `forum_theme` VALUES (8, 'Addiction', 'Expo Addiction', 'Expo Addiction', 'Expo_Addiction');
INSERT INTO `forum_theme` VALUES (9, 'MINI', 'Expo Minimaliste', 'Expo Minimaliste', NULL);
INSERT INTO `forum_theme` VALUES (10, 'ROUTE', 'Expo sur route', 'Expo Sur Route', 'Expo_sur_route');
INSERT INTO `forum_theme` VALUES (11, 'HYG', 'Hygiène', 'Hygiene', 'Hygiene');
INSERT INTO `forum_theme` VALUES (12, 'NUTRIT', 'Nutrition', 'Nutrition', 'Nutrition');
INSERT INTO `forum_theme` VALUES (13, 'PAROLES', 'Paroles', 'Paroles', 'Paroles');
INSERT INTO `forum_theme` VALUES (14, 'SECURITE', 'Sécurité', 'Securite', 'Securite');
INSERT INTO `forum_theme` VALUES (15, 'ANIMAT', 'Stand Animation', 'Stand Animation', 'Stand_Animation');
INSERT INTO `forum_theme` VALUES (16, 'TABAC', 'Tabac et derives inhales', 'Tabac', 'Tabac_et_derives_inhales');
INSERT INTO `forum_theme` VALUES (17, 'VIRUS', 'Virus et Bactéries', 'Virus et Bacteries', 'Virus_et_Bacteries');
INSERT INTO `forum_theme` VALUES (18, 'AUTRES', 'Z_Autres', 'Autres et vrac', 'Z_Autres');

-- ----------------------------
-- Table structure for forum_type
-- ----------------------------
CREATE TABLE `forum_type`  (
  `tfm_id` bigint NOT NULL AUTO_INCREMENT,
  `tfm_code_type_forum` char(5) CHARACTER SET utf8mb4 COLLATE utf8mb4_0900_ai_ci NULL DEFAULT NULL,
  `tfm_type_forum` varchar(50) CHARACTER SET utf8mb4 COLLATE utf8mb4_0900_ai_ci NULL DEFAULT NULL,
  PRIMARY KEY (`tfm_id`) USING BTREE
) ENGINE = InnoDB AUTO_INCREMENT = 3 CHARACTER SET = utf8mb4 COLLATE = utf8mb4_0900_ai_ci ROW_FORMAT = Dynamic;

-- ----------------------------
-- Records of forum_type
-- ----------------------------
INSERT INTO `forum_type` VALUES (1, 'Mini', 'Mini Forum');
INSERT INTO `forum_type` VALUES (2, 'Grand', 'Grand Forum');

-- ----------------------------
-- Table structure for forum_type_document
-- ----------------------------
CREATE TABLE `forum_type_document`  (
  `ftd_id` bigint NOT NULL AUTO_INCREMENT,
  `fdt_code_type_doc` varchar(10) CHARACTER SET utf8mb4 COLLATE utf8mb4_0900_ai_ci NOT NULL,
  `fdt_type_doc` varchar(255) CHARACTER SET utf8mb4 COLLATE utf8mb4_0900_ai_ci NOT NULL,
  PRIMARY KEY (`ftd_id`) USING BTREE
) ENGINE = InnoDB AUTO_INCREMENT = 46 CHARACTER SET = utf8mb4 COLLATE = utf8mb4_0900_ai_ci ROW_FORMAT = Dynamic;

-- ----------------------------
-- Records of forum_type_document
-- ----------------------------
INSERT INTO `forum_type_document` VALUES (1, 'CR', 'Compte Rendu Réunion');
INSERT INTO `forum_type_document` VALUES (2, 'PHOTO', 'Trombinoscope');
INSERT INTO `forum_type_document` VALUES (3, 'CONV', 'Convention du Forum');
INSERT INTO `forum_type_document` VALUES (4, 'CHARTE', 'Charte de l\'Association FDLV');
INSERT INTO `forum_type_document` VALUES (5, 'ACTION', 'Action Organisation');
INSERT INTO `forum_type_document` VALUES (6, 'TB', 'Tableau de Bord');
INSERT INTO `forum_type_document` VALUES (7, 'COPIL', 'COPIL');
INSERT INTO `forum_type_document` VALUES (8, 'NOTICE', 'Notice / Flyer');
INSERT INTO `forum_type_document` VALUES (9, 'MEDIA', 'Média (Photos, Vidéos)');

-- ----------------------------
-- Table structure for gmd_authority
-- ----------------------------
CREATE TABLE `gmd_authority`  (
  `name` varchar(50) CHARACTER SET latin1 COLLATE latin1_swedish_ci NOT NULL,
  PRIMARY KEY (`name`) USING BTREE
) ENGINE = InnoDB CHARACTER SET = latin1 COLLATE = latin1_swedish_ci ROW_FORMAT = Dynamic;

-- ----------------------------
-- Records of gmd_authority
-- ----------------------------
INSERT INTO `gmd_authority` VALUES ('ROLE_ADMIN');
INSERT INTO `gmd_authority` VALUES ('ROLE_USER');

-- ----------------------------
-- Table structure for gmd_env_tech
-- ----------------------------
CREATE TABLE `gmd_env_tech`  (
  `get_id` int NOT NULL AUTO_INCREMENT,
  `get_env` varchar(255) CHARACTER SET latin1 COLLATE latin1_swedish_ci NOT NULL COMMENT '= Integ pour l\'env. Intégration\r\n= Prod pour l\'env. de Production',
  `get_env_ftp` varchar(255) CHARACTER SET latin1 COLLATE latin1_swedish_ci NOT NULL COMMENT 'https://www.gomydefi.live/fdlv_integ   pour accès au seveur FTP ',
  PRIMARY KEY (`get_id`) USING BTREE
) ENGINE = InnoDB AUTO_INCREMENT = 2 CHARACTER SET = latin1 COLLATE = latin1_swedish_ci ROW_FORMAT = Dynamic;

-- ----------------------------
-- Records of gmd_env_tech
-- ----------------------------
INSERT INTO `gmd_env_tech` VALUES (1, 'Prod', 'https://www.gomydefi.live/fdlv_integ');

-- ----------------------------
-- Table structure for gmd_user_authority
-- ----------------------------
CREATE TABLE `gmd_user_authority`  (
  `user_id` bigint NOT NULL,
  `authority_name` varchar(50) CHARACTER SET latin1 COLLATE latin1_swedish_ci NOT NULL,
  PRIMARY KEY (`user_id`, `authority_name`) USING BTREE,
  INDEX `fk_authority_name`(`authority_name`) USING BTREE,
  CONSTRAINT `fk_authority_name` FOREIGN KEY (`authority_name`) REFERENCES `gmd_authority` (`name`) ON DELETE RESTRICT ON UPDATE RESTRICT,
  CONSTRAINT `fk_user_id` FOREIGN KEY (`user_id`) REFERENCES `gmd_user` (`id`) ON DELETE RESTRICT ON UPDATE RESTRICT
) ENGINE = InnoDB CHARACTER SET = latin1 COLLATE = latin1_swedish_ci ROW_FORMAT = Dynamic TABLESPACE = `innodb_system`;

-- ----------------------------
-- Records of gmd_user_authority
-- ----------------------------
INSERT INTO `gmd_user_authority` VALUES (1, 'ROLE_ADMIN');
INSERT INTO `gmd_user_authority` VALUES (2, 'ROLE_ADMIN');
INSERT INTO `gmd_user_authority` VALUES (3, 'ROLE_ADMIN');
INSERT INTO `gmd_user_authority` VALUES (7, 'ROLE_ADMIN');
INSERT INTO `gmd_user_authority` VALUES (23, 'ROLE_ADMIN');
INSERT INTO `gmd_user_authority` VALUES (100, 'ROLE_ADMIN');
INSERT INTO `gmd_user_authority` VALUES (103, 'ROLE_ADMIN');
INSERT INTO `gmd_user_authority` VALUES (113, 'ROLE_ADMIN');
INSERT INTO `gmd_user_authority` VALUES (115, 'ROLE_ADMIN');
INSERT INTO `gmd_user_authority` VALUES (116, 'ROLE_ADMIN');

-- ----------------------------
-- Table structure for gmd_version
-- ----------------------------
CREATE TABLE `gmd_version`  (
  `gmd_id` bigint NOT NULL DEFAULT 0,
  `gmd_date_install_integ` date NOT NULL COMMENT 'Date action ou Evenement - Mise en env. Intégration',
  `gmd_date_install_Prod` date NULL DEFAULT NULL COMMENT 'Date action ou Evenement - Mise en env. Production',
  `gmd_niveau_bd` varchar(20) CHARACTER SET latin1 COLLATE latin1_swedish_ci NOT NULL COMMENT 'Valeur Local, Integ, Prod',
  `gmd_version_bd` varchar(10) CHARACTER SET latin1 COLLATE latin1_swedish_ci NOT NULL COMMENT 'Version 2.0 au 01 Juin 2022',
  `gmd_maj_liquibase` date NULL DEFAULT NULL COMMENT 'Date de Mise à jour de Liquibase OU date dernière vérifications',
  `gmd_version_backoffice` varchar(10) CHARACTER SET latin1 COLLATE latin1_swedish_ci NULL DEFAULT NULL COMMENT 'Version 2.0 au 01 Juin 2022',
  `gmd_version_siteweb` varchar(10) CHARACTER SET latin1 COLLATE latin1_swedish_ci NULL DEFAULT NULL COMMENT 'Version 2.0 au 01 Juin 2022',
  `gmd_version_mob_android` varchar(10) CHARACTER SET latin1 COLLATE latin1_swedish_ci NULL DEFAULT NULL COMMENT 'Version 1.2.7 au 01 Juin 2022 (=1.2.10 de iOS)',
  `gmd_version_mob_ios` varchar(10) CHARACTER SET latin1 COLLATE latin1_swedish_ci NULL DEFAULT NULL COMMENT 'Version 1.2.10 au 01 Juin 2022',
  `gmd_description` varchar(255) CHARACTER SET latin1 COLLATE latin1_swedish_ci NOT NULL COMMENT 'Libellé libre ; Indiquer les modifications apportées à la version.',
  PRIMARY KEY (`gmd_id`) USING BTREE
) ENGINE = InnoDB CHARACTER SET = utf8mb3 COLLATE = utf8mb3_general_ci ROW_FORMAT = Dynamic TABLESPACE = `innodb_system`;

-- ----------------------------
-- Records of gmd_version
-- ----------------------------
INSERT INTO `gmd_version` VALUES (1, '2022-06-08', NULL, 'Integ', '2.0', NULL, '2.0', '2.0', '1.2.7', '1.2.10', 'Fonctionnalités Version Mobile 1.2.10 sur iOS est identique à celle de Android. Mise en prod Version Mobile : Correction anomalies + affichage Défis');

-- ----------------------------
-- Table structure for mobile_avis_parcours
-- ----------------------------
CREATE TABLE `mobile_avis_parcours`  (
  `apa_id` bigint NOT NULL AUTO_INCREMENT,
  `apa_qfp_id` bigint NOT NULL,
  `apa_mus_id_user` bigint NULL DEFAULT NULL,
  `apa_event_id` bigint NOT NULL,
  `apa_question` varchar(50) CHARACTER SET latin1 COLLATE latin1_swedish_ci NULL DEFAULT NULL,
  `apa_avis` varchar(200) CHARACTER SET latin1 COLLATE latin1_swedish_ci NOT NULL,
  `apa_datetime` timestamp NULL DEFAULT NULL,
  PRIMARY KEY (`apa_id`) USING BTREE,
  INDEX `mobile_avis_parcours_FK`(`apa_event_id`) USING BTREE,
  INDEX `mobile_avis_parcours_FK_1`(`apa_qfp_id`) USING BTREE,
  INDEX `mobile_avis_parcours_FK_2`(`apa_mus_id_user`) USING BTREE,
  CONSTRAINT `mobile_avis_parcours_FK` FOREIGN KEY (`apa_event_id`) REFERENCES `event` (`id`) ON DELETE RESTRICT ON UPDATE RESTRICT,
  CONSTRAINT `mobile_avis_parcours_FK_1` FOREIGN KEY (`apa_qfp_id`) REFERENCES `mobile_qfin_parcours` (`qfp_id`) ON DELETE RESTRICT ON UPDATE RESTRICT,
  CONSTRAINT `mobile_avis_parcours_FK_2` FOREIGN KEY (`apa_mus_id_user`) REFERENCES `mobile_users` (`mus_id_user`) ON DELETE RESTRICT ON UPDATE RESTRICT
) ENGINE = InnoDB AUTO_INCREMENT = 236 CHARACTER SET = latin1 COLLATE = latin1_swedish_ci ROW_FORMAT = Dynamic TABLESPACE = `innodb_system`;

-- ----------------------------
-- Records of mobile_avis_parcours
-- ----------------------------
INSERT INTO `mobile_avis_parcours` VALUES (5, 1, 20211221114906, 1, 'Un exemple', '2', '2023-05-24 18:30:43');
INSERT INTO `mobile_avis_parcours` VALUES (11, 1, 20230607154039, 87, 'Avez-vous appris quelque chose ?', 'false', '2023-06-07 15:41:44');
INSERT INTO `mobile_avis_parcours` VALUES (12, 2, 20230607154039, 87, 'Avez-vous relevé au moins un défi ?', 'true', '2023-06-07 15:41:46');
INSERT INTO `mobile_avis_parcours` VALUES (13, 3, 20230607154039, 87, 'Quel est votre niveau de satisfaction ?', '4', '2023-06-07 15:41:46');
INSERT INTO `mobile_avis_parcours` VALUES (26, 1, 20211221114906, 1, 'Un exemple', '2', '2023-05-24 18:30:43');
INSERT INTO `mobile_avis_parcours` VALUES (29, 1, 20230607154039, 1, 'Un Question exemple', 'avis', '2023-05-24 18:30:43');
INSERT INTO `mobile_avis_parcours` VALUES (30, 1, NULL, 1, 'Un exemple nouveau', '2', '2023-05-24 18:30:43');
INSERT INTO `mobile_avis_parcours` VALUES (31, 1, NULL, 1, 'Un Question exemple', 'avis', '2023-05-24 18:30:43');
INSERT INTO `mobile_avis_parcours` VALUES (33, 1, 20230607154039, 1, 'Un Question exemple', 'avis', '2023-05-24 18:30:43');
INSERT INTO `mobile_avis_parcours` VALUES (38, 1, NULL, 87, 'Avez-vous appris quelque chose ?', 'false', '2023-06-19 11:27:47');
INSERT INTO `mobile_avis_parcours` VALUES (39, 2, NULL, 87, 'Avez-vous relevé au moins un défi ?', 'true', '2023-06-19 11:27:48');
INSERT INTO `mobile_avis_parcours` VALUES (40, 3, NULL, 87, 'Quel est votre niveau de satisfaction ?', '4', '2023-06-19 11:27:48');
INSERT INTO `mobile_avis_parcours` VALUES (41, 4, NULL, 87, 'Avez-vous des commentaires à nous transmettre ?', 'top', '2023-06-19 11:27:48');
INSERT INTO `mobile_avis_parcours` VALUES (42, 1, NULL, 87, 'Avez-vous appris quelque chose ?', 'false', '2023-06-19 12:10:30');
INSERT INTO `mobile_avis_parcours` VALUES (43, 2, NULL, 87, 'Avez-vous relevé au moins un défi ?', 'false', '2023-06-19 12:10:31');
INSERT INTO `mobile_avis_parcours` VALUES (44, 3, NULL, 87, 'Quel est votre niveau de satisfaction ?', '1', '2023-06-19 12:10:31');
INSERT INTO `mobile_avis_parcours` VALUES (45, 4, NULL, 87, 'Avez-vous des commentaires à nous transmettre ?', '', '2023-06-19 12:10:32');
INSERT INTO `mobile_avis_parcours` VALUES (46, 1, NULL, 87, 'Avez-vous appris quelque chose ?', 'false', '2023-06-20 09:44:38');
INSERT INTO `mobile_avis_parcours` VALUES (47, 2, NULL, 87, 'Avez-vous relevé au moins un défi ?', 'true', '2023-06-20 09:44:39');
INSERT INTO `mobile_avis_parcours` VALUES (48, 3, NULL, 87, 'Quel est votre niveau de satisfaction ?', '4', '2023-06-20 09:44:39');
INSERT INTO `mobile_avis_parcours` VALUES (49, 4, NULL, 87, 'Avez-vous des commentaires à nous transmettre ?', 'merci ', '2023-06-20 09:44:40');
INSERT INTO `mobile_avis_parcours` VALUES (76, 1, NULL, 88, 'Avez-vous appris quelque chose ?', 'true', '2023-07-26 10:49:56');
INSERT INTO `mobile_avis_parcours` VALUES (77, 2, NULL, 88, 'Avez-vous relevé au moins un défi ?', 'true', '2023-07-26 10:49:57');
INSERT INTO `mobile_avis_parcours` VALUES (78, 3, NULL, 88, 'Quel est votre niveau de satisfaction ?', '5', '2023-07-26 10:49:57');
INSERT INTO `mobile_avis_parcours` VALUES (79, 4, NULL, 88, 'Avez-vous des commentaires à nous transmettre ?', 'super !!!', '2023-07-26 10:49:58');
INSERT INTO `mobile_avis_parcours` VALUES (84, 1, 20230609095945, 134, 'Avez-vous appris quelque chose ?', 'true', '2023-09-14 15:08:00');
INSERT INTO `mobile_avis_parcours` VALUES (85, 2, 20230609095945, 134, 'Avez-vous relevé au moins un défi ?', 'true', '2023-09-14 15:08:00');
INSERT INTO `mobile_avis_parcours` VALUES (86, 3, 20230609095945, 134, 'Quel est votre niveau de satisfaction ?', '5', '2023-09-14 15:08:01');
INSERT INTO `mobile_avis_parcours` VALUES (87, 4, 20230609095945, 134, 'Avez-vous des commentaires à nous transmettre ?', 'c’est une appli au top pour être en forme !!!!', '2023-09-14 15:08:01');
INSERT INTO `mobile_avis_parcours` VALUES (88, 1, 20230906140418, 134, 'Avez-vous appris quelque chose ?', 'true', '2023-09-15 09:34:20');
INSERT INTO `mobile_avis_parcours` VALUES (89, 2, 20230906140418, 134, 'Avez-vous relevé au moins un défi ?', 'true', '2023-09-15 09:34:20');
INSERT INTO `mobile_avis_parcours` VALUES (90, 3, 20230906140418, 134, 'Quel est votre niveau de satisfaction ?', '4', '2023-09-15 09:34:21');
INSERT INTO `mobile_avis_parcours` VALUES (91, 4, 20230906140418, 134, 'Avez-vous des commentaires à nous transmettre ?', '', '2023-09-15 09:34:21');
INSERT INTO `mobile_avis_parcours` VALUES (92, 1, 20230915091106, 135, 'Avez-vous appris quelque chose ?', 'true', '2023-09-15 11:45:44');
INSERT INTO `mobile_avis_parcours` VALUES (93, 2, 20230915091106, 135, 'Avez-vous relevé au moins un défi ?', 'true', '2023-09-15 11:45:45');
INSERT INTO `mobile_avis_parcours` VALUES (94, 3, 20230915091106, 135, 'Quel est votre niveau de satisfaction ?', '5', '2023-09-15 11:45:46');
INSERT INTO `mobile_avis_parcours` VALUES (95, 4, 20230915091106, 135, 'Avez-vous des commentaires à nous transmettre ?', '', '2023-09-15 11:45:46');
INSERT INTO `mobile_avis_parcours` VALUES (96, 1, 20230915091118, 135, 'Avez-vous appris quelque chose ?', 'true', '2023-09-15 11:47:44');
INSERT INTO `mobile_avis_parcours` VALUES (97, 2, 20230915091118, 135, 'Avez-vous relevé au moins un défi ?', 'true', '2023-09-15 11:47:45');
INSERT INTO `mobile_avis_parcours` VALUES (98, 3, 20230915091118, 135, 'Quel est votre niveau de satisfaction ?', '5', '2023-09-15 11:47:45');
INSERT INTO `mobile_avis_parcours` VALUES (99, 4, 20230915091118, 135, 'Avez-vous des commentaires à nous transmettre ?', '', '2023-09-15 11:47:46');
INSERT INTO `mobile_avis_parcours` VALUES (100, 1, 20230915091133, 135, 'Avez-vous appris quelque chose ?', 'true', '2023-09-15 11:50:33');
INSERT INTO `mobile_avis_parcours` VALUES (101, 2, 20230915091133, 135, 'Avez-vous relevé au moins un défi ?', 'true', '2023-09-15 11:50:33');
INSERT INTO `mobile_avis_parcours` VALUES (102, 3, 20230915091133, 135, 'Quel est votre niveau de satisfaction ?', '5', '2023-09-15 11:50:34');
INSERT INTO `mobile_avis_parcours` VALUES (103, 4, 20230915091133, 135, 'Avez-vous des commentaires à nous transmettre ?', '', '2023-09-15 11:50:34');
INSERT INTO `mobile_avis_parcours` VALUES (104, 1, 20230915091238, 135, 'Avez-vous appris quelque chose ?', 'true', '2023-09-15 11:51:49');
INSERT INTO `mobile_avis_parcours` VALUES (105, 2, 20230915091238, 135, 'Avez-vous relevé au moins un défi ?', 'true', '2023-09-15 11:51:50');
INSERT INTO `mobile_avis_parcours` VALUES (106, 3, 20230915091238, 135, 'Quel est votre niveau de satisfaction ?', '5', '2023-09-15 11:51:50');
INSERT INTO `mobile_avis_parcours` VALUES (107, 4, 20230915091238, 135, 'Avez-vous des commentaires à nous transmettre ?', '', '2023-09-15 11:51:51');
INSERT INTO `mobile_avis_parcours` VALUES (108, 1, 20230915091131, 135, 'Avez-vous appris quelque chose ?', 'true', '2023-09-15 11:56:05');
INSERT INTO `mobile_avis_parcours` VALUES (109, 2, 20230915091131, 135, 'Avez-vous relevé au moins un défi ?', 'true', '2023-09-15 11:56:05');
INSERT INTO `mobile_avis_parcours` VALUES (110, 3, 20230915091131, 135, 'Quel est votre niveau de satisfaction ?', '5', '2023-09-15 11:56:06');
INSERT INTO `mobile_avis_parcours` VALUES (111, 4, 20230915091131, 135, 'Avez-vous des commentaires à nous transmettre ?', '', '2023-09-15 11:56:06');
INSERT INTO `mobile_avis_parcours` VALUES (112, 1, 20230914212401, 141, 'Avez-vous appris quelque chose ?', 'true', '2023-10-15 16:08:04');
INSERT INTO `mobile_avis_parcours` VALUES (113, 2, 20230914212401, 141, 'Avez-vous relevé au moins un défi ?', 'true', '2023-10-15 16:08:08');
INSERT INTO `mobile_avis_parcours` VALUES (114, 3, 20230914212401, 141, 'Quel est votre niveau de satisfaction ?', '5', '2023-10-15 16:08:09');
INSERT INTO `mobile_avis_parcours` VALUES (115, 4, 20230914212401, 141, 'Avez-vous des commentaires à nous transmettre ?', '', '2023-10-15 16:08:09');
INSERT INTO `mobile_avis_parcours` VALUES (116, 1, 20231015150931, 141, 'Avez-vous appris quelque chose ?', 'false', '2023-10-15 16:08:48');
INSERT INTO `mobile_avis_parcours` VALUES (117, 2, 20231015150931, 141, 'Avez-vous relevé au moins un défi ?', 'false', '2023-10-15 16:08:49');
INSERT INTO `mobile_avis_parcours` VALUES (118, 3, 20231015150931, 141, 'Quel est votre niveau de satisfaction ?', '5', '2023-10-15 16:08:49');
INSERT INTO `mobile_avis_parcours` VALUES (119, 4, 20231015150931, 141, 'Avez-vous des commentaires à nous transmettre ?', '', '2023-10-15 16:08:49');
INSERT INTO `mobile_avis_parcours` VALUES (120, 1, NULL, 108, 'Avez-vous appris quelque chose ?', 'true', '2023-10-18 11:38:03');
INSERT INTO `mobile_avis_parcours` VALUES (121, 2, NULL, 108, 'Avez-vous relevé au moins un défi ?', 'true', '2023-10-18 11:38:05');
INSERT INTO `mobile_avis_parcours` VALUES (122, 3, NULL, 108, 'Quel est votre niveau de satisfaction ?', '3', '2023-10-18 11:38:05');
INSERT INTO `mobile_avis_parcours` VALUES (123, 4, NULL, 108, 'Avez-vous des commentaires à nous transmettre ?', 'commentaire test samir', '2023-10-18 11:38:05');
INSERT INTO `mobile_avis_parcours` VALUES (124, 1, 20230906140418, 101, 'Avez-vous appris quelque chose ?', 'true', '2023-10-19 14:39:47');
INSERT INTO `mobile_avis_parcours` VALUES (125, 2, 20230906140418, 101, 'Avez-vous relevé au moins un défi ?', 'true', '2023-10-19 14:39:47');
INSERT INTO `mobile_avis_parcours` VALUES (126, 3, 20230906140418, 101, 'Quel est votre niveau de satisfaction ?', '4', '2023-10-19 14:39:48');
INSERT INTO `mobile_avis_parcours` VALUES (127, 4, 20230906140418, 101, 'Avez-vous des commentaires à nous transmettre ?', '', '2023-10-19 14:39:48');
INSERT INTO `mobile_avis_parcours` VALUES (128, 1, 20230915091136, 101, 'Avez-vous appris quelque chose ?', 'true', '2023-10-19 14:41:09');
INSERT INTO `mobile_avis_parcours` VALUES (129, 2, 20230915091136, 101, 'Avez-vous relevé au moins un défi ?', 'true', '2023-10-19 14:41:09');
INSERT INTO `mobile_avis_parcours` VALUES (130, 3, 20230915091136, 101, 'Quel est votre niveau de satisfaction ?', '5', '2023-10-19 14:41:09');
INSERT INTO `mobile_avis_parcours` VALUES (131, 4, 20230915091136, 101, 'Avez-vous des commentaires à nous transmettre ?', '', '2023-10-19 14:41:10');
INSERT INTO `mobile_avis_parcours` VALUES (132, 1, 20231019143445, 139, 'Avez-vous appris quelque chose ?', 'true', '2023-10-19 14:49:45');
INSERT INTO `mobile_avis_parcours` VALUES (133, 2, 20231019143445, 139, 'Avez-vous relevé au moins un défi ?', 'true', '2023-10-19 14:49:45');
INSERT INTO `mobile_avis_parcours` VALUES (134, 3, 20231019143445, 139, 'Quel est votre niveau de satisfaction ?', '5', '2023-10-19 14:49:46');
INSERT INTO `mobile_avis_parcours` VALUES (135, 1, 20231019122520, 139, 'Avez-vous appris quelque chose ?', 'true', '2023-10-19 14:49:46');
INSERT INTO `mobile_avis_parcours` VALUES (136, 4, 20231019143445, 139, 'Avez-vous des commentaires à nous transmettre ?', '', '2023-10-19 14:49:46');
INSERT INTO `mobile_avis_parcours` VALUES (137, 2, 20231019122520, 139, 'Avez-vous relevé au moins un défi ?', 'true', '2023-10-19 14:49:46');
INSERT INTO `mobile_avis_parcours` VALUES (138, 3, 20231019122520, 139, 'Quel est votre niveau de satisfaction ?', '5', '2023-10-19 14:49:47');
INSERT INTO `mobile_avis_parcours` VALUES (139, 4, 20231019122520, 139, 'Avez-vous des commentaires à nous transmettre ?', '', '2023-10-19 14:49:47');
INSERT INTO `mobile_avis_parcours` VALUES (140, 1, 20230915091131, 161, 'Avez-vous appris quelque chose ?', 'true', '2023-10-19 15:05:56');
INSERT INTO `mobile_avis_parcours` VALUES (141, 2, 20230915091131, 161, 'Avez-vous relevé au moins un défi ?', 'true', '2023-10-19 15:05:57');
INSERT INTO `mobile_avis_parcours` VALUES (142, 3, 20230915091131, 161, 'Quel est votre niveau de satisfaction ?', '5', '2023-10-19 15:05:57');
INSERT INTO `mobile_avis_parcours` VALUES (143, 4, 20230915091131, 161, 'Avez-vous des commentaires à nous transmettre ?', '', '2023-10-19 15:05:58');
INSERT INTO `mobile_avis_parcours` VALUES (144, 1, 20230915091136, 169, 'Avez-vous appris quelque chose ?', 'true', '2023-10-19 16:06:29');
INSERT INTO `mobile_avis_parcours` VALUES (145, 2, 20230915091136, 169, 'Avez-vous relevé au moins un défi ?', 'true', '2023-10-19 16:06:29');
INSERT INTO `mobile_avis_parcours` VALUES (146, 3, 20230915091136, 169, 'Quel est votre niveau de satisfaction ?', '5', '2023-10-19 16:06:30');
INSERT INTO `mobile_avis_parcours` VALUES (147, 4, 20230915091136, 169, 'Avez-vous des commentaires à nous transmettre ?', '', '2023-10-19 16:06:30');
INSERT INTO `mobile_avis_parcours` VALUES (148, 1, 20230906140418, 169, 'Avez-vous appris quelque chose ?', 'false', '2023-10-19 16:07:57');
INSERT INTO `mobile_avis_parcours` VALUES (149, 2, 20230906140418, 169, 'Avez-vous relevé au moins un défi ?', 'true', '2023-10-19 16:07:58');
INSERT INTO `mobile_avis_parcours` VALUES (150, 3, 20230906140418, 169, 'Quel est votre niveau de satisfaction ?', '5', '2023-10-19 16:07:58');
INSERT INTO `mobile_avis_parcours` VALUES (151, 4, 20230906140418, 169, 'Avez-vous des commentaires à nous transmettre ?', '', '2023-10-19 16:07:59');
INSERT INTO `mobile_avis_parcours` VALUES (152, 1, 20230906140959, 169, 'Avez-vous appris quelque chose ?', 'false', '2023-10-19 16:08:18');
INSERT INTO `mobile_avis_parcours` VALUES (153, 2, 20230906140959, 169, 'Avez-vous relevé au moins un défi ?', 'true', '2023-10-19 16:08:18');
INSERT INTO `mobile_avis_parcours` VALUES (154, 3, 20230906140959, 169, 'Quel est votre niveau de satisfaction ?', '5', '2023-10-19 16:08:19');
INSERT INTO `mobile_avis_parcours` VALUES (155, 4, 20230906140959, 169, 'Avez-vous des commentaires à nous transmettre ?', '', '2023-10-19 16:08:19');
INSERT INTO `mobile_avis_parcours` VALUES (156, 1, 20231013110232, 157, 'Avez-vous appris quelque chose ?', 'true', '2023-10-19 18:29:35');
INSERT INTO `mobile_avis_parcours` VALUES (157, 2, 20231013110232, 157, 'Avez-vous relevé au moins un défi ?', 'true', '2023-10-19 18:29:35');
INSERT INTO `mobile_avis_parcours` VALUES (158, 3, 20231013110232, 157, 'Quel est votre niveau de satisfaction ?', '5', '2023-10-19 18:29:36');
INSERT INTO `mobile_avis_parcours` VALUES (159, 4, 20231013110232, 157, 'Avez-vous des commentaires à nous transmettre ?', '', '2023-10-19 18:29:36');
INSERT INTO `mobile_avis_parcours` VALUES (160, 1, 20231022124553, 165, 'Avez-vous appris quelque chose ?', 'true', '2023-10-22 14:10:44');
INSERT INTO `mobile_avis_parcours` VALUES (161, 2, 20231022124553, 165, 'Avez-vous relevé au moins un défi ?', 'true', '2023-10-22 14:10:45');
INSERT INTO `mobile_avis_parcours` VALUES (162, 3, 20231022124553, 165, 'Quel est votre niveau de satisfaction ?', '5', '2023-10-22 14:10:46');
INSERT INTO `mobile_avis_parcours` VALUES (163, 4, 20231022124553, 165, 'Avez-vous des commentaires à nous transmettre ?', 'très intéressant merci', '2023-10-22 14:10:47');
INSERT INTO `mobile_avis_parcours` VALUES (164, 1, 20231022163644, 173, 'Avez-vous appris quelque chose ?', 'true', '2023-10-22 16:55:02');
INSERT INTO `mobile_avis_parcours` VALUES (165, 2, 20231022163644, 173, 'Avez-vous relevé au moins un défi ?', 'true', '2023-10-22 16:55:03');
INSERT INTO `mobile_avis_parcours` VALUES (166, 3, 20231022163644, 173, 'Quel est votre niveau de satisfaction ?', '5', '2023-10-22 16:55:04');
INSERT INTO `mobile_avis_parcours` VALUES (167, 1, 20231022162307, 173, 'Avez-vous appris quelque chose ?', 'true', '2023-10-22 16:55:05');
INSERT INTO `mobile_avis_parcours` VALUES (168, 2, 20231022162307, 173, 'Avez-vous relevé au moins un défi ?', 'true', '2023-10-22 16:55:05');
INSERT INTO `mobile_avis_parcours` VALUES (169, 3, 20231022162307, 173, 'Quel est votre niveau de satisfaction ?', '5', '2023-10-22 16:55:06');
INSERT INTO `mobile_avis_parcours` VALUES (170, 4, 20231022162307, 173, 'Avez-vous des commentaires à nous transmettre ?', '', '2023-10-22 16:55:06');
INSERT INTO `mobile_avis_parcours` VALUES (171, 4, 20231022163644, 173, 'Avez-vous des commentaires à nous transmettre ?', '', '2023-10-22 16:55:06');
INSERT INTO `mobile_avis_parcours` VALUES (172, 1, 20231020160230, 173, 'Avez-vous appris quelque chose ?', 'true', '2023-10-22 16:55:30');
INSERT INTO `mobile_avis_parcours` VALUES (173, 2, 20231020160230, 173, 'Avez-vous relevé au moins un défi ?', 'true', '2023-10-22 16:55:31');
INSERT INTO `mobile_avis_parcours` VALUES (174, 3, 20231020160230, 173, 'Quel est votre niveau de satisfaction ?', '5', '2023-10-22 16:55:32');
INSERT INTO `mobile_avis_parcours` VALUES (175, 4, 20231020160230, 173, 'Avez-vous des commentaires à nous transmettre ?', '', '2023-10-22 16:55:32');
INSERT INTO `mobile_avis_parcours` VALUES (176, 1, 20231022162513, 173, 'Avez-vous appris quelque chose ?', 'true', '2023-10-22 16:55:34');
INSERT INTO `mobile_avis_parcours` VALUES (177, 2, 20231022162513, 173, 'Avez-vous relevé au moins un défi ?', 'true', '2023-10-22 16:55:34');
INSERT INTO `mobile_avis_parcours` VALUES (178, 3, 20231022162513, 173, 'Quel est votre niveau de satisfaction ?', '5', '2023-10-22 16:55:35');
INSERT INTO `mobile_avis_parcours` VALUES (179, 4, 20231022162513, 173, 'Avez-vous des commentaires à nous transmettre ?', '', '2023-10-22 16:55:35');
INSERT INTO `mobile_avis_parcours` VALUES (180, 1, 20230915091131, 173, 'Avez-vous appris quelque chose ?', 'true', '2023-10-22 16:55:36');
INSERT INTO `mobile_avis_parcours` VALUES (181, 2, 20230915091131, 173, 'Avez-vous relevé au moins un défi ?', 'true', '2023-10-22 16:55:37');
INSERT INTO `mobile_avis_parcours` VALUES (182, 3, 20230915091131, 173, 'Quel est votre niveau de satisfaction ?', '5', '2023-10-22 16:55:37');
INSERT INTO `mobile_avis_parcours` VALUES (183, 4, 20230915091131, 173, 'Avez-vous des commentaires à nous transmettre ?', '', '2023-10-22 16:55:38');
INSERT INTO `mobile_avis_parcours` VALUES (184, 1, 20231022163644, 175, 'Avez-vous appris quelque chose ?', 'true', '2023-10-22 17:11:24');
INSERT INTO `mobile_avis_parcours` VALUES (185, 2, 20231022163644, 175, 'Avez-vous relevé au moins un défi ?', 'true', '2023-10-22 17:11:26');
INSERT INTO `mobile_avis_parcours` VALUES (186, 3, 20231022163644, 175, 'Quel est votre niveau de satisfaction ?', '5', '2023-10-22 17:11:28');
INSERT INTO `mobile_avis_parcours` VALUES (187, 4, 20231022163644, 175, 'Avez-vous des commentaires à nous transmettre ?', '', '2023-10-22 17:11:31');
INSERT INTO `mobile_avis_parcours` VALUES (188, 1, 20230915091131, 175, 'Avez-vous appris quelque chose ?', 'true', '2023-10-22 17:12:33');
INSERT INTO `mobile_avis_parcours` VALUES (189, 2, 20230915091131, 175, 'Avez-vous relevé au moins un défi ?', 'true', '2023-10-22 17:12:33');
INSERT INTO `mobile_avis_parcours` VALUES (190, 3, 20230915091131, 175, 'Quel est votre niveau de satisfaction ?', '5', '2023-10-22 17:12:34');
INSERT INTO `mobile_avis_parcours` VALUES (191, 4, 20230915091131, 175, 'Avez-vous des commentaires à nous transmettre ?', '', '2023-10-22 17:12:34');
INSERT INTO `mobile_avis_parcours` VALUES (192, 1, 20231020160230, 175, 'Avez-vous appris quelque chose ?', 'true', '2023-10-22 17:12:45');
INSERT INTO `mobile_avis_parcours` VALUES (193, 2, 20231020160230, 175, 'Avez-vous relevé au moins un défi ?', 'true', '2023-10-22 17:12:46');
INSERT INTO `mobile_avis_parcours` VALUES (194, 3, 20231020160230, 175, 'Quel est votre niveau de satisfaction ?', '5', '2023-10-22 17:12:46');
INSERT INTO `mobile_avis_parcours` VALUES (195, 4, 20231020160230, 175, 'Avez-vous des commentaires à nous transmettre ?', '', '2023-10-22 17:12:47');
INSERT INTO `mobile_avis_parcours` VALUES (196, 1, 20231022162307, 175, 'Avez-vous appris quelque chose ?', 'true', '2023-10-22 17:13:48');
INSERT INTO `mobile_avis_parcours` VALUES (197, 2, 20231022162307, 175, 'Avez-vous relevé au moins un défi ?', 'true', '2023-10-22 17:13:48');
INSERT INTO `mobile_avis_parcours` VALUES (198, 3, 20231022162307, 175, 'Quel est votre niveau de satisfaction ?', '5', '2023-10-22 17:13:49');
INSERT INTO `mobile_avis_parcours` VALUES (199, 4, 20231022162307, 175, 'Avez-vous des commentaires à nous transmettre ?', '', '2023-10-22 17:13:49');
INSERT INTO `mobile_avis_parcours` VALUES (200, 1, 20230914212401, 153, 'Avez-vous appris quelque chose ?', 'true', '2023-10-22 17:27:02');
INSERT INTO `mobile_avis_parcours` VALUES (201, 2, 20230914212401, 153, 'Avez-vous relevé au moins un défi ?', 'true', '2023-10-22 17:27:03');
INSERT INTO `mobile_avis_parcours` VALUES (202, 3, 20230914212401, 153, 'Quel est votre niveau de satisfaction ?', '5', '2023-10-22 17:27:03');
INSERT INTO `mobile_avis_parcours` VALUES (203, 4, 20230914212401, 153, 'Avez-vous des commentaires à nous transmettre ?', '', '2023-10-22 17:27:04');
INSERT INTO `mobile_avis_parcours` VALUES (204, 1, 20230906140418, 170, 'Avez-vous appris quelque chose ?', 'true', '2023-10-26 11:33:35');
INSERT INTO `mobile_avis_parcours` VALUES (205, 2, 20230906140418, 170, 'Avez-vous relevé au moins un défi ?', 'true', '2023-10-26 11:33:36');
INSERT INTO `mobile_avis_parcours` VALUES (206, 3, 20230906140418, 170, 'Quel est votre niveau de satisfaction ?', '4', '2023-10-26 11:33:37');
INSERT INTO `mobile_avis_parcours` VALUES (207, 4, 20230906140418, 170, 'Avez-vous des commentaires à nous transmettre ?', '', '2023-10-26 11:33:37');
INSERT INTO `mobile_avis_parcours` VALUES (208, 1, 20230915091136, 170, 'Avez-vous appris quelque chose ?', 'true', '2023-10-26 11:33:49');
INSERT INTO `mobile_avis_parcours` VALUES (209, 2, 20230915091136, 170, 'Avez-vous relevé au moins un défi ?', 'true', '2023-10-26 11:33:50');
INSERT INTO `mobile_avis_parcours` VALUES (210, 3, 20230915091136, 170, 'Quel est votre niveau de satisfaction ?', '5', '2023-10-26 11:33:50');
INSERT INTO `mobile_avis_parcours` VALUES (211, 4, 20230915091136, 170, 'Avez-vous des commentaires à nous transmettre ?', '', '2023-10-26 11:33:51');
INSERT INTO `mobile_avis_parcours` VALUES (212, 1, 20230906140418, 171, 'Avez-vous appris quelque chose ?', 'true', '2023-10-26 11:56:18');
INSERT INTO `mobile_avis_parcours` VALUES (213, 2, 20230906140418, 171, 'Avez-vous relevé au moins un défi ?', 'true', '2023-10-26 11:56:18');
INSERT INTO `mobile_avis_parcours` VALUES (214, 3, 20230906140418, 171, 'Quel est votre niveau de satisfaction ?', '4', '2023-10-26 11:56:19');
INSERT INTO `mobile_avis_parcours` VALUES (215, 4, 20230906140418, 171, 'Avez-vous des commentaires à nous transmettre ?', '', '2023-10-26 11:56:19');
INSERT INTO `mobile_avis_parcours` VALUES (216, 1, 20230915091136, 171, 'Avez-vous appris quelque chose ?', 'true', '2023-10-26 11:56:54');
INSERT INTO `mobile_avis_parcours` VALUES (217, 2, 20230915091136, 171, 'Avez-vous relevé au moins un défi ?', 'true', '2023-10-26 11:56:54');
INSERT INTO `mobile_avis_parcours` VALUES (218, 3, 20230915091136, 171, 'Quel est votre niveau de satisfaction ?', '5', '2023-10-26 11:56:54');
INSERT INTO `mobile_avis_parcours` VALUES (219, 4, 20230915091136, 171, 'Avez-vous des commentaires à nous transmettre ?', '', '2023-10-26 11:56:55');
INSERT INTO `mobile_avis_parcours` VALUES (220, 1, 20231019103618, 103, 'Avez-vous appris quelque chose ?', 'true', '2023-10-26 14:45:22');
INSERT INTO `mobile_avis_parcours` VALUES (221, 2, 20231019103618, 103, 'Avez-vous relevé au moins un défi ?', 'true', '2023-10-26 14:45:23');
INSERT INTO `mobile_avis_parcours` VALUES (222, 3, 20231019103618, 103, 'Quel est votre niveau de satisfaction ?', '5', '2023-10-26 14:45:23');
INSERT INTO `mobile_avis_parcours` VALUES (223, 4, 20231019103618, 103, 'Avez-vous des commentaires à nous transmettre ?', '', '2023-10-26 14:45:23');
INSERT INTO `mobile_avis_parcours` VALUES (224, 1, 20231026171039, 153, 'Avez-vous appris quelque chose ?', 'true', '2023-10-26 17:15:56');
INSERT INTO `mobile_avis_parcours` VALUES (225, 2, 20231026171039, 153, 'Avez-vous relevé au moins un défi ?', 'true', '2023-10-26 17:15:56');
INSERT INTO `mobile_avis_parcours` VALUES (226, 3, 20231026171039, 153, 'Quel est votre niveau de satisfaction ?', '5', '2023-10-26 17:15:57');
INSERT INTO `mobile_avis_parcours` VALUES (227, 4, 20231026171039, 153, 'Avez-vous des commentaires à nous transmettre ?', '', '2023-10-26 17:15:57');
INSERT INTO `mobile_avis_parcours` VALUES (228, 1, NULL, 103, 'Avez-vous appris quelque chose ?', 'true', '2023-10-27 09:59:18');
INSERT INTO `mobile_avis_parcours` VALUES (229, 2, NULL, 103, 'Avez-vous relevé au moins un défi ?', 'true', '2023-10-27 09:59:19');
INSERT INTO `mobile_avis_parcours` VALUES (230, 3, NULL, 103, 'Quel est votre niveau de satisfaction ?', '5', '2023-10-27 09:59:20');
INSERT INTO `mobile_avis_parcours` VALUES (231, 4, NULL, 103, 'Avez-vous des commentaires à nous transmettre ?', 'génial !!', '2023-10-27 09:59:20');
INSERT INTO `mobile_avis_parcours` VALUES (232, 1, NULL, 75, 'Avez-vous appris quelque chose ?', 'true', '2023-11-22 16:25:51');
INSERT INTO `mobile_avis_parcours` VALUES (233, 2, NULL, 75, 'Avez-vous relevé au moins un défi ?', 'false', '2023-11-22 16:25:52');
INSERT INTO `mobile_avis_parcours` VALUES (234, 3, NULL, 75, 'Quel est votre niveau de satisfaction ?', '3', '2023-11-22 16:25:52');
INSERT INTO `mobile_avis_parcours` VALUES (235, 4, NULL, 75, 'Avez-vous des commentaires à nous transmettre ?', 'ttttyy', '2023-11-22 16:25:53');

-- ----------------------------
-- Table structure for mobile_qfin_parcours
-- ----------------------------
CREATE TABLE `mobile_qfin_parcours`  (
  `qfp_id` bigint NOT NULL AUTO_INCREMENT,
  `qfp_texte` varchar(255) CHARACTER SET latin1 COLLATE latin1_swedish_ci NULL DEFAULT NULL,
  `qfp_num_question` bigint NOT NULL,
  `qfp_question` varchar(100) CHARACTER SET latin1 COLLATE latin1_swedish_ci NULL DEFAULT NULL,
  `qfp_questionactive` tinyint(1) NULL DEFAULT NULL,
  `qfp_type_question` varchar(15) CHARACTER SET latin1 COLLATE latin1_swedish_ci NOT NULL COMMENT 'Valeurs possibles : Texte (Varchar), Boolean, Integer',
  PRIMARY KEY (`qfp_id`) USING BTREE
) ENGINE = InnoDB AUTO_INCREMENT = 5 CHARACTER SET = latin1 COLLATE = latin1_swedish_ci ROW_FORMAT = Dynamic TABLESPACE = `innodb_system`;

-- ----------------------------
-- Records of mobile_qfin_parcours
-- ----------------------------
INSERT INTO `mobile_qfin_parcours` VALUES (1, 'Nous travaillons actuellement à ce que chaque participant puisse indiquer au terme de chaque parcours une satisfaction personnelle :', 1, 'Avez-vous appris quelque chose ?', 1, 'Boolean');
INSERT INTO `mobile_qfin_parcours` VALUES (2, 'Nous travaillons actuellement à ce que chaque participant puisse indiquer au terme de chaque parcours une satisfaction personnelle :', 2, 'Avez-vous relevé au moins un défi ?', 1, 'Boolean');
INSERT INTO `mobile_qfin_parcours` VALUES (3, 'Nous travaillons actuellement à ce que chaque participant puisse indiquer au terme de chaque parcours une satisfaction personnelle :', 3, 'Quel est votre niveau de satisfaction ?', 1, 'Integer');
INSERT INTO `mobile_qfin_parcours` VALUES (4, 'Nous travaillons actuellement à ce que chaque participant puisse indiquer au terme de chaque parcours une satisfaction personnelle :', 4, 'Avez-vous des commentaires à nous transmettre ?', 1, 'String');

-- ----------------------------
-- Table structure for mobile_stat_parcours
-- ----------------------------
CREATE TABLE `mobile_stat_parcours`  (
  `msp_id` bigint NOT NULL AUTO_INCREMENT,
  `msp_mus_id_user` bigint NOT NULL,
  `msp_event_id` bigint NOT NULL,
  `msp_date_debut` datetime NOT NULL,
  `msp_date_fin` datetime NULL DEFAULT NULL,
  `msp_parcours_partage` bit(1) NOT NULL DEFAULT b'1',
  PRIMARY KEY (`msp_id`) USING BTREE,
  INDEX `FK_msp_event_id`(`msp_event_id`) USING BTREE,
  INDEX `FK_msp_mus_id_user`(`msp_mus_id_user`) USING BTREE,
  CONSTRAINT `FK_msp_event_id` FOREIGN KEY (`msp_event_id`) REFERENCES `event` (`id`) ON DELETE RESTRICT ON UPDATE RESTRICT,
  CONSTRAINT `FK_msp_mus_id_user` FOREIGN KEY (`msp_mus_id_user`) REFERENCES `mobile_users` (`mus_id_user`) ON DELETE RESTRICT ON UPDATE RESTRICT
) ENGINE = InnoDB AUTO_INCREMENT = 39 CHARACTER SET = latin1 COLLATE = latin1_swedish_ci ROW_FORMAT = Dynamic TABLESPACE = `innodb_system`;

-- ----------------------------
-- Records of mobile_stat_parcours
-- ----------------------------
INSERT INTO `mobile_stat_parcours` VALUES (1, 20230906140418, 134, '2023-09-15 11:14:21', NULL, b'0');
INSERT INTO `mobile_stat_parcours` VALUES (2, 20230906140418, 135, '2023-09-15 13:32:12', NULL, b'0');
INSERT INTO `mobile_stat_parcours` VALUES (3, 20230915091136, 135, '2023-09-15 13:33:15', NULL, b'0');
INSERT INTO `mobile_stat_parcours` VALUES (4, 20230915091136, 101, '2023-10-19 16:36:28', NULL, b'0');
INSERT INTO `mobile_stat_parcours` VALUES (5, 20230906140418, 101, '2023-10-19 16:37:16', NULL, b'0');
INSERT INTO `mobile_stat_parcours` VALUES (6, 20230915091136, 169, '2023-10-19 18:00:09', NULL, b'0');
INSERT INTO `mobile_stat_parcours` VALUES (7, 20230906140418, 169, '2023-10-19 18:03:33', NULL, b'0');
INSERT INTO `mobile_stat_parcours` VALUES (8, 20231022125715, 165, '2023-10-22 15:29:28', NULL, b'0');
INSERT INTO `mobile_stat_parcours` VALUES (9, 20231022124553, 165, '2023-10-22 15:36:30', NULL, b'0');
INSERT INTO `mobile_stat_parcours` VALUES (10, 20230906140418, 170, '2023-10-26 13:26:05', NULL, b'0');
INSERT INTO `mobile_stat_parcours` VALUES (11, 20230915091136, 170, '2023-10-26 13:27:28', NULL, b'0');
INSERT INTO `mobile_stat_parcours` VALUES (12, 20230915091136, 171, '2023-10-26 13:44:02', NULL, b'0');
INSERT INTO `mobile_stat_parcours` VALUES (13, 20230915091136, 171, '2023-10-26 13:44:02', NULL, b'0');
INSERT INTO `mobile_stat_parcours` VALUES (14, 20230915091136, 171, '2023-10-26 13:52:02', NULL, b'0');
INSERT INTO `mobile_stat_parcours` VALUES (15, 20230906140418, 171, '2023-10-26 13:52:16', NULL, b'0');
INSERT INTO `mobile_stat_parcours` VALUES (16, 20231128151745, 76, '2023-11-28 16:19:38', NULL, b'0');
INSERT INTO `mobile_stat_parcours` VALUES (17, 20231128151745, 76, '2023-11-28 16:19:38', NULL, b'0');
INSERT INTO `mobile_stat_parcours` VALUES (18, 20240528154415, 192, '2024-05-28 17:47:59', NULL, b'0');
INSERT INTO `mobile_stat_parcours` VALUES (19, 20240528154415, 192, '2024-05-28 17:48:19', NULL, b'0');
INSERT INTO `mobile_stat_parcours` VALUES (20, 20240528154415, 192, '2024-05-28 17:48:56', NULL, b'0');
INSERT INTO `mobile_stat_parcours` VALUES (21, 20240808155030, 75, '2024-08-27 12:46:37', NULL, b'0');
INSERT INTO `mobile_stat_parcours` VALUES (22, 20240912140235, 134, '2024-09-12 18:11:57', '2024-09-12 18:31:59', b'0');
INSERT INTO `mobile_stat_parcours` VALUES (23, 20240912140326, 134, '2024-09-12 18:13:42', NULL, b'0');
INSERT INTO `mobile_stat_parcours` VALUES (24, 20240912153849, 134, '2024-09-12 18:14:36', NULL, b'0');
INSERT INTO `mobile_stat_parcours` VALUES (25, 20240912154145, 134, '2024-09-12 18:17:37', NULL, b'0');
INSERT INTO `mobile_stat_parcours` VALUES (26, 20240912161108, 134, '2024-09-12 18:17:45', NULL, b'0');
INSERT INTO `mobile_stat_parcours` VALUES (27, 20240912140319, 134, '2024-09-12 18:17:55', NULL, b'0');
INSERT INTO `mobile_stat_parcours` VALUES (28, 20240912140400, 134, '2024-09-12 18:17:58', NULL, b'0');
INSERT INTO `mobile_stat_parcours` VALUES (29, 20240912140400, 134, '2024-09-12 18:17:58', NULL, b'0');
INSERT INTO `mobile_stat_parcours` VALUES (30, 20240912140400, 134, '2024-09-12 18:17:59', NULL, b'0');
INSERT INTO `mobile_stat_parcours` VALUES (31, 20240912140400, 134, '2024-09-12 18:17:59', NULL, b'0');
INSERT INTO `mobile_stat_parcours` VALUES (32, 20240912140400, 134, '2024-09-12 18:17:59', NULL, b'0');
INSERT INTO `mobile_stat_parcours` VALUES (33, 20240912140400, 134, '2024-09-12 18:17:59', NULL, b'0');
INSERT INTO `mobile_stat_parcours` VALUES (34, 20240912140400, 134, '2024-09-12 18:17:59', NULL, b'0');
INSERT INTO `mobile_stat_parcours` VALUES (35, 20240912140222, 134, '2024-09-12 18:18:04', NULL, b'0');
INSERT INTO `mobile_stat_parcours` VALUES (36, 20240912140533, 134, '2024-09-12 18:19:18', NULL, b'0');
INSERT INTO `mobile_stat_parcours` VALUES (37, 20240912140222, 134, '2024-09-12 18:19:38', NULL, b'0');
INSERT INTO `mobile_stat_parcours` VALUES (38, 20240912140319, 134, '2024-09-12 18:25:54', NULL, b'0');

-- ----------------------------
-- Table structure for mobile_track_parcours
-- ----------------------------
CREATE TABLE `mobile_track_parcours`  (
  `mtp_id` bigint NOT NULL AUTO_INCREMENT,
  `mtp_msp_id` bigint NOT NULL,
  `mtp_event_id` bigint NOT NULL,
  `mtp_stage_id` bigint NOT NULL,
  `mtp_challenge_id` bigint NULL DEFAULT NULL,
  `mtp_challenge_accepte` bit(1) NULL DEFAULT NULL,
  `mtp_quizz_id` bigint NULL DEFAULT NULL,
  `mtp_question_id` bigint NULL DEFAULT NULL COMMENT 'Ne pas utiliser : attente nouvelle évolution de l\'application \r\n=> A créer une nouvelle table mobile_track_question pour la gestion des statistiques liée à mobile_track_parcours',
  `mtp_reponse_ok` varchar(1) CHARACTER SET latin1 COLLATE latin1_swedish_ci NULL DEFAULT NULL COMMENT 'Ne pas utiliser : attente nouvelle évolution de l\'application \r\n=> A créer une nouvelle table mobile_track_question pour la gestion des statistiques liée à mobile_track_parcours',
  `mtp_date_action` datetime NOT NULL COMMENT ' date début Stage\r\n= date début Quizz ou défi si le défi existe et est accepté.\r\n',
  `mtp_defi_partage` bit(1) NOT NULL DEFAULT b'1',
  PRIMARY KEY (`mtp_id`) USING BTREE,
  INDEX `FK_mtp_challenge_id`(`mtp_challenge_id`) USING BTREE,
  INDEX `FK_mtp_event_id`(`mtp_event_id`) USING BTREE,
  INDEX `FK_mtp_msp_id`(`mtp_msp_id`) USING BTREE,
  INDEX `FK_mtp_stage_id`(`mtp_stage_id`) USING BTREE,
  INDEX `FK_mtp_quizz_id`(`mtp_quizz_id`) USING BTREE,
  INDEX `FK_mtp_question_id`(`mtp_question_id`) USING BTREE,
  CONSTRAINT `FK_mtp_event_id` FOREIGN KEY (`mtp_event_id`) REFERENCES `mobile_stat_parcours` (`msp_event_id`) ON DELETE RESTRICT ON UPDATE RESTRICT,
  CONSTRAINT `FK_mtp_msp_id` FOREIGN KEY (`mtp_msp_id`) REFERENCES `mobile_stat_parcours` (`msp_event_id`) ON DELETE RESTRICT ON UPDATE RESTRICT,
  CONSTRAINT `FK_mtp_question_id` FOREIGN KEY (`mtp_question_id`) REFERENCES `question` (`id`) ON DELETE RESTRICT ON UPDATE RESTRICT,
  CONSTRAINT `FK_mtp_quizz_id` FOREIGN KEY (`mtp_quizz_id`) REFERENCES `quizz` (`id`) ON DELETE RESTRICT ON UPDATE RESTRICT,
  CONSTRAINT `FK_mtp_stage_id` FOREIGN KEY (`mtp_stage_id`) REFERENCES `stage` (`id`) ON DELETE RESTRICT ON UPDATE RESTRICT
) ENGINE = InnoDB AUTO_INCREMENT = 60 CHARACTER SET = latin1 COLLATE = latin1_swedish_ci ROW_FORMAT = Dynamic TABLESPACE = `innodb_system`;

-- ----------------------------
-- Table structure for mobile_type_utilisation
-- ----------------------------
CREATE TABLE `mobile_type_utilisation`  (
  `mob_id` bigint NOT NULL DEFAULT 0,
  `mob_type_utilisation` bigint NOT NULL DEFAULT 0,
  `mob_description` varchar(255) CHARACTER SET latin1 COLLATE latin1_swedish_ci NOT NULL,
  PRIMARY KEY (`mob_id`) USING BTREE
) ENGINE = InnoDB CHARACTER SET = latin1 COLLATE = latin1_swedish_ci ROW_FORMAT = Dynamic;

-- ----------------------------
-- Records of mobile_type_utilisation
-- ----------------------------
INSERT INTO `mobile_type_utilisation` VALUES (1, 1, 'Valeur 0 = Affichage Normal, Valeur 1 = Utilisation App Mobile Privé');

-- ----------------------------
-- Table structure for mobile_users
-- ----------------------------
CREATE TABLE `mobile_users`  (
  `mus_id_user` bigint NOT NULL AUTO_INCREMENT,
  `mus_pseudo` varchar(20) CHARACTER SET latin1 COLLATE latin1_swedish_ci NOT NULL,
  `mus_sexe` tinyint(1) NULL DEFAULT NULL,
  `mus_tranche_age` int NULL DEFAULT NULL,
  `mus_date_cpte_ferme` timestamp NULL DEFAULT NULL,
  `msp_parcours_partage` bit(1) NOT NULL DEFAULT b'0',
  PRIMARY KEY (`mus_id_user`) USING BTREE
) ENGINE = InnoDB AUTO_INCREMENT = 20240924000246 CHARACTER SET = latin1 COLLATE = latin1_swedish_ci ROW_FORMAT = Dynamic;

-- ----------------------------
-- Records of mobile_users
-- ----------------------------
INSERT INTO `mobile_users` VALUES (20211217093817, 'loicd', 1, 5, NULL, b'0');
INSERT INTO `mobile_users` VALUES (20211220152757, 'bng', 0, 0, NULL, b'0');
INSERT INTO `mobile_users` VALUES (20211221114906, 'Fdlv', 0, 0, NULL, b'0');
INSERT INTO `mobile_users` VALUES (20211222091511, 'mlr', 0, 0, NULL, b'0');
INSERT INTO `mobile_users` VALUES (20211222102330, 'mlr', 0, 0, NULL, b'0');
INSERT INTO `mobile_users` VALUES (20211224093222, 'bng', 0, 0, NULL, b'0');
INSERT INTO `mobile_users` VALUES (20220114145855, 'SOFY', 0, 0, NULL, b'0');
INSERT INTO `mobile_users` VALUES (20220119154930, 'taupi', 1, 5, NULL, b'0');
INSERT INTO `mobile_users` VALUES (20220121235310, 'bernardo', 1, 6, NULL, b'0');
INSERT INTO `mobile_users` VALUES (20220123130054, 'clément', 0, 0, NULL, b'0');
INSERT INTO `mobile_users` VALUES (20220124164900, 'liam19durand', 0, 0, NULL, b'0');
INSERT INTO `mobile_users` VALUES (20220124164953, 'xavier', 1, 5, NULL, b'0');
INSERT INTO `mobile_users` VALUES (20220124211332, 'Alex', 0, 0, NULL, b'0');
INSERT INTO `mobile_users` VALUES (20220126135826, 'liam19durand', 0, 0, NULL, b'0');
INSERT INTO `mobile_users` VALUES (20220126153944, 'moi', 0, 0, NULL, b'0');
INSERT INTO `mobile_users` VALUES (20220126170638, 'wdurand', 1, 0, NULL, b'0');
INSERT INTO `mobile_users` VALUES (20220128105342, 'Moi', 0, 0, NULL, b'0');
INSERT INTO `mobile_users` VALUES (20220128165843, 'will', 0, 0, NULL, b'0');
INSERT INTO `mobile_users` VALUES (20220211115542, 'abniang', 1, 5, NULL, b'0');
INSERT INTO `mobile_users` VALUES (20220221165754, 'MAGudet', 2, 5, NULL, b'0');
INSERT INTO `mobile_users` VALUES (20220221195950, 'Philippe', 1, 6, NULL, b'0');
INSERT INTO `mobile_users` VALUES (20220222090153, 'camille225', 1, 4, NULL, b'0');
INSERT INTO `mobile_users` VALUES (20220222103938, 'Fabi', 0, 0, NULL, b'0');
INSERT INTO `mobile_users` VALUES (20220222182737, 'Doune', 2, 5, NULL, b'0');
INSERT INTO `mobile_users` VALUES (20220227014048, 'jhtrewq', 0, 0, NULL, b'0');
INSERT INTO `mobile_users` VALUES (20220228105302, 'Fab', 0, 0, NULL, b'0');
INSERT INTO `mobile_users` VALUES (20220228120504, 'FaB', 0, 0, NULL, b'0');
INSERT INTO `mobile_users` VALUES (20220301124424, 'Toulousain55', 1, 6, NULL, b'0');
INSERT INTO `mobile_users` VALUES (20220301173413, 'layank', 2, 6, NULL, b'0');
INSERT INTO `mobile_users` VALUES (20220301223241, 'Canopee Groupe', 2, 5, NULL, b'0');
INSERT INTO `mobile_users` VALUES (20220305233537, 'Dryepelie', 1, 5, NULL, b'0');
INSERT INTO `mobile_users` VALUES (20220322072951, 'philippe', 1, 6, NULL, b'0');
INSERT INTO `mobile_users` VALUES (20220407084406, 'Thomas', 1, 5, NULL, b'0');
INSERT INTO `mobile_users` VALUES (20220407104907, 'juliehda', 2, 3, NULL, b'0');
INSERT INTO `mobile_users` VALUES (20220407104909, 'maebrt', 2, 3, NULL, b'0');
INSERT INTO `mobile_users` VALUES (20220407104916, 'Milissa', 2, 3, NULL, b'0');
INSERT INTO `mobile_users` VALUES (20220407105034, 'manonlcpp', 2, 3, NULL, b'0');
INSERT INTO `mobile_users` VALUES (20220407105037, 'Raphaël', 1, 3, NULL, b'0');
INSERT INTO `mobile_users` VALUES (20220407105124, 'les -10', 1, 3, NULL, b'0');
INSERT INTO `mobile_users` VALUES (20220407105629, 'felicepll', 2, 3, NULL, b'0');
INSERT INTO `mobile_users` VALUES (20220407105754, 'octave', 1, 3, NULL, b'0');
INSERT INTO `mobile_users` VALUES (20220407105836, 'jojo', 1, 3, NULL, b'0');
INSERT INTO `mobile_users` VALUES (20220407110127, 'enzo', 1, 3, NULL, b'0');
INSERT INTO `mobile_users` VALUES (20220407110319, 'foudre', 1, 3, NULL, b'0');
INSERT INTO `mobile_users` VALUES (20220407110323, 'Yumiko', 2, 3, NULL, b'0');
INSERT INTO `mobile_users` VALUES (20220407110337, 'David', 1, 3, NULL, b'0');
INSERT INTO `mobile_users` VALUES (20220407110909, 'unycuylix', 1, 3, NULL, b'0');
INSERT INTO `mobile_users` VALUES (20220407111207, 'ulysse', 1, 3, NULL, b'0');
INSERT INTO `mobile_users` VALUES (20220407111321, 'oceanenml', 2, 3, NULL, b'0');
INSERT INTO `mobile_users` VALUES (20220407111341, 'gass', 1, 3, NULL, b'0');
INSERT INTO `mobile_users` VALUES (20220407112057, 'julie', 2, 3, NULL, b'0');
INSERT INTO `mobile_users` VALUES (20220407112109, 'Dam', 1, 3, NULL, b'0');
INSERT INTO `mobile_users` VALUES (20220407112115, 'max', 1, 3, NULL, b'0');
INSERT INTO `mobile_users` VALUES (20220407112126, 'Gus', 1, 3, NULL, b'0');
INSERT INTO `mobile_users` VALUES (20220407112225, 'Nynyse', 2, 3, NULL, b'0');
INSERT INTO `mobile_users` VALUES (20220407112227, 'Kraquote', 1, 3, NULL, b'0');
INSERT INTO `mobile_users` VALUES (20220407112639, 'Crew', 1, 3, NULL, b'0');
INSERT INTO `mobile_users` VALUES (20220407113048, 'cesar', 1, 3, NULL, b'0');
INSERT INTO `mobile_users` VALUES (20220407113059, 'Gabriel', 0, 3, NULL, b'0');
INSERT INTO `mobile_users` VALUES (20220407113431, 'Tommy', 0, 0, NULL, b'0');
INSERT INTO `mobile_users` VALUES (20220407113502, 'Cherwryp', 2, 2, NULL, b'0');
INSERT INTO `mobile_users` VALUES (20220407113611, 'timothé', 0, 0, NULL, b'0');
INSERT INTO `mobile_users` VALUES (20220407113726, 'Nathan', 1, 3, NULL, b'0');
INSERT INTO `mobile_users` VALUES (20220407113756, 'Jean', 1, 3, NULL, b'0');
INSERT INTO `mobile_users` VALUES (20220407114303, 'ana', 0, 0, NULL, b'0');
INSERT INTO `mobile_users` VALUES (20220407114306, 'mathilde', 0, 0, NULL, b'0');
INSERT INTO `mobile_users` VALUES (20220407114341, 'ana mekodiomba', 2, 3, NULL, b'0');
INSERT INTO `mobile_users` VALUES (20220407114430, 'rsll', 2, 3, NULL, b'0');
INSERT INTO `mobile_users` VALUES (20220407114432, 'lylamln', 2, 3, NULL, b'0');
INSERT INTO `mobile_users` VALUES (20220407114621, 'mimi', 2, 3, NULL, b'0');
INSERT INTO `mobile_users` VALUES (20220407115255, 'Molka', 2, 3, NULL, b'0');
INSERT INTO `mobile_users` VALUES (20220407120125, 'Léa', 2, 2, NULL, b'0');
INSERT INTO `mobile_users` VALUES (20220407120330, 'Ocetsmb', 2, 2, NULL, b'0');
INSERT INTO `mobile_users` VALUES (20220407120404, 'Shaima', 2, 2, NULL, b'0');
INSERT INTO `mobile_users` VALUES (20220407120413, 'ninon', 2, 3, NULL, b'0');
INSERT INTO `mobile_users` VALUES (20220407120630, 'malek2gtf', 2, 3, NULL, b'0');
INSERT INTO `mobile_users` VALUES (20220407120658, 'yasmine2gtb', 2, 3, NULL, b'0');
INSERT INTO `mobile_users` VALUES (20220407120932, 'Greg', 1, 3, NULL, b'0');
INSERT INTO `mobile_users` VALUES (20220407121301, 'yocestmoi', 0, 0, NULL, b'0');
INSERT INTO `mobile_users` VALUES (20220407125530, 'cookie', 0, 0, NULL, b'0');
INSERT INTO `mobile_users` VALUES (20220407132307, 'Séphora', 0, 0, NULL, b'0');
INSERT INTO `mobile_users` VALUES (20220407134627, 'alyciamailys', 2, 3, NULL, b'0');
INSERT INTO `mobile_users` VALUES (20220407134635, 'maria', 0, 0, NULL, b'0');
INSERT INTO `mobile_users` VALUES (20220407135527, 'mathou', 0, 0, NULL, b'0');
INSERT INTO `mobile_users` VALUES (20220407135614, 'nath', 1, 3, NULL, b'0');
INSERT INTO `mobile_users` VALUES (20220407135708, 'lught', 1, 6, NULL, b'0');
INSERT INTO `mobile_users` VALUES (20220407135713, 'tao', 0, 0, NULL, b'0');
INSERT INTO `mobile_users` VALUES (20220407135800, 'tao34', 0, 0, NULL, b'0');
INSERT INTO `mobile_users` VALUES (20220407135924, 'debaetsmaelle', 2, 3, NULL, b'0');
INSERT INTO `mobile_users` VALUES (20220407140004, 'vicbricout', 2, 3, NULL, b'0');
INSERT INTO `mobile_users` VALUES (20220407141056, 'Barry', 0, 0, NULL, b'0');
INSERT INTO `mobile_users` VALUES (20220407141457, 'monkey', 1, 0, NULL, b'0');
INSERT INTO `mobile_users` VALUES (20220407141814, 'floflow-59830', 0, 0, NULL, b'0');
INSERT INTO `mobile_users` VALUES (20220407143056, 'l’équipe', 0, 0, NULL, b'0');
INSERT INTO `mobile_users` VALUES (20220407143201, 'lou', 2, 3, NULL, b'0');
INSERT INTO `mobile_users` VALUES (20220407144654, 'Hehea', 1, 3, NULL, b'0');
INSERT INTO `mobile_users` VALUES (20220407145459, 'waliyya', 0, 0, NULL, b'0');
INSERT INTO `mobile_users` VALUES (20220407150306, 'camille', 0, 0, NULL, b'0');
INSERT INTO `mobile_users` VALUES (20220407150317, 'plsntt', 1, 4, NULL, b'0');
INSERT INTO `mobile_users` VALUES (20220407150331, 'inesldr', 2, 0, NULL, b'0');
INSERT INTO `mobile_users` VALUES (20220407153957, 'alll', 2, 3, NULL, b'0');
INSERT INTO `mobile_users` VALUES (20220407155519, 'Baptiste', 1, 3, NULL, b'0');
INSERT INTO `mobile_users` VALUES (20220407155919, 'thibault', 0, 0, NULL, b'0');
INSERT INTO `mobile_users` VALUES (20220407160557, 'yannisbbz', 0, 0, NULL, b'0');
INSERT INTO `mobile_users` VALUES (20220407160629, 'alves', 1, 3, NULL, b'0');
INSERT INTO `mobile_users` VALUES (20220407161839, 'clem', 1, 3, NULL, b'0');
INSERT INTO `mobile_users` VALUES (20220407162710, 'marinekrs', 0, 0, NULL, b'0');
INSERT INTO `mobile_users` VALUES (20220407163113, 'bigo', 0, 0, NULL, b'0');
INSERT INTO `mobile_users` VALUES (20220410135707, 'resoher', 2, 5, NULL, b'0');
INSERT INTO `mobile_users` VALUES (20220410182409, 'lilol', 2, 5, NULL, b'0');
INSERT INTO `mobile_users` VALUES (20220412161913, 'Cyprien', 1, 4, NULL, b'0');
INSERT INTO `mobile_users` VALUES (20220503150607, 'sejir', 1, 5, NULL, b'0');
INSERT INTO `mobile_users` VALUES (20220503160103, 'Anne', 2, 5, NULL, b'0');
INSERT INTO `mobile_users` VALUES (20220504222529, 'Dryepelie', 1, 5, NULL, b'0');
INSERT INTO `mobile_users` VALUES (20220510145920, 'noem', 2, 2, NULL, b'0');
INSERT INTO `mobile_users` VALUES (20220510145953, 'kris', 2, 2, NULL, b'0');
INSERT INTO `mobile_users` VALUES (20220512145138, 'Ivan', 1, 5, NULL, b'0');
INSERT INTO `mobile_users` VALUES (20220512145149, 'OphelieBrghl', 2, 5, NULL, b'0');
INSERT INTO `mobile_users` VALUES (20220517094726, 'hmh', 0, 0, NULL, b'0');
INSERT INTO `mobile_users` VALUES (20220517101950, 'Fdlv_2021', 0, 0, NULL, b'0');
INSERT INTO `mobile_users` VALUES (20220519111314, 'Adrien', 1, 5, NULL, b'0');
INSERT INTO `mobile_users` VALUES (20220519203359, 'mich', 1, 6, NULL, b'0');
INSERT INTO `mobile_users` VALUES (20220530141646, 'Salima', 2, 5, NULL, b'0');
INSERT INTO `mobile_users` VALUES (20220530142459, 'Melina', 2, 5, NULL, b'0');
INSERT INTO `mobile_users` VALUES (20220531055727, 'Apple', 0, 0, NULL, b'0');
INSERT INTO `mobile_users` VALUES (20220531092017, 'Pakerette', 2, 5, NULL, b'0');
INSERT INTO `mobile_users` VALUES (20220601094451, 'Émelyne', 2, 5, NULL, b'0');
INSERT INTO `mobile_users` VALUES (20220601094717, 'Salima', 2, 5, NULL, b'0');
INSERT INTO `mobile_users` VALUES (20220601094834, 'Melody', 2, 5, NULL, b'0');
INSERT INTO `mobile_users` VALUES (20220601095003, 'Noëlle', 2, 5, NULL, b'0');
INSERT INTO `mobile_users` VALUES (20220601095049, 'karim', 1, 6, NULL, b'0');
INSERT INTO `mobile_users` VALUES (20220603102355, 'Salima', 2, 5, NULL, b'0');
INSERT INTO `mobile_users` VALUES (20220603165955, 'ilhem', 2, 4, NULL, b'0');
INSERT INTO `mobile_users` VALUES (20220603170016, 'neige', 2, 6, NULL, b'0');
INSERT INTO `mobile_users` VALUES (20220603170050, 'Bruno', 0, 0, NULL, b'0');
INSERT INTO `mobile_users` VALUES (20220603170157, 'femme', 2, 5, NULL, b'0');
INSERT INTO `mobile_users` VALUES (20220607143723, 'hmh', 0, 0, NULL, b'0');
INSERT INTO `mobile_users` VALUES (20220607151743, 'hmh', 0, 0, NULL, b'0');
INSERT INTO `mobile_users` VALUES (20220607161003, 'hmh', 0, 0, NULL, b'0');
INSERT INTO `mobile_users` VALUES (20220607162840, 'hmh', 0, 0, NULL, b'0');
INSERT INTO `mobile_users` VALUES (20220607213822, 'hmh', 0, 0, NULL, b'0');
INSERT INTO `mobile_users` VALUES (20220607215909, 'hmh', 0, 0, NULL, b'0');
INSERT INTO `mobile_users` VALUES (20220609182934, 'rbng', 0, 0, NULL, b'0');
INSERT INTO `mobile_users` VALUES (20220610103504, 'hmh', 0, 0, NULL, b'0');
INSERT INTO `mobile_users` VALUES (20220616145310, 'Samir21', 0, 0, NULL, b'0');
INSERT INTO `mobile_users` VALUES (20220617184845, 'jonhdoe', 1, 4, NULL, b'0');
INSERT INTO `mobile_users` VALUES (20220618030007, 'hmh', 0, 0, NULL, b'0');
INSERT INTO `mobile_users` VALUES (20220620153449, 'Léa', 2, 4, NULL, b'0');
INSERT INTO `mobile_users` VALUES (20220622163849, 'Batman667', 1, 5, NULL, b'0');
INSERT INTO `mobile_users` VALUES (20220624201947, 'ohm', 1, 5, NULL, b'0');
INSERT INTO `mobile_users` VALUES (20220624202117, 'bonjour', 1, 5, NULL, b'0');
INSERT INTO `mobile_users` VALUES (20220704142812, 'Philippe', 0, 0, NULL, b'0');
INSERT INTO `mobile_users` VALUES (20220704195605, 'syl', 2, 5, NULL, b'0');
INSERT INTO `mobile_users` VALUES (20220706120418, 'nejm_gad', 1, 5, NULL, b'0');
INSERT INTO `mobile_users` VALUES (20220718095215, 'okba-stg', 1, 5, NULL, b'0');
INSERT INTO `mobile_users` VALUES (20220725090209, 'slmcvx', 0, 0, NULL, b'0');
INSERT INTO `mobile_users` VALUES (20220725103538, 'abc samir', 0, 0, NULL, b'0');
INSERT INTO `mobile_users` VALUES (20220725103643, 'abcsamir', 0, 0, NULL, b'0');
INSERT INTO `mobile_users` VALUES (20220830154835, 'phil', 0, 0, NULL, b'0');
INSERT INTO `mobile_users` VALUES (20220830155411, 'samir', 0, 0, NULL, b'0');
INSERT INTO `mobile_users` VALUES (20220831115309, 'Samir', 0, 0, NULL, b'0');
INSERT INTO `mobile_users` VALUES (20220902152638, 'philip', 0, 0, NULL, b'0');
INSERT INTO `mobile_users` VALUES (20220905120930, 'Samir', 0, 0, NULL, b'0');
INSERT INTO `mobile_users` VALUES (20220905124714, 'Samir', 0, 0, NULL, b'0');
INSERT INTO `mobile_users` VALUES (20220907091934, 'Fdlv_Adm2022', 0, 0, '2022-09-07 07:20:59', b'0');
INSERT INTO `mobile_users` VALUES (20220907155719, 'Aaaa', 0, 0, NULL, b'0');
INSERT INTO `mobile_users` VALUES (20220907160046, 'aaa', 0, 0, NULL, b'0');
INSERT INTO `mobile_users` VALUES (20220912221026, 'philo', 0, 0, NULL, b'0');
INSERT INTO `mobile_users` VALUES (20220913105855, 'samir', 0, 0, NULL, b'0');
INSERT INTO `mobile_users` VALUES (20220913111124, 'phil', 0, 0, NULL, b'0');
INSERT INTO `mobile_users` VALUES (20220916101246, 'philip', 0, 0, NULL, b'0');
INSERT INTO `mobile_users` VALUES (20220916101523, 'phil', 0, 0, NULL, b'0');
INSERT INTO `mobile_users` VALUES (20220916111309, 'phil', 0, 0, NULL, b'0');
INSERT INTO `mobile_users` VALUES (20220916135707, 'phil', 0, 0, NULL, b'0');
INSERT INTO `mobile_users` VALUES (20220916143010, 'Lahna', 2, 4, NULL, b'0');
INSERT INTO `mobile_users` VALUES (20220916143620, 'Lahnaa', 2, 4, NULL, b'0');
INSERT INTO `mobile_users` VALUES (20220916143707, 'Fdlv2011', 2, 4, NULL, b'0');
INSERT INTO `mobile_users` VALUES (20220916153029, 'samir', 0, 0, NULL, b'0');
INSERT INTO `mobile_users` VALUES (20220916153116, 'Lahnadanse08', 0, 0, NULL, b'0');
INSERT INTO `mobile_users` VALUES (20220916161358, 'MA59', 0, 0, NULL, b'0');
INSERT INTO `mobile_users` VALUES (20220916161406, 'askd', 2, 4, NULL, b'0');
INSERT INTO `mobile_users` VALUES (20220916161545, 'salma', 2, 4, NULL, b'0');
INSERT INTO `mobile_users` VALUES (20220920105739, 'fdlv', 1, 5, NULL, b'0');
INSERT INTO `mobile_users` VALUES (20220922165130, 'philo', 0, 0, NULL, b'0');
INSERT INTO `mobile_users` VALUES (20220929093747, 'salma', 2, 4, NULL, b'0');
INSERT INTO `mobile_users` VALUES (20220929093823, 'santelys', 0, 0, NULL, b'0');
INSERT INTO `mobile_users` VALUES (20221017195117, 'Fdlv_2011', 0, 0, NULL, b'0');
INSERT INTO `mobile_users` VALUES (20221017205615, 'moa_fdlv', 0, 0, NULL, b'0');
INSERT INTO `mobile_users` VALUES (20221017210329, 'FDLV6', 0, 0, NULL, b'0');
INSERT INTO `mobile_users` VALUES (20221018083604, 'timonlfrc', 1, 3, NULL, b'0');
INSERT INTO `mobile_users` VALUES (20221020155801, 'vvee', 1, 5, NULL, b'0');
INSERT INTO `mobile_users` VALUES (20221020155907, 'philippe', 0, 0, NULL, b'0');
INSERT INTO `mobile_users` VALUES (20221020160027, 'Fdlv_Adm2011', 1, 6, NULL, b'0');
INSERT INTO `mobile_users` VALUES (20221020160204, 'Fdlv_Adm2011', 1, 6, NULL, b'0');
INSERT INTO `mobile_users` VALUES (20221020160354, 'abc', 0, 0, NULL, b'0');
INSERT INTO `mobile_users` VALUES (20221020161207, 'phil', 0, 0, NULL, b'0');
INSERT INTO `mobile_users` VALUES (20221020170255, 'aymeric', 1, 0, NULL, b'0');
INSERT INTO `mobile_users` VALUES (20221022132826, 'Robin', 1, 3, NULL, b'0');
INSERT INTO `mobile_users` VALUES (20221028110744, 'Fdlv_Adm2011', 0, 0, NULL, b'0');
INSERT INTO `mobile_users` VALUES (20221031143952, 'Lyle', 2, 6, NULL, b'0');
INSERT INTO `mobile_users` VALUES (20221031144133, 'Arezki', 2, 6, NULL, b'0');
INSERT INTO `mobile_users` VALUES (20221102084803, 'Lahna', 0, 0, NULL, b'0');
INSERT INTO `mobile_users` VALUES (20221107112556, 'btissamnachit', 2, 4, NULL, b'0');
INSERT INTO `mobile_users` VALUES (20221107163357, 'jojo', 0, 0, NULL, b'0');
INSERT INTO `mobile_users` VALUES (20221107175459, 'Theo', 0, 0, NULL, b'0');
INSERT INTO `mobile_users` VALUES (20221107185004, 'Joseph', 0, 0, NULL, b'0');
INSERT INTO `mobile_users` VALUES (20221107204746, 'edgar', 0, 0, NULL, b'0');
INSERT INTO `mobile_users` VALUES (20221107205316, 'Edgar', 0, 0, NULL, b'0');
INSERT INTO `mobile_users` VALUES (20221107211001, 'phil', 0, 0, NULL, b'0');
INSERT INTO `mobile_users` VALUES (20221108102443, 'edgar', 0, 0, NULL, b'0');
INSERT INTO `mobile_users` VALUES (20221109113314, 'bnachitProd', 0, 0, NULL, b'0');
INSERT INTO `mobile_users` VALUES (20221109133516, 'moa_fdlv', 0, 0, NULL, b'0');
INSERT INTO `mobile_users` VALUES (20221109152607, 'étoile', 2, 6, NULL, b'0');
INSERT INTO `mobile_users` VALUES (20221118134709, 'Fdlv_Adm2011', 0, 0, NULL, b'0');
INSERT INTO `mobile_users` VALUES (20221129155921, 'phil', 0, 0, NULL, b'0');
INSERT INTO `mobile_users` VALUES (20221207094650, 'Fdlv_Adm2011', 0, 0, NULL, b'0');
INSERT INTO `mobile_users` VALUES (20221207104708, 'cindi', 2, 5, NULL, b'0');
INSERT INTO `mobile_users` VALUES (20221207134119, 'gopal Pahadiya', 1, 4, NULL, b'0');
INSERT INTO `mobile_users` VALUES (20221220160511, 'Fdlv_Adm2011', 0, 0, NULL, b'0');
INSERT INTO `mobile_users` VALUES (20230120162538, 'Fdlv_Adm2011', 0, 0, NULL, b'0');
INSERT INTO `mobile_users` VALUES (20230125111930, 'safe', 2, 5, NULL, b'0');
INSERT INTO `mobile_users` VALUES (20230206121116, 'mdesbois', 1, 4, NULL, b'0');
INSERT INTO `mobile_users` VALUES (20230223094814, 'abdel', 1, 6, NULL, b'0');
INSERT INTO `mobile_users` VALUES (20230228231648, 'ame', 0, 0, NULL, b'0');
INSERT INTO `mobile_users` VALUES (20230228231746, 'amd', 2, 5, NULL, b'0');
INSERT INTO `mobile_users` VALUES (20230312042006, 'phili', 1, 6, NULL, b'0');
INSERT INTO `mobile_users` VALUES (20230321163436, 'osef', 1, 5, NULL, b'0');
INSERT INTO `mobile_users` VALUES (20230321163631, 'osef2', 2, 3, NULL, b'0');
INSERT INTO `mobile_users` VALUES (20230322112506, 'phil', 0, 0, NULL, b'0');
INSERT INTO `mobile_users` VALUES (20230322160428, 'Fdlv_Adm2011', 0, 0, NULL, b'0');
INSERT INTO `mobile_users` VALUES (20230327151255, 'nicob', 1, 6, NULL, b'0');
INSERT INTO `mobile_users` VALUES (20230330141424, 'joffreyj', 0, 0, NULL, b'0');
INSERT INTO `mobile_users` VALUES (20230330142259, 'Fdlv_Admin2021', 0, 0, NULL, b'0');
INSERT INTO `mobile_users` VALUES (20230330150530, 'joff39292', 0, 0, NULL, b'0');
INSERT INTO `mobile_users` VALUES (20230331095528, 'Fdlv_Adm2011', 0, 0, NULL, b'0');
INSERT INTO `mobile_users` VALUES (20230412101248, 'Fdlv_Adm2011', 0, 0, NULL, b'0');
INSERT INTO `mobile_users` VALUES (20230418145037, 'Fdlv_adm2021', 0, 0, '2023-04-18 12:51:17', b'0');
INSERT INTO `mobile_users` VALUES (20230420124639, 'text', 0, 0, NULL, b'0');
INSERT INTO `mobile_users` VALUES (20230420143746, 'text', 0, 0, NULL, b'0');
INSERT INTO `mobile_users` VALUES (20230420144428, 'text', 0, 0, NULL, b'0');
INSERT INTO `mobile_users` VALUES (20230420145450, 'text', 0, 0, NULL, b'0');
INSERT INTO `mobile_users` VALUES (20230421081448, 'text', 0, 0, NULL, b'0');
INSERT INTO `mobile_users` VALUES (20230421081650, 'text', 0, 0, NULL, b'0');
INSERT INTO `mobile_users` VALUES (20230424132231, 'Manuela', 0, 0, NULL, b'0');
INSERT INTO `mobile_users` VALUES (20230506134513, 'haro', 1, 6, NULL, b'0');
INSERT INTO `mobile_users` VALUES (20230607154039, 'Joffrey', 1, 2, NULL, b'0');
INSERT INTO `mobile_users` VALUES (20230608165622, 'Samir', 0, 5, NULL, b'0');
INSERT INTO `mobile_users` VALUES (20230609095945, 'PHIL', 0, 5, NULL, b'0');
INSERT INTO `mobile_users` VALUES (20230609100739, 'centre social 1', 1, 4, NULL, b'0');
INSERT INTO `mobile_users` VALUES (20230609101309, 'pakerette', 1, 4, NULL, b'0');
INSERT INTO `mobile_users` VALUES (20230609101356, 'Cyprien', 0, 3, NULL, b'0');
INSERT INTO `mobile_users` VALUES (20230609113256, 'CSo', 0, 3, NULL, b'0');
INSERT INTO `mobile_users` VALUES (20230609164749, 'nail', 0, 2, NULL, b'0');
INSERT INTO `mobile_users` VALUES (20230609194036, 'Nader', 0, 4, NULL, b'0');
INSERT INTO `mobile_users` VALUES (20230609194109, 'admin', 0, 4, NULL, b'0');
INSERT INTO `mobile_users` VALUES (20230613014624, 'alextab', 0, 4, NULL, b'0');
INSERT INTO `mobile_users` VALUES (20230614113238, 'gjulien', 0, 4, NULL, b'0');
INSERT INTO `mobile_users` VALUES (20230614113344, 'Fldv_Adm2021', 0, 4, NULL, b'0');
INSERT INTO `mobile_users` VALUES (20230626161934, 'seb', 0, 3, NULL, b'0');
INSERT INTO `mobile_users` VALUES (20230627194430, 'vero', 1, 5, NULL, b'0');
INSERT INTO `mobile_users` VALUES (20230627194843, 'bouboule', 1, 5, NULL, b'0');
INSERT INTO `mobile_users` VALUES (20230627195052, 'nouboule', 1, 5, NULL, b'0');
INSERT INTO `mobile_users` VALUES (20230705163330, 'Apple', 0, 4, NULL, b'0');
INSERT INTO `mobile_users` VALUES (20230730131900, 'enjoylifefamily', 1, 0, NULL, b'0');
INSERT INTO `mobile_users` VALUES (20230818114919, 'Sam', 0, 5, NULL, b'0');
INSERT INTO `mobile_users` VALUES (20230818130155, 'Sam', 0, 5, NULL, b'0');
INSERT INTO `mobile_users` VALUES (20230827125717, 'msaupalein', 1, 4, NULL, b'0');
INSERT INTO `mobile_users` VALUES (20230901134615, 'Pacôme', 0, 4, NULL, b'0');
INSERT INTO `mobile_users` VALUES (20230906140418, 'Leo', 2, 4, NULL, b'0');
INSERT INTO `mobile_users` VALUES (20230906140959, 'Lisa', 1, 3, NULL, b'0');
INSERT INTO `mobile_users` VALUES (20230906142936, 'Wass', 0, 3, NULL, b'0');
INSERT INTO `mobile_users` VALUES (20230914203439, 'NaïmDZ', 0, 3, NULL, b'0');
INSERT INTO `mobile_users` VALUES (20230914212401, 'ambre', 1, 3, NULL, b'0');
INSERT INTO `mobile_users` VALUES (20230915091106, 'les alcoolos', 0, 3, NULL, b'0');
INSERT INTO `mobile_users` VALUES (20230915091118, 'solene', 1, 3, NULL, b'0');
INSERT INTO `mobile_users` VALUES (20230915091130, 'tartag', 0, 3, NULL, b'0');
INSERT INTO `mobile_users` VALUES (20230915091131, 'Luffy', 0, 3, NULL, b'0');
INSERT INTO `mobile_users` VALUES (20230915091133, 'chailsd59', 1, 3, NULL, b'0');
INSERT INTO `mobile_users` VALUES (20230915091136, 'Yoko', 2, 4, NULL, b'0');
INSERT INTO `mobile_users` VALUES (20230915091152, '42chriss', 0, 3, NULL, b'0');
INSERT INTO `mobile_users` VALUES (20230915091202, 'lena', 1, 3, NULL, b'0');
INSERT INTO `mobile_users` VALUES (20230915091212, 'chayma', 1, 3, NULL, b'0');
INSERT INTO `mobile_users` VALUES (20230915091225, 'les alcoolos', 1, 3, NULL, b'0');
INSERT INTO `mobile_users` VALUES (20230915091238, 'les alcoolos', 1, 3, NULL, b'0');
INSERT INTO `mobile_users` VALUES (20230915091247, 'bibou', 1, 3, NULL, b'0');
INSERT INTO `mobile_users` VALUES (20230920171815, 'sacha', 1, 5, NULL, b'0');
INSERT INTO `mobile_users` VALUES (20231013110232, 'lena', 1, 3, NULL, b'0');
INSERT INTO `mobile_users` VALUES (20231013233326, 'Tiphaine16', 1, 2, NULL, b'0');
INSERT INTO `mobile_users` VALUES (20231015150931, 'jordaniraw', 0, 4, NULL, b'0');
INSERT INTO `mobile_users` VALUES (20231015155909, 'neo', 0, 3, NULL, b'0');
INSERT INTO `mobile_users` VALUES (20231015155957, 'coralie', 1, 3, NULL, b'0');
INSERT INTO `mobile_users` VALUES (20231019103437, 'chayma', 1, 3, NULL, b'0');
INSERT INTO `mobile_users` VALUES (20231019103618, 'Naim', 0, 3, NULL, b'0');
INSERT INTO `mobile_users` VALUES (20231019122520, 'Anna07', 1, 2, NULL, b'0');
INSERT INTO `mobile_users` VALUES (20231019140501, 'Kobe', 0, 3, NULL, b'0');
INSERT INTO `mobile_users` VALUES (20231019140507, 'bibouu', 1, 3, NULL, b'0');
INSERT INTO `mobile_users` VALUES (20231019143445, 'tiph48', 1, 2, NULL, b'0');
INSERT INTO `mobile_users` VALUES (20231019175359, 'danaé_lne', 1, 1, NULL, b'0');
INSERT INTO `mobile_users` VALUES (20231019175445, 'danae_lne', 1, 1, NULL, b'0');
INSERT INTO `mobile_users` VALUES (20231019175903, 'minouche', 1, 5, NULL, b'0');
INSERT INTO `mobile_users` VALUES (20231019175911, 'bobo', 0, 5, NULL, b'0');
INSERT INTO `mobile_users` VALUES (20231020160230, 'Issam', 0, 3, NULL, b'0');
INSERT INTO `mobile_users` VALUES (20231020165417, 'jocxlyn_t', 0, 2, NULL, b'0');
INSERT INTO `mobile_users` VALUES (20231022124553, 'Valérie', 2, 6, NULL, b'0');
INSERT INTO `mobile_users` VALUES (20231022125715, 'nickel', 1, 5, NULL, b'0');
INSERT INTO `mobile_users` VALUES (20231022162307, 'MagicNasro', 0, 4, NULL, b'0');
INSERT INTO `mobile_users` VALUES (20231022162513, 'YaminooDZ213', 0, 3, NULL, b'0');
INSERT INTO `mobile_users` VALUES (20231022163644, 'youssef', 0, 3, NULL, b'0');
INSERT INTO `mobile_users` VALUES (20231024102542, 'Samir', 1, 6, NULL, b'0');
INSERT INTO `mobile_users` VALUES (20231024102544, 'Anne', 2, 5, NULL, b'0');
INSERT INTO `mobile_users` VALUES (20231024102639, 'brunomurat', 2, 5, NULL, b'0');
INSERT INTO `mobile_users` VALUES (20231025152341, 'alexandredavid', 1, 5, NULL, b'0');
INSERT INTO `mobile_users` VALUES (20231026171039, 'laura12', 1, 2, NULL, b'0');
INSERT INTO `mobile_users` VALUES (20231026180905, 'linda23', 1, 2, NULL, b'0');
INSERT INTO `mobile_users` VALUES (20231026180917, 'chirine', 1, 3, NULL, b'0');
INSERT INTO `mobile_users` VALUES (20231027102925, 'dorian_ngy', 0, 2, NULL, b'0');
INSERT INTO `mobile_users` VALUES (20231105154811, 'val', 2, 5, NULL, b'0');
INSERT INTO `mobile_users` VALUES (20231105155458, 'val', 2, 5, NULL, b'0');
INSERT INTO `mobile_users` VALUES (20231105183051, 'groupe1', 1, 5, NULL, b'0');
INSERT INTO `mobile_users` VALUES (20231108153246, 'phil', 1, 6, NULL, b'0');
INSERT INTO `mobile_users` VALUES (20231113133257, 'Coralie', 1, 4, NULL, b'0');
INSERT INTO `mobile_users` VALUES (20231115135528, 'cnfs blum', 2, 5, NULL, b'0');
INSERT INTO `mobile_users` VALUES (20231123102508, 'proto', 1, 4, NULL, b'0');
INSERT INTO `mobile_users` VALUES (20231123114426, 'vbouvresse', 1, 4, NULL, b'0');
INSERT INTO `mobile_users` VALUES (20231123215601, 'CSBriquette', 0, 4, NULL, b'0');
INSERT INTO `mobile_users` VALUES (20231124105641, 'Yannickalchi', 0, 5, NULL, b'0');
INSERT INTO `mobile_users` VALUES (20231127083415, 'vbouvresse', 1, 4, NULL, b'0');
INSERT INTO `mobile_users` VALUES (20231127221804, 'Evv', 1, 4, NULL, b'0');
INSERT INTO `mobile_users` VALUES (20231128151745, 'csbriquette', 2, 5, NULL, b'0');
INSERT INTO `mobile_users` VALUES (20231205153224, 'elisablt', 1, 3, NULL, b'0');
INSERT INTO `mobile_users` VALUES (20231212132315, 'celine', 1, 4, NULL, b'0');
INSERT INTO `mobile_users` VALUES (20231212132700, 'Bénédicte', 1, 5, NULL, b'0');
INSERT INTO `mobile_users` VALUES (20231212140358, 'nono', 1, 6, NULL, b'0');
INSERT INTO `mobile_users` VALUES (20231212140530, 'bruno', 1, 6, NULL, b'0');
INSERT INTO `mobile_users` VALUES (20231215184221, 'pp22', 1, 5, NULL, b'0');
INSERT INTO `mobile_users` VALUES (20231219104337, 'nsta', 0, 4, NULL, b'0');
INSERT INTO `mobile_users` VALUES (20231226135126, 'gangan', 1, 5, NULL, b'0');
INSERT INTO `mobile_users` VALUES (20231230212047, 'belino35', 1, 6, NULL, b'0');
INSERT INTO `mobile_users` VALUES (20231231115148, 'ben', 1, 6, NULL, b'0');
INSERT INTO `mobile_users` VALUES (20231231115315, 'ben50', 1, 6, NULL, b'0');
INSERT INTO `mobile_users` VALUES (20231231120914, 'baboun', 1, 6, NULL, b'0');
INSERT INTO `mobile_users` VALUES (20240101033651, 'Yankodi', 1, 5, NULL, b'0');
INSERT INTO `mobile_users` VALUES (20240101173737, 'did', 0, 4, NULL, b'0');
INSERT INTO `mobile_users` VALUES (20240101173749, 'evalvr', 1, 4, NULL, b'0');
INSERT INTO `mobile_users` VALUES (20240101173753, 'Team Corucho', 0, 5, NULL, b'0');
INSERT INTO `mobile_users` VALUES (20240101173816, 'mas', 1, 6, NULL, b'0');
INSERT INTO `mobile_users` VALUES (20240101173844, 'Benito', 0, 5, NULL, b'0');
INSERT INTO `mobile_users` VALUES (20240101173846, 'liline', 2, 6, NULL, b'0');
INSERT INTO `mobile_users` VALUES (20240101173858, 'mimi', 2, 5, NULL, b'0');
INSERT INTO `mobile_users` VALUES (20240101173905, 'Helena', 1, 5, NULL, b'0');
INSERT INTO `mobile_users` VALUES (20240101173907, 'Valérie', 2, 6, NULL, b'0');
INSERT INTO `mobile_users` VALUES (20240101173936, 'Enric', 1, 6, NULL, b'0');
INSERT INTO `mobile_users` VALUES (20240101174001, 'lilyne', 2, 6, NULL, b'0');
INSERT INTO `mobile_users` VALUES (20240101174029, 'titi', 2, 6, NULL, b'0');
INSERT INTO `mobile_users` VALUES (20240101174037, 'fiona', 1, 5, NULL, b'0');
INSERT INTO `mobile_users` VALUES (20240101174125, 'billyjoe', 2, 6, NULL, b'0');
INSERT INTO `mobile_users` VALUES (20240101174129, 'nadalito', 1, 6, NULL, b'0');
INSERT INTO `mobile_users` VALUES (20240101174137, 'jackoh', 0, 5, NULL, b'0');
INSERT INTO `mobile_users` VALUES (20240101174138, 'kati', 2, 6, NULL, b'0');
INSERT INTO `mobile_users` VALUES (20240101174144, 'Eylenah', 1, 5, NULL, b'0');
INSERT INTO `mobile_users` VALUES (20240101174512, 'Magaw', 1, 5, NULL, b'0');
INSERT INTO `mobile_users` VALUES (20240101174804, 'Spontex', 0, 4, NULL, b'0');
INSERT INTO `mobile_users` VALUES (20240101175155, 'magz', 1, 5, NULL, b'0');
INSERT INTO `mobile_users` VALUES (20240101175341, 'reg', 1, 5, NULL, b'0');
INSERT INTO `mobile_users` VALUES (20240101183116, 'Mdri', 2, 6, NULL, b'0');
INSERT INTO `mobile_users` VALUES (20240101183845, 'soph', 1, 4, NULL, b'0');
INSERT INTO `mobile_users` VALUES (20240101184217, 'luang-Prabang', 1, 5, NULL, b'0');
INSERT INTO `mobile_users` VALUES (20240101184715, 'gil', 1, 6, NULL, b'0');
INSERT INTO `mobile_users` VALUES (20240101184844, 'gil66', 1, 6, NULL, b'0');
INSERT INTO `mobile_users` VALUES (20240101185152, 'agua', 1, 5, NULL, b'0');
INSERT INTO `mobile_users` VALUES (20240101185202, 'Steph', 1, 5, NULL, b'0');
INSERT INTO `mobile_users` VALUES (20240101185357, 'chrys', 1, 5, NULL, b'0');
INSERT INTO `mobile_users` VALUES (20240101203949, 'mcn', 2, 6, NULL, b'0');
INSERT INTO `mobile_users` VALUES (20240101205318, 'Vanessa', 1, 4, NULL, b'0');
INSERT INTO `mobile_users` VALUES (20240101205723, 'Vanessagld', 1, 4, NULL, b'0');
INSERT INTO `mobile_users` VALUES (20240101231949, 'joe', 2, 6, NULL, b'0');
INSERT INTO `mobile_users` VALUES (20240102195832, 'sloogy', 1, 6, NULL, b'0');
INSERT INTO `mobile_users` VALUES (20240102200000, 'ledjo', 1, 6, NULL, b'0');
INSERT INTO `mobile_users` VALUES (20240102200015, 'max', 1, 6, NULL, b'0');
INSERT INTO `mobile_users` VALUES (20240102200219, 'José', 0, 4, NULL, b'0');
INSERT INTO `mobile_users` VALUES (20240102200254, 'Jojo', 0, 4, NULL, b'0');
INSERT INTO `mobile_users` VALUES (20240102200455, 'maxime', 1, 6, NULL, b'0');
INSERT INTO `mobile_users` VALUES (20240102200535, 'kiki', 2, 6, NULL, b'0');
INSERT INTO `mobile_users` VALUES (20240102203314, 'Magalam', 2, 5, NULL, b'0');
INSERT INTO `mobile_users` VALUES (20240103001414, 'Amelie', 2, 5, NULL, b'0');
INSERT INTO `mobile_users` VALUES (20240103013144, 'pasdenom', 1, 3, NULL, b'0');
INSERT INTO `mobile_users` VALUES (20240103142748, 'Erwan', 0, 2, NULL, b'0');
INSERT INTO `mobile_users` VALUES (20240104154216, 'jeje', 1, 6, NULL, b'0');
INSERT INTO `mobile_users` VALUES (20240105200141, 'Éric63', 0, 5, NULL, b'0');
INSERT INTO `mobile_users` VALUES (20240106161621, 'anne', 2, 6, NULL, b'0');
INSERT INTO `mobile_users` VALUES (20240111090604, 'VincianeP', 2, 5, NULL, b'0');
INSERT INTO `mobile_users` VALUES (20240112160813, 'man', 1, 5, NULL, b'0');
INSERT INTO `mobile_users` VALUES (20240112160948, 'mann', 1, 5, NULL, b'0');
INSERT INTO `mobile_users` VALUES (20240115100709, 'Fdlv_Admin2021', 1, 5, NULL, b'0');
INSERT INTO `mobile_users` VALUES (20240120000019, 'nuuk', 2, 6, NULL, b'0');
INSERT INTO `mobile_users` VALUES (20240120065339, 'jacques', 1, 6, NULL, b'0');
INSERT INTO `mobile_users` VALUES (20240121085154, 'doudoune', 2, 6, NULL, b'0');
INSERT INTO `mobile_users` VALUES (20240121085343, 'joy', 2, 6, NULL, b'0');
INSERT INTO `mobile_users` VALUES (20240121153915, 'VR1', 1, 4, NULL, b'0');
INSERT INTO `mobile_users` VALUES (20240303084540, 'sam', 1, 6, NULL, b'0');
INSERT INTO `mobile_users` VALUES (20240303084857, 'sami', 1, 6, NULL, b'0');
INSERT INTO `mobile_users` VALUES (20240317132327, 'Nadjima264', 1, 2, NULL, b'0');
INSERT INTO `mobile_users` VALUES (20240317132340, 'Nadjima264444', 1, 2, NULL, b'0');
INSERT INTO `mobile_users` VALUES (20240317132357, 'nadjima15678990', 1, 2, NULL, b'0');
INSERT INTO `mobile_users` VALUES (20240409203554, 'Nath', 1, 5, NULL, b'0');
INSERT INTO `mobile_users` VALUES (20240409203936, 'kiki', 1, 4, NULL, b'0');
INSERT INTO `mobile_users` VALUES (20240417193129, 'gene', 2, 6, NULL, b'0');
INSERT INTO `mobile_users` VALUES (20240417193233, 'gene12345', 2, 6, NULL, b'0');
INSERT INTO `mobile_users` VALUES (20240418190535, 'V_f_j', 2, 3, NULL, b'0');
INSERT INTO `mobile_users` VALUES (20240425211402, 'vir', 1, 4, NULL, b'0');
INSERT INTO `mobile_users` VALUES (20240528154415, 'mlahbib', 2, 5, NULL, b'0');
INSERT INTO `mobile_users` VALUES (20240528200029, 'Samir', 1, 6, NULL, b'0');
INSERT INTO `mobile_users` VALUES (20240626033219, 'alex', 2, 5, NULL, b'0');
INSERT INTO `mobile_users` VALUES (20240626033244, 'alex007', 2, 5, NULL, b'0');
INSERT INTO `mobile_users` VALUES (20240709135636, 'sandra', 2, 5, NULL, b'0');
INSERT INTO `mobile_users` VALUES (20240710104046, 'Missordi', 2, 6, NULL, b'0');
INSERT INTO `mobile_users` VALUES (20240725110944, 'Grare', 2, 5, NULL, b'0');
INSERT INTO `mobile_users` VALUES (20240725202348, 'safe', 2, 5, NULL, b'0');
INSERT INTO `mobile_users` VALUES (20240725203232, 'nvj', 2, 5, NULL, b'0');
INSERT INTO `mobile_users` VALUES (20240806080610, 'TestNullable18', 0, 0, NULL, b'0');
INSERT INTO `mobile_users` VALUES (20240806105525, 'TestNullable19', 0, 0, NULL, b'0');
INSERT INTO `mobile_users` VALUES (20240806105740, 'TestNullable20', 0, 0, NULL, b'0');
INSERT INTO `mobile_users` VALUES (20240806115051, 'TestNullable38', 0, 0, NULL, b'0');
INSERT INTO `mobile_users` VALUES (20240806121947, 'Sam1219', 0, 4, NULL, b'0');
INSERT INTO `mobile_users` VALUES (20240806122737, 'Sam1227', 1, 6, NULL, b'0');
INSERT INTO `mobile_users` VALUES (20240807152137, 'test', 0, 0, NULL, b'0');
INSERT INTO `mobile_users` VALUES (20240808150946, 'test', 0, 0, NULL, b'0');
INSERT INTO `mobile_users` VALUES (20240808155030, 'Phil', 0, 0, NULL, b'0');
INSERT INTO `mobile_users` VALUES (20240808155419, 'Fdlv_Adl2021', 0, 0, NULL, b'0');
INSERT INTO `mobile_users` VALUES (20240809141836, 'Reggjffch', 0, 0, NULL, b'0');
INSERT INTO `mobile_users` VALUES (20240811065527, 'bhv', 1, 1, NULL, b'0');
INSERT INTO `mobile_users` VALUES (20240909215222, 'sofie1977', 2, 5, NULL, b'0');
INSERT INTO `mobile_users` VALUES (20240909215305, 'Megapatatoune77', 2, 5, NULL, b'0');
INSERT INTO `mobile_users` VALUES (20240910065623, 'TazmanianGasy', 1, 5, NULL, b'0');
INSERT INTO `mobile_users` VALUES (20240911145024, 'ons', 2, 5, NULL, b'0');
INSERT INTO `mobile_users` VALUES (20240912103339, 'SamirSept', 0, 0, NULL, b'0');
INSERT INTO `mobile_users` VALUES (20240912105232, 'Lila', 0, 0, NULL, b'0');
INSERT INTO `mobile_users` VALUES (20240912105247, 'Anoppp', 0, 0, NULL, b'0');
INSERT INTO `mobile_users` VALUES (20240912140222, 'aliya', 2, 4, NULL, b'0');
INSERT INTO `mobile_users` VALUES (20240912140235, 'marie', 2, 4, NULL, b'0');
INSERT INTO `mobile_users` VALUES (20240912140237, 'Math59', 1, 4, NULL, b'0');
INSERT INTO `mobile_users` VALUES (20240912140249, 'Florantin', 1, 4, NULL, b'0');
INSERT INTO `mobile_users` VALUES (20240912140253, 'PapyJo', 1, 5, NULL, b'0');
INSERT INTO `mobile_users` VALUES (20240912140254, 'marine', 2, 4, NULL, b'0');
INSERT INTO `mobile_users` VALUES (20240912140302, 'Clara', 2, 4, NULL, b'0');
INSERT INTO `mobile_users` VALUES (20240912140315, 'Camillou', 2, 4, NULL, b'0');
INSERT INTO `mobile_users` VALUES (20240912140319, 'Al’', 2, 4, NULL, b'0');
INSERT INTO `mobile_users` VALUES (20240912140326, 'alta_stef', 1, 4, NULL, b'0');
INSERT INTO `mobile_users` VALUES (20240912140349, 'ass', 2, 4, NULL, b'0');
INSERT INTO `mobile_users` VALUES (20240912140358, 'Lindsey', 2, 5, NULL, b'0');
INSERT INTO `mobile_users` VALUES (20240912140400, 'monssef', 1, 4, NULL, b'0');
INSERT INTO `mobile_users` VALUES (20240912140417, 'Marie', 2, 5, NULL, b'0');
INSERT INTO `mobile_users` VALUES (20240912140533, 'Mimi', 2, 4, NULL, b'0');
INSERT INTO `mobile_users` VALUES (20240912140701, 'kari', 2, 5, NULL, b'0');
INSERT INTO `mobile_users` VALUES (20240912152606, 'Pascaline', 2, 5, NULL, b'0');
INSERT INTO `mobile_users` VALUES (20240912153849, 'dtelle', 1, 6, NULL, b'0');
INSERT INTO `mobile_users` VALUES (20240912154145, 'leaneee', 2, 4, NULL, b'0');
INSERT INTO `mobile_users` VALUES (20240912160706, 'Célia', 2, 4, NULL, b'0');
INSERT INTO `mobile_users` VALUES (20240912161108, 'nessou', 2, 4, NULL, b'0');
INSERT INTO `mobile_users` VALUES (20240917115948, 'csao', 2, 5, NULL, b'0');
INSERT INTO `mobile_users` VALUES (20240919152742, 'Tzhang', 1, 5, NULL, b'0');
INSERT INTO `mobile_users` VALUES (20240922084543, 'cendrillon', 2, 5, NULL, b'0');
INSERT INTO `mobile_users` VALUES (20240923034355, 'karine', 2, 6, NULL, b'0');
INSERT INTO `mobile_users` VALUES (20240923034524, 'Yasmine', 2, 6, NULL, b'0');
INSERT INTO `mobile_users` VALUES (20240924000245, 'libellule', 2, 5, NULL, b'0');
INSERT INTO `mobile_users` VALUES (20241001151118, 'Maryse', 2, 5, NULL, b'0');

-- ----------------------------
-- Table structure for question
-- ----------------------------
CREATE TABLE `question`  (
  `id` bigint NOT NULL AUTO_INCREMENT,
  `label` varchar(255) CHARACTER SET latin1 COLLATE latin1_swedish_ci NOT NULL,
  `text` varchar(255) CHARACTER SET latin1 COLLATE latin1_swedish_ci NOT NULL,
  `type` varchar(255) CHARACTER SET latin1 COLLATE latin1_swedish_ci NOT NULL,
  `quizz_id` bigint NULL DEFAULT NULL,
  `num_order` int NULL DEFAULT NULL,
  PRIMARY KEY (`id`) USING BTREE,
  INDEX `fk_question__quizz_id`(`quizz_id`) USING BTREE,
  CONSTRAINT `fk_question__quizz_id` FOREIGN KEY (`quizz_id`) REFERENCES `quizz` (`id`) ON DELETE RESTRICT ON UPDATE RESTRICT
) ENGINE = InnoDB AUTO_INCREMENT = 402 CHARACTER SET = latin1 COLLATE = latin1_swedish_ci ROW_FORMAT = Dynamic TABLESPACE = `innodb_system`;

-- ----------------------------
-- Records of question
-- ----------------------------
INSERT INTO `question` VALUES (2, 'A partir de quel âge peut-on pratiquer les gestes qui sauvent', 'A partir de quel âge peut-on pratiquer les gestes qui sauvent?', 'UNIQUE', 1, 1);
INSERT INTO `question` VALUES (3, 'Faut-il avoir une excellente condition physique pour pratiquer les gestes qui sauvent', 'Faut-il avoir une excellente condition physique pour pratiquer les gestes qui sauvent?', 'UNIQUE', 1, 2);
INSERT INTO `question` VALUES (4, 'Quels sont les numéros que je peux appeler en urgence', 'Quels sont les numéros que je peux appeler en urgence', 'MULTIPLE', 1, 3);
INSERT INTO `question` VALUES (5, 'Est-ce que je passe la brûlure sous', 'Est-ce que je passe la brûlure sous:', 'UNIQUE', 2, NULL);
INSERT INTO `question` VALUES (8, 'Je passe sous l’eau', 'Je passe sous l’eau:', 'UNIQUE', 2, NULL);
INSERT INTO `question` VALUES (9, 'S\'il y a une cloque', 'S\'il y a une cloque:', 'UNIQUE', 2, NULL);
INSERT INTO `question` VALUES (10, 'Si c’est vraiment très grave j’appelle les secours', 'Si c’est vraiment très grave j’appelle les secours.', 'UNIQUE', 2, NULL);
INSERT INTO `question` VALUES (11, 'A quel moment je commence à lui taper dans le dos', 'A quel moment je commence à lui taper dans le dos', 'UNIQUE', 3, NULL);
INSERT INTO `question` VALUES (12, 'Je tape dans le dos', 'Je tape dans le dos:', 'MULTIPLE', 3, NULL);
INSERT INTO `question` VALUES (13, 'Si ça ne marche pas, je passe à la méthode de Heimlich.', 'Si ça ne marche pas, je passe à la méthode de Heimlich.', 'UNIQUE', 3, NULL);
INSERT INTO `question` VALUES (14, ' PLS veut dire Position Latérale de Sécurité', 'PLS veut dire Position Latérale de Sécurité:', 'UNIQUE', 6, NULL);
INSERT INTO `question` VALUES (15, ' Si la victime est inconsciente', 'Si la victime est inconsciente:', 'UNIQUE', 6, NULL);
INSERT INTO `question` VALUES (16, 'Je peux savoir que la personne respire en plaçant mon oreille près du nez pour sentir sa respiration, et en regardant si le ventre se soulève', 'Je peux savoir que la personne respire en plaçant mon oreille près du nez pour sentir sa respiration, et en regardant si le ventre se soulève', 'UNIQUE', 6, NULL);
INSERT INTO `question` VALUES (17, ' Si la personne est inconsciente mais respire encore, dois-je faire un massage cardiaque', 'Si la personne est inconsciente mais respire encore, dois-je faire un massage cardiaque?', 'UNIQUE', 5, NULL);
INSERT INTO `question` VALUES (18, 'Dois-je sécuriser le lieu, et prévenir les secours rapidement ?', 'Dois-je sécuriser le lieu, et prévenir les secours rapidement ?', 'UNIQUE', 5, NULL);
INSERT INTO `question` VALUES (19, 'A quel moment dois-je la mettre en position latérale de sécurité', 'A quel moment dois-je la mettre en position latérale de sécurité?', 'UNIQUE', 5, NULL);
INSERT INTO `question` VALUES (20, ' S’il y a un défibrillateur tout proche, dois-je l’utiliser en priorité', 'S’il y a un défibrillateur tout proche, dois-je l’utiliser en priorité?', 'UNIQUE', 5, NULL);
INSERT INTO `question` VALUES (21, 'Une hémorragie est un saignement prolongé qui ne s’arrête pas spontanément.', 'Une hémorragie est un saignement prolongé qui ne s’arrête pas spontanément.', 'UNIQUE', 4, NULL);
INSERT INTO `question` VALUES (22, ' Quelle est la première chose à faire', 'Quelle est la première chose à faire?', 'MULTIPLE', 4, NULL);
INSERT INTO `question` VALUES (23, ' Si je comprime la plaie, j’utilise un linge, un sac en plastique propres.', 'Si je comprime la plaie, j’utilise un linge, un sac en plastique propres.', 'UNIQUE', 4, NULL);
INSERT INTO `question` VALUES (24, ' Ensuite, il est important d’allonger la personne au sol. Pourquoi', 'Ensuite, il est important d’allonger la personne au sol. Pourquoi?', 'UNIQUE', 4, NULL);
INSERT INTO `question` VALUES (25, ' Si personne ne l’a pas encore fait, j’alerte les secours le plus vite possible', 'Si personne ne l’a pas encore fait, j’alerte les secours le plus vite possible.', 'UNIQUE', 4, NULL);
INSERT INTO `question` VALUES (29, ' Dès que la personne est en PLS, je dégage les voies aériennes en basculant sa tête en arrière et en ouvrant sa bouche pour libérer ses voies aériennes', 'Dès que la personne est en PLS, je dégage les voies aériennes en basculant sa tête en arrière et en ouvrant sa bouche pour libérer ses voies aériennes', 'UNIQUE', 6, NULL);
INSERT INTO `question` VALUES (81, 'Parmi les propositions suivantes, quel est le synonyme du mot « sucre » ? ', 'Parmi les propositions suivantes, quel est le synonyme du mot « sucre » ? ', 'UNIQUE', 18, 1);
INSERT INTO `question` VALUES (82, 'Le sucre peut-il être présent dans certain produit de façon naturel ?', 'Le sucre peut-il être présent dans certain produit de façon naturel ?', 'UNIQUE', 18, 2);
INSERT INTO `question` VALUES (83, 'Parmi les réponses suivantes, dans quels produits trouve-t-on du sucre ajouté ? ', 'Parmi les réponses suivantes, dans quels produits trouve-t-on du sucre ajouté ? ', 'MULTIPLE', 18, 3);
INSERT INTO `question` VALUES (84, 'Manger assez de fruits et légumes par jour permet de maintenir une bonne santé ?', 'Manger assez de fruits et légumes par jour permet de maintenir une bonne santé ?', 'UNIQUE', 19, 1);
INSERT INTO `question` VALUES (86, 'Il est certain que le sucre possède des conséquences négatives sur la santé ? Peut-il provoquer :', 'Il est certain que le sucre possède des conséquences négatives sur la santé ? Peut-il provoquer :', 'MULTIPLE', 18, 4);
INSERT INTO `question` VALUES (87, 'Quelle est la consommation annuelle de sucre des français maintenant ?', 'Quelle est la consommation annuelle de sucre des français maintenant ?', 'UNIQUE', 18, 5);
INSERT INTO `question` VALUES (88, 'Le sucre possède un pouvoir de conservation et un pouvoir addictif ? ', 'Le sucre possède un pouvoir de conservation et un pouvoir addictif ? ', 'UNIQUE', 18, 6);
INSERT INTO `question` VALUES (89, 'Combien de fruits et légumes doit-on manger par jour ?', 'Combien de fruits et légumes doit-on manger par jour ?', 'UNIQUE', 19, 2);
INSERT INTO `question` VALUES (90, 'Il est recommandé de ?', 'Il est recommandé de ?', 'MULTIPLE', 19, 3);
INSERT INTO `question` VALUES (91, 'Quelle est la bonne portion de fruits ou de légumes ?', 'Quelle est la bonne portion de fruits ou de légumes ?', 'UNIQUE', 19, 4);
INSERT INTO `question` VALUES (92, 'Quels sont les faux amis de la consommation de fruits et légumes ?', 'Quels sont les faux amis de la consommation de fruits et légumes ?', 'UNIQUE', 19, 5);
INSERT INTO `question` VALUES (98, 'Pourquoi est-il important de consommer des fruits et légumes ? ', 'Pourquoi est-il important de consommer des fruits et légumes ? ', 'MULTIPLE', 20, 1);
INSERT INTO `question` VALUES (99, 'Peut-on éviter certaines maladies comme des cancers, du diabète, du surpoids en consommant 5 fruits et légumes par jour ? ', 'Peut-on éviter certaines maladies comme des cancers, du diabète, du surpoids en consommant 5 fruits et légumes par jour ? ', 'UNIQUE', 20, 2);
INSERT INTO `question` VALUES (100, 'Les noix, noisettes, amandes correspondent à quels types de fruits?', 'Les noix, noisettes, amandes correspondent à quels types de fruits?', 'UNIQUE', 20, 3);
INSERT INTO `question` VALUES (101, 'Quelles portions de ces fruits énoncées à la question précédente doit-on consommer par jour ? ', 'Quelles portions de ces fruits énoncées à la question précédente doit-on consommer par jour ? ', 'UNIQUE', 20, 4);
INSERT INTO `question` VALUES (110, 'Comment peut-on consommer des fruits et légumes ?', 'Comment peut-on consommer des fruits et légumes ?', 'MULTIPLE', 21, 1);
INSERT INTO `question` VALUES (111, 'Quel jus est meilleur pour la santé ?', 'Quel jus est meilleur pour la santé ?', 'UNIQUE', 21, 2);
INSERT INTO `question` VALUES (115, 'Grignoter est le fait de manger de petites quantités de façon fractionnée ?', 'Grignoter est le fait de manger de petites quantités de façon fractionnée ?', 'UNIQUE', 22, 1);
INSERT INTO `question` VALUES (116, 'A-t-on vraiment envie d’un aliment spécifique lorsqu’on grignote ?', 'A-t-on vraiment envie d’un aliment spécifique lorsqu’on grignote ?', 'UNIQUE', 22, 2);
INSERT INTO `question` VALUES (117, 'Le grignotage est-il bon pour la santé ?', 'Le grignotage est-il bon pour la santé ?', 'UNIQUE', 22, 3);
INSERT INTO `question` VALUES (118, 'Quelles sont les raisons du grignotage ?', 'Quelles sont les raisons du grignotage ?', 'MULTIPLE', 22, 4);
INSERT INTO `question` VALUES (123, 'Le grignotage entraîne-t-il des conséquences sur la santé ?', 'Le grignotage entraîne-t-il des conséquences sur la santé ?', 'UNIQUE', 23, NULL);
INSERT INTO `question` VALUES (124, 'Peut-on favoriser l’apparition d’un surpoids en pratiquant le grignotage ? ', 'Peut-on favoriser l’apparition d’un surpoids en pratiquant le grignotage ? ', 'UNIQUE', 23, NULL);
INSERT INTO `question` VALUES (125, 'Que se passe-t-il lors de chaque prise alimentaire ?', 'Que se passe-t-il lors de chaque prise alimentaire ?', 'MULTIPLE', 23, NULL);
INSERT INTO `question` VALUES (127, 'Grignoter est le fait de manger de petites quantités de façon fractionnée ?', 'Grignoter est le fait de manger de petites quantités de façon fractionnée ?', 'UNIQUE', 24, 1);
INSERT INTO `question` VALUES (128, 'Le grignotage entraîne-t-il des conséquences sur la santé ?', 'Le grignotage entraîne-t-il des conséquences sur la santé ?', 'UNIQUE', 24, 5);
INSERT INTO `question` VALUES (129, 'A-t-on vraiment envie d’un aliment spécifique lorsqu’on grignote ?', 'A-t-on vraiment envie d’un aliment spécifique lorsqu’on grignote ?', 'UNIQUE', 24, 2);
INSERT INTO `question` VALUES (130, 'Le grignotage est-il bon pour la santé ?', 'Le grignotage est-il bon pour la santé ?', 'UNIQUE', 24, 3);
INSERT INTO `question` VALUES (131, 'Quelles sont les raisons du grignotage ?', 'Quelles sont les raisons du grignotage ?', 'MULTIPLE', 24, 4);
INSERT INTO `question` VALUES (132, 'Peut-on favoriser l’apparition d’un surpoids en pratiquant le grignotage ? ', 'Peut-on favoriser l’apparition d’un surpoids en pratiquant le grignotage ? ', 'UNIQUE', 24, 6);
INSERT INTO `question` VALUES (133, 'Que se passe-t-il lors de chaque prise alimentaire ?', 'Que se passe-t-il lors de chaque prise alimentaire ?', 'MULTIPLE', 24, 7);
INSERT INTO `question` VALUES (134, 'Est-il bon de prendre un petit déjeuner plus copieux pour éviter les fringales de la matinée ?', 'Est-il bon de prendre un petit déjeuner plus copieux pour éviter les fringales de la matinée ?', 'UNIQUE', 24, 8);
INSERT INTO `question` VALUES (135, 'Une des solutions pour éviter le grignotage est de faire du sport ?', 'Une des solutions pour éviter le grignotage est de faire du sport ?', 'UNIQUE', 24, 11);
INSERT INTO `question` VALUES (136, 'Manger à heures fixes est une bonne solution pour éviter de grignoter ?', 'Manger à heures fixes est une bonne solution pour éviter de grignoter ?', 'UNIQUE', 24, 9);
INSERT INTO `question` VALUES (137, 'Est-il mieux de rester passif ou d’être actif pour éviter de grignoter ?', 'Est-il mieux de rester passif ou d’être actif pour éviter de grignoter ?', 'UNIQUE', 24, 10);
INSERT INTO `question` VALUES (138, 'Si la sensation de faim se fait vraiment ressentir hors des repas, que faut-il manger ? ', 'Si la sensation de faim se fait vraiment ressentir hors des repas, que faut-il manger ? ', 'MULTIPLE', 24, 12);
INSERT INTO `question` VALUES (139, 'D\'où vient la chicha ?', 'D\'où vient la chicha ?', 'UNIQUE', 25, 1);
INSERT INTO `question` VALUES (140, 'A quoi correspond la chicha ? ', 'A quoi correspond la chicha ? ', 'UNIQUE', 25, 2);
INSERT INTO `question` VALUES (141, 'Quelle conséquence peut entraîner la chicha ? ', 'Quelle conséquence peut entraîner la chicha ? ', 'MULTIPLE', 25, 3);
INSERT INTO `question` VALUES (142, 'La chicha est-elle moins néfaste que la cigarette ?', 'La chicha est-elle moins néfaste que la cigarette ?', 'UNIQUE', 25, 4);
INSERT INTO `question` VALUES (143, 'Consommer la chicha de manière occasionnelle n’a aucun risque pour la santé ?', 'Consommer la chicha de manière occasionnelle n’a aucun risque pour la santé ?', 'UNIQUE', 25, 5);
INSERT INTO `question` VALUES (144, 'C’est une drogue consommée majoritairement ?', 'C’est une drogue consommée majoritairement ?', 'UNIQUE', 26, 1);
INSERT INTO `question` VALUES (145, 'Nous pouvons fumer le cannabis. Mais quelle est l’autre façon de le consommer ?', 'Nous pouvons fumer le cannabis. Mais quelle est l’autre façon de le consommer ?', 'UNIQUE', 26, 2);
INSERT INTO `question` VALUES (146, 'Qu\'entraîne la consommation de cannabis ?', 'Qu\'entraîne la consommation de cannabis ?', 'MULTIPLE', 26, 3);
INSERT INTO `question` VALUES (147, 'Est-il bon de se consacrer à de nouvelles activités/ loisirs pour arrêter de fumer du cannabis ?', 'Est-il bon de se consacrer à de nouvelles activités/ loisirs pour arrêter de fumer du cannabis ?', 'UNIQUE', 26, 4);
INSERT INTO `question` VALUES (148, 'Un médecin ou un addictologue peut-il nous aider à surmonter cette addiction ?', 'Un médecin ou un addictologue peut-il nous aider à surmonter cette addiction ?', 'UNIQUE', 26, 5);
INSERT INTO `question` VALUES (149, 'Il faut brosser ses dents au moins 2 fois par jour et au moins 2 min ?', 'Il faut brosser ses dents au moins 2 fois par jour et au moins 2 min ?', 'UNIQUE', 27, 1);
INSERT INTO `question` VALUES (150, 'Le brossage des dents permet d’enlever les bactéries présentes dans notre bouche ?', 'Le brossage des dents permet d’enlever les bactéries présentes dans notre bouche ?', 'UNIQUE', 27, 2);
INSERT INTO `question` VALUES (151, 'Parmi les problèmes suivants, lesquels peuvent survenir à cause de caries : ', 'Parmi les problèmes suivants, lesquels peuvent survenir à cause de caries : ', 'MULTIPLE', 27, 3);
INSERT INTO `question` VALUES (152, 'Que faut-il faire pour avoir une hygiène bucco-dentaire irréprochable ?', 'Que faut-il faire pour avoir une hygiène bucco-dentaire irréprochable ?', 'MULTIPLE', 27, 4);
INSERT INTO `question` VALUES (153, 'Que faut-il éviter de consommer pour ne pas avoir de problème dentaire ?', 'Que faut-il éviter de consommer pour ne pas avoir de problème dentaire ?', 'MULTIPLE', 27, 5);
INSERT INTO `question` VALUES (154, 'Un bon sommeil récupérateur nous rend ?', 'Un bon sommeil récupérateur nous rend ?', 'MULTIPLE', 28, 1);
INSERT INTO `question` VALUES (155, 'Avoir un bon rythme de sommeil nous permet d’être plus concentré au travail ou à l’école ?', 'Avoir un bon rythme de sommeil nous permet d’être plus concentré au travail ou à l’école ?', 'UNIQUE', 28, 2);
INSERT INTO `question` VALUES (156, 'Le manque de sommeil, peut-il entraîner des problèmes de concentration, des troubles de l\'humeur et du stress ?', 'Le manque de sommeil, peut-il entraîner des problèmes de concentration, des troubles de l\'humeur et du stress ?', 'UNIQUE', 28, 3);
INSERT INTO `question` VALUES (157, 'Le manque de sommeil peut entraîner du surpoids, du diabète, de l’hypertension ?', 'Le manque de sommeil peut entraîner du surpoids, du diabète, de l’hypertension ?', 'UNIQUE', 28, 4);
INSERT INTO `question` VALUES (158, 'Pour avoir un bon rythme de sommeil, il est primordial de suivre quelles étapes parmi les suivantes ?', 'Pour avoir un bon rythme de sommeil, il est primordial de suivre quelles étapes parmi les suivantes ?', 'MULTIPLE', 28, 5);
INSERT INTO `question` VALUES (159, 'Est-il important de bien respirer ?', 'Est-il important de bien respirer ?', 'UNIQUE', 29, 1);
INSERT INTO `question` VALUES (160, 'La respiration possède les bienfaits suivants : améliore la posture, le cardio, les défenses immunitaires et élimine les toxines ?', 'La respiration possède les bienfaits suivants : améliore la posture, le cardio, les défenses immunitaires et élimine les toxines ?', 'UNIQUE', 29, 2);
INSERT INTO `question` VALUES (161, 'Si on ne se positionne pas bien, allons-nous bien respirer ?', 'Si on ne se positionne pas bien, allons-nous bien respirer ?', 'UNIQUE', 29, 3);
INSERT INTO `question` VALUES (162, 'Est-il bon pour la santé de faire régulièrement un exercice de respiration ? ', 'Est-il bon pour la santé de faire régulièrement un exercice de respiration ? ', 'UNIQUE', 29, 4);
INSERT INTO `question` VALUES (163, 'Pour bien respirer et faire correctement l’exercice de respiration, que faut-il respecter ?', 'Pour bien respirer et faire correctement l’exercice de respiration, que faut-il respecter ?', 'MULTIPLE', 29, 5);
INSERT INTO `question` VALUES (164, 'En écoutant et en se concentrant sur les bruits de la nature pouvons-nous favoriser notre énergie et de ce fait se sentir bien dans notre corps ? ', 'En écoutant et en se concentrant sur les bruits de la nature pouvons-nous favoriser notre énergie et de ce fait se sentir bien dans notre corps ? ', 'UNIQUE', 30, 1);
INSERT INTO `question` VALUES (165, 'En développant nos capacités sensorielles, nous pouvons ?', 'En développant nos capacités sensorielles, nous pouvons ?', 'MULTIPLE', 30, 2);
INSERT INTO `question` VALUES (166, 'Selon vous, est-il favorable pour notre bien-être d’effectuer un exercice d’écoute des bruits, et de relaxation chaque jour ?', 'Selon vous, est-il favorable pour notre bien-être d’effectuer un exercice d’écoute des bruits, et de relaxation chaque jour ?', 'UNIQUE', 30, 3);
INSERT INTO `question` VALUES (167, 'Cet exercice est à pratiquer ?', 'Cet exercice est à pratiquer ?', 'UNIQUE', 30, 4);
INSERT INTO `question` VALUES (168, 'Pour effectuer un bon exercice d’écoute et de relaxation, il est primordial de ?', 'Pour effectuer un bon exercice d’écoute et de relaxation, il est primordial de ?', 'MULTIPLE', 30, 5);
INSERT INTO `question` VALUES (169, 'Pour faire le calme intérieur, il faut ?', 'Pour faire le calme intérieur, il faut ?', 'MULTIPLE', 31, 1);
INSERT INTO `question` VALUES (170, 'Pour effectuer ce défi, il faut marcher en se laissant guidé(e) par la nature et non pas dans un but précis ?', 'Pour effectuer ce défi, il faut marcher en se laissant guidé(e) par la nature et non pas dans un but précis ?', 'UNIQUE', 31, 2);
INSERT INTO `question` VALUES (171, 'Vous pouvez faire ce défi pied nu, si vous le souhaitez, mais pour quelle raison ?', 'Vous pouvez faire ce défi pied nu, si vous le souhaitez, mais pour quelle raison ?', 'UNIQUE', 31, 3);
INSERT INTO `question` VALUES (172, 'Durant ce défi il est primordiale de prendre son temps et de ne pas se presser ?', 'Durant ce défi il est primordiale de prendre son temps et de ne pas se presser ?', 'UNIQUE', 31, 4);
INSERT INTO `question` VALUES (173, 'Le but de ce défi est de sentir, écouter, toucher de nouvelles sensations que la nature peut vous procurer. Ce défi vous permettra d’avoir une autre vision de cette exercice ?', 'Le but de ce défi est de sentir, écouter, toucher de nouvelles sensations que la nature peut vous procurer. Ce défi vous permettra d’avoir une autre vision de cette exercice ?', 'UNIQUE', 31, 5);
INSERT INTO `question` VALUES (174, 'Après avoir visionné la vidéo, selon vous il y a plus de bienfaits pour notre corps à marcher pied nu ou avec des chaussures ?', 'Après avoir visionné la vidéo, selon vous il y a plus de bienfaits pour notre corps à marcher pied nu ou avec des chaussures ?', 'UNIQUE', 32, 1);
INSERT INTO `question` VALUES (175, 'Pourquoi est-il intéressant de marcher pied nu ?', 'Pourquoi est-il intéressant de marcher pied nu ?', 'MULTIPLE', 32, 2);
INSERT INTO `question` VALUES (176, 'Quels sont les bienfaits de pratiquer la marche pied nu ? Cela permet', 'Quels sont les bienfaits de pratiquer la marche pied nu ? Cela permet', 'MULTIPLE', 32, 3);
INSERT INTO `question` VALUES (177, 'Si vous rencontrez une personne qui souffre de problème de circulation sanguine, pensez-vous qu’il est recommandé de lui parler de la marche pied nu ?', 'Si vous rencontrez une personne qui souffre de problème de circulation sanguine, pensez-vous qu’il est recommandé de lui parler de la marche pied nu ?', 'UNIQUE', 32, 4);
INSERT INTO `question` VALUES (178, 'L’ensemble des bienfaits de cette marche pied nu permet à notre esprit d’être apaisé ?', 'L’ensemble des bienfaits de cette marche pied nu permet à notre esprit d’être apaisé ?', 'UNIQUE', 32, 5);
INSERT INTO `question` VALUES (179, 'Est-il vrai que l’odorat est relié à notre mémoire ?', 'Est-il vrai que l’odorat est relié à notre mémoire ?', 'UNIQUE', 33, 1);
INSERT INTO `question` VALUES (180, 'Une odeur peut-elle nous faire ressentir une émotion, un souvenir ou autre ?', 'Une odeur peut-elle nous faire ressentir une émotion, un souvenir ou autre ?', 'UNIQUE', 33, 2);
INSERT INTO `question` VALUES (181, 'Comment faire sortir une odeur d’un élément quelconque ?', 'Comment faire sortir une odeur d’un élément quelconque ?', 'UNIQUE', 33, 3);
INSERT INTO `question` VALUES (182, 'Durant les jeux des odeurs, pensez-vous que votre cerveau sera stimulé ? ', 'Durant les jeux des odeurs, pensez-vous que votre cerveau sera stimulé ? ', 'UNIQUE', 33, 4);
INSERT INTO `question` VALUES (183, 'Le but de ces jeux est de faire travailler notre mémoire en essayant de retenir la place des éléments ?', 'Le but de ces jeux est de faire travailler notre mémoire en essayant de retenir la place des éléments ?', 'UNIQUE', 34, NULL);
INSERT INTO `question` VALUES (184, 'Pour effectuer ce défi il faut au minimum combien de participants ?', 'Pour effectuer ce défi il faut au minimum combien de participants ?', 'UNIQUE', 34, NULL);
INSERT INTO `question` VALUES (185, 'Il vous faudra trouver des éléments de la nature pour ce défi mémoire, après visionnage de la vidéo, combien d’éléments environ faut-il ?', 'Il vous faudra trouver des éléments de la nature pour ce défi mémoire, après visionnage de la vidéo, combien d’éléments environ faut-il ?', 'UNIQUE', 34, NULL);
INSERT INTO `question` VALUES (186, 'Le but de ce défi est de ?', 'Le but de ce défi est de ?', 'UNIQUE', 34, NULL);
INSERT INTO `question` VALUES (187, 'L’autre variante du jeu correspond à quelle possibilité ?', 'L’autre variante du jeu correspond à quelle possibilité ?', 'UNIQUE', 34, NULL);
INSERT INTO `question` VALUES (188, 'A quoi correspond le Phubbing ?', 'A quoi correspond le Phubbing ?', 'UNIQUE', 35, 1);
INSERT INTO `question` VALUES (189, 'Le Phubbing est parfois un moyen volontaire pour certains de ne pas faire face à la réalité et de ne pas aller vers les autres ?', 'Le Phubbing est parfois un moyen volontaire pour certains de ne pas faire face à la réalité et de ne pas aller vers les autres ?', 'UNIQUE', 35, 2);
INSERT INTO `question` VALUES (190, 'Notre confiance en soi peut-elle diminuer en exerçant le Phubbing régulièrement ?', 'Notre confiance en soi peut-elle diminuer en exerçant le Phubbing régulièrement ?', 'UNIQUE', 35, 3);
INSERT INTO `question` VALUES (191, 'Parmi les affirmations suivantes lesquelles sont vraies ?', 'Parmi les affirmations suivantes lesquelles sont vraies ?', 'MULTIPLE', 35, 4);
INSERT INTO `question` VALUES (192, 'Si des parents pratiquent le phubbing en présence de leur enfant, quels sont les risques ?', 'Si des parents pratiquent le phubbing en présence de leur enfant, quels sont les risques ?', 'MULTIPLE', 35, 5);
INSERT INTO `question` VALUES (193, 'A quoi correspond le Smombie ?', 'A quoi correspond le Smombie ?', 'UNIQUE', 36, 1);
INSERT INTO `question` VALUES (194, 'Le Smombie entraîne-t-il un manque de vigilance sur la voie publique ? ', 'Le Smombie entraîne-t-il un manque de vigilance sur la voie publique ? ', 'UNIQUE', 36, 2);
INSERT INTO `question` VALUES (195, 'Le Smombie peut-il causer des accidents de la voie publique pouvant être très graves ?', 'Le Smombie peut-il causer des accidents de la voie publique pouvant être très graves ?', 'UNIQUE', 36, 3);
INSERT INTO `question` VALUES (196, 'Le Smombie peut causer des chocs mortels ?', 'Le Smombie peut causer des chocs mortels ?', 'UNIQUE', 36, 4);
INSERT INTO `question` VALUES (197, 'Après avoir visionné la vidéo, choisissez la réponse qui vous semble la plus adaptée pour garantir votre sécurité sur la voie publique ?', 'Après avoir visionné la vidéo, choisissez la réponse qui vous semble la plus adaptée pour garantir votre sécurité sur la voie publique ?', 'UNIQUE', 36, 5);
INSERT INTO `question` VALUES (198, 'Selon vous il est préférable d’éviter les écrans avant quel âge ?', 'Selon vous il est préférable d’éviter les écrans avant quel âge ?', 'UNIQUE', 37, 1);
INSERT INTO `question` VALUES (199, 'La surexposition aux écrans chez les enfants peut impacter leur développement psychomoteur et cérébral ?', 'La surexposition aux écrans chez les enfants peut impacter leur développement psychomoteur et cérébral ?', 'UNIQUE', 37, 2);
INSERT INTO `question` VALUES (200, 'Parmi les propositions suivantes, quelles sont les conséquences que cette surexposition aux écrans peut entraîner ? ', 'Parmi les propositions suivantes, quelles sont les conséquences que cette surexposition aux écrans peut entraîner ? ', 'MULTIPLE', 37, 3);
INSERT INTO `question` VALUES (201, 'Pensez-vous qu’en étant surexposé aux écrans, un manque de communication avec son entourage peut se faire ressentir ? ', 'Pensez-vous qu’en étant surexposé aux écrans, un manque de communication avec son entourage peut se faire ressentir ? ', 'UNIQUE', 37, 4);
INSERT INTO `question` VALUES (202, 'Quelles autres activités pouvez-vous proposer à votre enfant ?', 'Quelles autres activités pouvez-vous proposer à votre enfant ?', 'MULTIPLE', 37, 5);
INSERT INTO `question` VALUES (203, 'Pourquoi est-il important pour les enfants mineurs d’avoir une autorisation parentale pour les photos et vidéos ? ', 'Pourquoi est-il important pour les enfants mineurs d’avoir une autorisation parentale pour les photos et vidéos ? ', 'MULTIPLE', 38, 1);
INSERT INTO `question` VALUES (204, 'Il est primordial de faire attention aux personnes avec qui nous prenons des photos', 'Il est primordial de faire attention aux personnes avec qui nous prenons des photos', 'UNIQUE', 38, 2);
INSERT INTO `question` VALUES (205, 'Il faut donner un accès à tout le monde pour visionner nos photos', 'Il faut donner un accès à tout le monde pour visionner nos photos', 'UNIQUE', 38, 3);
INSERT INTO `question` VALUES (206, 'Il est possible de nuire à plusieurs personnes en utilisant leurs photos et en les détournant à des usages insultants', 'Il est possible de nuire à plusieurs personnes en utilisant leurs photos et en les détournant à des usages insultants', 'UNIQUE', 38, 4);
INSERT INTO `question` VALUES (207, 'Il est important de faire attention au sorte de vidéo que l’on publie en raison du risque de Sexting', 'Il est important de faire attention au sorte de vidéo que l’on publie en raison du risque de Sexting', 'UNIQUE', 38, 5);
INSERT INTO `question` VALUES (208, 'L’hygiène de vie correspond à toutes les pratiques visant à préserver la santé ?', 'L’hygiène de vie correspond à toutes les pratiques visant à préserver la santé ?', 'UNIQUE', 39, 1);
INSERT INTO `question` VALUES (209, 'L’hygiène de vie permet de ?', 'L’hygiène de vie permet de ?', 'MULTIPLE', 39, 2);
INSERT INTO `question` VALUES (210, 'L’alimentation est un pilier dans l’hygiène de vie ?', 'L’alimentation est un pilier dans l’hygiène de vie ?', 'UNIQUE', 39, 3);
INSERT INTO `question` VALUES (211, 'Parmi les propositions suivantes, quelle est la réponse qui joue en faveur d’une bonne hygiène de vie ?', 'Parmi les propositions suivantes, quelle est la réponse qui joue en faveur d’une bonne hygiène de vie ?', 'UNIQUE', 39, 4);
INSERT INTO `question` VALUES (212, 'Pour optimiser son sommeil pensez-vous que regarder son téléphone avant de dormir est une bonne idée ?', 'Pour optimiser son sommeil pensez-vous que regarder son téléphone avant de dormir est une bonne idée ?', 'UNIQUE', 39, 5);
INSERT INTO `question` VALUES (214, 'Pour agir en faveur d’une bonne hygiène de vie, il faut boire quotidiennement ?', 'Pour agir en faveur d’une bonne hygiène de vie, il faut boire quotidiennement ?', 'UNIQUE', 39, 6);
INSERT INTO `question` VALUES (218, 'Pour avoir une bonne santé, il est nécessaire de pratiquer une activité physique ?', 'Pour avoir une bonne santé, il est nécessaire de pratiquer une activité physique ?', 'UNIQUE', 40, 1);
INSERT INTO `question` VALUES (219, 'Quelle est la signification de la sédentarité ?', 'Quelle est la signification de la sédentarité ?', 'UNIQUE', 40, 2);
INSERT INTO `question` VALUES (221, 'Le manque d’activité physique peut entraîner ?', 'Le manque d’activité physique peut entraîner ?', 'MULTIPLE', 40, 3);
INSERT INTO `question` VALUES (222, 'Pour avoir une bonne santé il est nécessaire de pratiquer une activité physique ?                                                                            ', 'Pour avoir une bonne santé il est nécessaire de pratiquer une activité physique ?                                                                            ', 'UNIQUE', 41, 1);
INSERT INTO `question` VALUES (223, 'Quelle est la signification de la sédentarité ?                                                                        ', 'Quelle est la signification de la sédentarité ?                                                                        ', 'UNIQUE', 41, 2);
INSERT INTO `question` VALUES (225, 'Le manque d’activité physique peut entraîner ?                                                                                                          ', 'Le manque d’activité physique peut entraîner ?                                                                                                          ', 'MULTIPLE', 41, 3);
INSERT INTO `question` VALUES (226, 'Il est recommandé d’effectuer combien de temps d’activité physique par jour ?                                                                                                             ', 'Il est recommandé d’effectuer combien de temps d’activité physique par jour ?                                                                                                             ', 'UNIQUE', 41, 4);
INSERT INTO `question` VALUES (227, 'L’activité physique prévient les maladies articulaires ?                                                                      ', 'L’activité physique prévient les maladies articulaires ?                                                                      ', 'UNIQUE', 41, 5);
INSERT INTO `question` VALUES (228, 'En pratiquant une activité physique régulière, nous pouvons ?', 'En pratiquant une activité physique régulière, nous pouvons ?', 'MULTIPLE', 41, 6);
INSERT INTO `question` VALUES (229, 'L’activité physique joue sur notre humeur ?', 'L’activité physique joue sur notre humeur ?', 'UNIQUE', 41, 7);
INSERT INTO `question` VALUES (230, 'Lorsqu’on fait de la marche est-on en train de pratiquer une activité physique ?', 'Lorsqu’on fait de la marche est-on en train de pratiquer une activité physique ?', 'UNIQUE', 41, 8);
INSERT INTO `question` VALUES (231, ' L’éco-responsabilité correspond à avoir une habitude éco-responsable pour préserver l’environnement et ses ressources ', ' L’éco-responsabilité correspond à avoir une habitude éco-responsable pour préserver l’environnement et ses ressources ', 'UNIQUE', 42, 1);
INSERT INTO `question` VALUES (232, 'Comment devient-on un citoyen éco-responsable ?', 'Comment devient-on un citoyen éco-responsable ?', 'UNIQUE', 42, 2);
INSERT INTO `question` VALUES (233, 'Pouvons-nous devenir un citoyen éco-responsable du jour au lendemain ?', 'Pouvons-nous devenir un citoyen éco-responsable du jour au lendemain ?', 'UNIQUE', 42, 3);
INSERT INTO `question` VALUES (235, 'Ne pas jeter ses déchets dans la nature contribue à être éco-responsable dans la nature ?', 'Ne pas jeter ses déchets dans la nature contribue à être éco-responsable dans la nature ?', 'UNIQUE', 43, 1);
INSERT INTO `question` VALUES (239, 'Pratiquer des activités motorisées peut polluer et défigurer les paysages ?', 'Pratiquer des activités motorisées peut polluer et défigurer les paysages ?', 'UNIQUE', 43, 2);
INSERT INTO `question` VALUES (241, 'Parmi les propositions suivantes, laquelle est pertinente concernant la bonne éco-responsabilité des océans ?', 'Parmi les propositions suivantes, laquelle est pertinente concernant la bonne éco-responsabilité des océans ?', 'UNIQUE', 43, 3);
INSERT INTO `question` VALUES (242, 'Pour se déplacer, il est préférable de privilégier ?', 'Pour se déplacer, il est préférable de privilégier ?', 'UNIQUE', 43, 4);
INSERT INTO `question` VALUES (246, 'Selon vous, le citoyen éco-responsable utilisera pour se déplacer lors de ses petits trajets', 'Selon vous, le citoyen éco-responsable utilisera pour se déplacer lors de ses petits trajets', 'UNIQUE', 43, 5);
INSERT INTO `question` VALUES (247, 'Si aucun autre moyen de locomotion n’est possible sauf la voiture, que doit-on faire ?', 'Si aucun autre moyen de locomotion n’est possible sauf la voiture, que doit-on faire ?', 'UNIQUE', 43, 6);
INSERT INTO `question` VALUES (252, 'Le protoxyde d’azote est un gaz utilisé en cuisine et également en anesthésie dans le milieu médical ? ', 'Le protoxyde d’azote est un gaz utilisé en cuisine et également en anesthésie dans le milieu médical ? ', 'UNIQUE', 45, 1);
INSERT INTO `question` VALUES (253, 'A-t-on détourné l’utilisation du protoxyde d’azote ?', 'A-t-on détourné l’utilisation du protoxyde d’azote ?', 'UNIQUE', 45, 2);
INSERT INTO `question` VALUES (254, 'Le protoxyde d’azote est l’un des produits psychoactifs le plus consommé en France chez les : ', 'Le protoxyde d’azote est l’un des produits psychoactifs le plus consommé en France chez les : ', 'UNIQUE', 45, 3);
INSERT INTO `question` VALUES (255, 'Quels sont les effets de ce produit ?', 'Quels sont les effets de ce produit ?', 'MULTIPLE', 46, 4);
INSERT INTO `question` VALUES (256, 'Peut-on percevoir quelque chose qui n’est pas de la réalité après avoir consommer cette substance ?', 'Peut-on percevoir quelque chose qui n’est pas de la réalité après avoir consommer cette substance ?', 'UNIQUE', 46, 3);
INSERT INTO `question` VALUES (257, 'L’effet est-il long ou court ? ', 'L’effet est-il long ou court ? ', 'UNIQUE', 46, 2);
INSERT INTO `question` VALUES (258, 'Quelle est la mauvaise tendance avec ce protoxyde d’azote ?', 'Quelle est la mauvaise tendance avec ce protoxyde d’azote ?', 'UNIQUE', 46, 1);
INSERT INTO `question` VALUES (259, 'Le protoxyde d’azote peut-il avoir des effets néfaste sur la santé ? ', 'Le protoxyde d’azote peut-il avoir des effets néfaste sur la santé ? ', 'UNIQUE', 47, 1);
INSERT INTO `question` VALUES (260, 'Parmi les propositions suivantes, quels sont les risques de cette consommation ? ', 'Parmi les propositions suivantes, quels sont les risques de cette consommation ? ', 'MULTIPLE', 47, 2);
INSERT INTO `question` VALUES (261, 'En en consommant régulièrement on peut avoir : ', 'En en consommant régulièrement on peut avoir : ', 'MULTIPLE', 47, 3);
INSERT INTO `question` VALUES (262, 'En consommant du protoxyde d\'azote, peut-on avoir des troubles cardiaques ? ', 'En consommant du protoxyde d\'azote, peut-on avoir des troubles cardiaques ? ', 'UNIQUE', 47, 4);
INSERT INTO `question` VALUES (263, 'Est-ce que c\'est sans risque de consommer de l\'alcool en même temps ?', 'Est-ce que c\'est sans risque de consommer de l\'alcool en même temps ?', 'UNIQUE', 47, 5);
INSERT INTO `question` VALUES (264, 'Après avoir regardé cette vidéo, quelle est la réponse à donner lorsque l\'on vous propose de consommer cette substance  ?', 'Après avoir regardé cette vidéo, quelle est la réponse à donner lorsque l\'on vous propose de consommer cette substance  ?', 'UNIQUE', 47, 6);
INSERT INTO `question` VALUES (265, 'Ne pas recommander cette consommation, est primordiale pour la santé de tous :', 'Ne pas recommander cette consommation, est primordiale pour la santé de tous :', 'UNIQUE', 47, 7);
INSERT INTO `question` VALUES (266, 'Si vous consommez du protoxyde d’azote, faut-il le faire seul, sans personne avec soi ? ', 'Si vous consommez du protoxyde d’azote, faut-il le faire seul, sans personne avec soi ? ', 'UNIQUE', 48, 1);
INSERT INTO `question` VALUES (267, 'Pouvons-nous perdre l’équilibre si l’on consomme le protoxyde d’azote debout ? ', 'Pouvons-nous perdre l’équilibre si l’on consomme le protoxyde d’azote debout ? ', 'UNIQUE', 48, 2);
INSERT INTO `question` VALUES (268, 'Que faut-il faire pour éviter l’asphyxie lorsque je consomme cette substance ?', 'Que faut-il faire pour éviter l’asphyxie lorsque je consomme cette substance ?', 'UNIQUE', 48, 3);
INSERT INTO `question` VALUES (269, 'Le protoxyde d’azote est un gaz qui est froid, et qui peut provoquer des brûlures et altérer la conduite au volant :', 'Le protoxyde d’azote est un gaz qui est froid, et qui peut provoquer des brûlures et altérer la conduite au volant :', 'UNIQUE', 48, 4);
INSERT INTO `question` VALUES (270, 'Le protoxyde d’azote est un produit inflammable.', 'Le protoxyde d’azote est un produit inflammable.', 'UNIQUE', 48, 5);
INSERT INTO `question` VALUES (271, 'Le protoxyde d’azote est un gaz utilisé en cuisine et également en anesthésie dans le milieu médical ?', 'Le protoxyde d’azote est un gaz utilisé en cuisine et également en anesthésie dans le milieu médical ?', 'UNIQUE', 49, 1);
INSERT INTO `question` VALUES (272, 'Peut-on détourner l’utilisation du protoxyde d’azote ?', 'Peut-on détourner l’utilisation du protoxyde d’azote ?', 'UNIQUE', 49, 2);
INSERT INTO `question` VALUES (273, 'Le protoxyde d’azote est l’un des produits psychoactifs le plus consommé en France chez les :', 'Le protoxyde d’azote est l’un des produits psychoactifs le plus consommé en France chez les :', 'UNIQUE', 49, 3);
INSERT INTO `question` VALUES (274, 'Quels sont les effets de ce produit ?', 'Quels sont les effets de ce produit ?', 'MULTIPLE', 49, 4);
INSERT INTO `question` VALUES (275, 'Peut-on percevoir quelque chose qui n’est pas de la réalité après avoir consommer cette substance ?', 'Peut-on percevoir quelque chose qui n’est pas de la réalité après avoir consommer cette substance ?', 'UNIQUE', 49, 5);
INSERT INTO `question` VALUES (276, 'L’effet est-il long ou court ? ', 'L’effet est-il long ou court ? ', 'UNIQUE', 49, 6);
INSERT INTO `question` VALUES (277, 'Quelle est la mauvaise tendance avec ce protoxyde d’azote ?', 'Quelle est la mauvaise tendance avec ce protoxyde d’azote ?', 'UNIQUE', 49, 7);
INSERT INTO `question` VALUES (278, 'Le protoxyde d’azote peut-il avoir des effets néfaste sur la santé ?', 'Le protoxyde d’azote peut-il avoir des effets néfaste sur la santé ?', 'UNIQUE', 49, 8);
INSERT INTO `question` VALUES (279, 'Parmi les propositions suivantes, quels sont les risques de cette consommation ?', 'Parmi les propositions suivantes, quels sont les risques de cette consommation ?', 'MULTIPLE', 49, 9);
INSERT INTO `question` VALUES (280, 'Vous êtes en train de consommer cette substance, vous avez également envie de consommer de l’alcool et du tabac. Pensez-vous que cela est sans risque ?', 'Vous êtes en train de consommer cette substance, vous avez également envie de consommer de l’alcool et du tabac. Pensez-vous que cela est sans risque ?', 'UNIQUE', 49, 12);
INSERT INTO `question` VALUES (281, 'Un trouble cardiaque peut être en lien avec cette consommation dangereuse de protoxyde d’azote ?', 'Un trouble cardiaque peut être en lien avec cette consommation dangereuse de protoxyde d’azote ?', 'UNIQUE', 49, 11);
INSERT INTO `question` VALUES (282, 'Après avoir regardé cette vidéo, quelle est la réponse à donner lorsque que l\'on vous propose de consommer cette substance ?', 'Après avoir regardé cette vidéo, quelle est la réponse à donner lorsque que l\'on vous propose de consommer cette substance ?', 'UNIQUE', 49, 13);
INSERT INTO `question` VALUES (283, 'En pratiquant cette consommation régulière on peut avoir :', 'En pratiquant cette consommation régulière on peut avoir :', 'MULTIPLE', 49, 10);
INSERT INTO `question` VALUES (284, 'Ne pas recommander cette consommation, est primordiale pour la santé de tous', 'Ne pas recommander cette consommation, est primordiale pour la santé de tous', 'UNIQUE', 49, 14);
INSERT INTO `question` VALUES (285, 'Pouvons-nous dire que les fruits de saison sont moins chers, plus goûteux, et produit localement ?', 'Pouvons-nous dire que les fruits de saison sont moins chers, plus goûteux, et produit localement ?', 'UNIQUE', 21, 3);
INSERT INTO `question` VALUES (286, 'Lorsque nous mangeons un gâteau à la fraise, nous pouvons compter cela comme une portion de fruit ?', 'Lorsque nous mangeons un gâteau à la fraise, nous pouvons compter cela comme une portion de fruit ?', 'UNIQUE', 21, 4);
INSERT INTO `question` VALUES (287, 'Manger assez de fruits et légumes par jour permet de maintenir une bonne santé ? ', 'Manger assez de fruits et légumes par jour permet de maintenir une bonne santé ? ', 'UNIQUE', 50, 1);
INSERT INTO `question` VALUES (288, 'Quelle est la bonne portion de fruits ou de légumes ?', 'Quelle est la bonne portion de fruits ou de légumes ?', 'UNIQUE', 50, 4);
INSERT INTO `question` VALUES (289, 'Combien de fruits et légumes doit-on manger par jour ?', 'Combien de fruits et légumes doit-on manger par jour ?', 'UNIQUE', 50, 2);
INSERT INTO `question` VALUES (290, 'Lorsque nous mangeons un gâteau à la fraise, nous pouvons compter cela comme une portion de fruit ?', 'Lorsque nous mangeons un gâteau à la fraise, nous pouvons compter cela comme une portion de fruit ?', 'UNIQUE', 50, 13);
INSERT INTO `question` VALUES (291, 'Comment peut-on consommer des fruits et légumes ?', 'Comment peut-on consommer des fruits et légumes ?', 'MULTIPLE', 50, 10);
INSERT INTO `question` VALUES (292, 'Quel jus est meilleur pour la santé ?', 'Quel jus est meilleur pour la santé ?', 'UNIQUE', 50, 11);
INSERT INTO `question` VALUES (293, 'Pouvons-nous dire que les fruits de saison sont moins chers, plus goûteux, et produit localement ?', 'Pouvons-nous dire que les fruits de saison sont moins chers, plus goûteux, et produit localement ?', 'UNIQUE', 50, 12);
INSERT INTO `question` VALUES (294, 'Il est recommandé de ?', 'Il est recommandé de ?', 'MULTIPLE', 50, 3);
INSERT INTO `question` VALUES (295, 'Quelles portions de ces fruits énoncées à la question précédente doit-on consommer par jour ? ', 'Quelles portions de ces fruits énoncées à la question précédente doit-on consommer par jour ? ', 'UNIQUE', 50, 9);
INSERT INTO `question` VALUES (296, 'Quels sont les faux amis de la consommation de fruits et légumes ? ', 'Quels sont les faux amis de la consommation de fruits et légumes ? ', 'UNIQUE', 50, 5);
INSERT INTO `question` VALUES (297, 'Pourquoi est-il important de consommer des fruits et légumes ? ', 'Pourquoi est-il important de consommer des fruits et légumes ? ', 'MULTIPLE', 50, 6);
INSERT INTO `question` VALUES (298, 'Peut-on éviter certaines maladies comme des cancers, du diabète, du surpoids en consommant 5 fruits et légumes par jour ? ', 'Peut-on éviter certaines maladies comme des cancers, du diabète, du surpoids en consommant 5 fruits et légumes par jour ? ', 'UNIQUE', 50, 7);
INSERT INTO `question` VALUES (299, 'Les noix, noisettes, amandes correspondent à quels types de fruits ?', 'Les noix, noisettes, amandes correspondent à quels types de fruits ?', 'UNIQUE', 50, 8);
INSERT INTO `question` VALUES (300, 'Concernant le chauffage, diminuer seulement d’un degré la température peut-être bénéfique pour l’éco-responsabilité ?', 'Concernant le chauffage, diminuer seulement d’un degré la température peut-être bénéfique pour l’éco-responsabilité ?', 'UNIQUE', 44, 1);
INSERT INTO `question` VALUES (301, 'Pensez-vous que posséder un sèche-linge est indispensable ? Celui-ci peut-il nuire à l’éco-responsabilité ?', 'Pensez-vous que posséder un sèche-linge est indispensable ? Celui-ci peut-il nuire à l’éco-responsabilité ?', 'MULTIPLE', 44, 2);
INSERT INTO `question` VALUES (302, 'Est-il bon d’avoir un réfrigérateur secondaire chez soi pour l’éco responsabilité ?', 'Est-il bon d’avoir un réfrigérateur secondaire chez soi pour l’éco responsabilité ?', 'UNIQUE', 44, 3);
INSERT INTO `question` VALUES (303, 'En allant faire ses courses le comportement d’un citoyen éco-responsable sera de venir avec ses sacs réutilisables pour éviter d’acheter des sacs jetables ? ', 'En allant faire ses courses le comportement d’un citoyen éco-responsable sera de venir avec ses sacs réutilisables pour éviter d’acheter des sacs jetables ? ', 'UNIQUE', 44, 4);
INSERT INTO `question` VALUES (304, 'Pour se déplacer, il est préférable de privilégier ?', 'Pour se déplacer, il est préférable de privilégier ?', 'UNIQUE', 51, 7);
INSERT INTO `question` VALUES (305, 'L’éco-responsabilité correspond à avoir une habitude éco-responsable pour préserver l’environnement et ses ressources ', 'L’éco-responsabilité correspond à avoir une habitude éco-responsable pour préserver l’environnement et ses ressources ', 'UNIQUE', 51, 1);
INSERT INTO `question` VALUES (306, 'Comment devient-on un citoyen éco-responsable ?', 'Comment devient-on un citoyen éco-responsable ?', 'UNIQUE', 51, 2);
INSERT INTO `question` VALUES (307, ' Pensez-vous que posséder un sèche-linge est indispensable ? Celui-ci peut-il nuire à l’éco-responsabilité ? ', ' Pensez-vous que posséder un sèche-linge est indispensable ? Celui-ci peut-il nuire à l’éco-responsabilité ? ', 'MULTIPLE', 51, 16);
INSERT INTO `question` VALUES (308, 'Quels sont les avantages de l’achat en vrac ?', 'Quels sont les avantages de l’achat en vrac ?', 'MULTIPLE', 51, 13);
INSERT INTO `question` VALUES (309, 'Est-il mieux de faire ses courses dans un grand supermarché ou chez un marchand qui vend que des produits locaux et de saison ?', 'Est-il mieux de faire ses courses dans un grand supermarché ou chez un marchand qui vend que des produits locaux et de saison ?', 'UNIQUE', 51, 10);
INSERT INTO `question` VALUES (310, 'Vous êtes au travail, l’envie d’un café se fait ressentir. Quel comportement allez-vous entreprendre en tant que citoyen éco-responsable ?', 'Vous êtes au travail, l’envie d’un café se fait ressentir. Quel comportement allez-vous entreprendre en tant que citoyen éco-responsable ?', 'UNIQUE', 51, 12);
INSERT INTO `question` VALUES (311, 'Est-il bon d’avoir un réfrigérateur secondaire chez soi pour l’éco responsabilité ?', 'Est-il bon d’avoir un réfrigérateur secondaire chez soi pour l’éco responsabilité ?', 'UNIQUE', 51, 17);
INSERT INTO `question` VALUES (312, 'Pouvons-nous devenir un citoyen éco-responsable du jour au lendemain ?', 'Pouvons-nous devenir un citoyen éco-responsable du jour au lendemain ?', 'UNIQUE', 51, 3);
INSERT INTO `question` VALUES (313, 'En limitant nos déplacements quotidiens on agit en faveur de l’éco-responsabilité ?', 'En limitant nos déplacements quotidiens on agit en faveur de l’éco-responsabilité ?', 'UNIQUE', 51, 11);
INSERT INTO `question` VALUES (314, 'Ne pas jeter ses déchets dans la nature contribue à être éco-responsable dans la nature ?', 'Ne pas jeter ses déchets dans la nature contribue à être éco-responsable dans la nature ?', 'UNIQUE', 51, 4);
INSERT INTO `question` VALUES (315, 'Pratiquer des activités motorisées peut polluer et défigurer les paysages ?', 'Pratiquer des activités motorisées peut polluer et défigurer les paysages ?', 'UNIQUE', 51, 5);
INSERT INTO `question` VALUES (316, 'En allant au travail ou à l’école, vous pensez à prendre de quoi boire durant la journée ?', 'En allant au travail ou à l’école, vous pensez à prendre de quoi boire durant la journée ?', 'UNIQUE', 51, 14);
INSERT INTO `question` VALUES (317, 'Concernant le chauffage, diminuer seulement d’un degré la température peut-être bénéfique pour l’éco-responsabilité ?', 'Concernant le chauffage, diminuer seulement d’un degré la température peut-être bénéfique pour l’éco-responsabilité ?', 'UNIQUE', 51, 15);
INSERT INTO `question` VALUES (318, 'En allant faire ses courses le comportement d’un citoyen éco-responsable sera de venir avec ses sacs réutilisables pour éviter d’acheter des sacs jetables ?', 'En allant faire ses courses le comportement d’un citoyen éco-responsable sera de venir avec ses sacs réutilisables pour éviter d’acheter des sacs jetables ?', 'UNIQUE', 51, 18);
INSERT INTO `question` VALUES (319, 'Si aucun autre moyen de locomotion n’est possible sauf la voiture, que doit-on faire ?', 'Si aucun autre moyen de locomotion n’est possible sauf la voiture, que doit-on faire ?', 'UNIQUE', 51, 9);
INSERT INTO `question` VALUES (320, 'Parmi les propositions suivantes, laquelle est pertinente concernant la bonne éco-responsabilité des océans ?', 'Parmi les propositions suivantes, laquelle est pertinente concernant la bonne éco-responsabilité des océans ?', 'UNIQUE', 51, 6);
INSERT INTO `question` VALUES (321, 'Selon vous, le citoyen éco-responsable utilisera pour se déplacer lors de ses petits trajets ?', 'Selon vous, le citoyen éco-responsable utilisera pour se déplacer lors de ses petits trajets ?', 'UNIQUE', 51, 8);
INSERT INTO `question` VALUES (322, 'Il est recommandé d’effectuer combien de temps d’activité physique par jour ?', 'Il est recommandé d’effectuer combien de temps d’activité physique par jour ?', 'UNIQUE', 52, NULL);
INSERT INTO `question` VALUES (323, 'L’activité physique prévient les maladies articulaires ?', 'L’activité physique prévient les maladies articulaires ?', 'UNIQUE', 52, NULL);
INSERT INTO `question` VALUES (324, 'En pratiquant une activité physique régulière, nous pouvons ?', 'En pratiquant une activité physique régulière, nous pouvons ?', 'MULTIPLE', 52, NULL);
INSERT INTO `question` VALUES (325, 'L’activité physique joue sur notre humeur ?', 'L’activité physique joue sur notre humeur ?', 'UNIQUE', 52, NULL);
INSERT INTO `question` VALUES (326, 'Lorsqu’on fait de la marche est-on en train de pratiquer une activité physique ?', 'Lorsqu’on fait de la marche est-on en train de pratiquer une activité physique ?', 'UNIQUE', 52, NULL);
INSERT INTO `question` VALUES (327, 'Est-il bon de prendre un petit déjeuner plus copieux pour éviter les fringales de la matinée ?', 'Est-il bon de prendre un petit déjeuner plus copieux pour éviter les fringales de la matinée ?', 'UNIQUE', 53, NULL);
INSERT INTO `question` VALUES (328, 'Manger à heures fixes est une bonne solution pour éviter de grignoter ?', 'Manger à heures fixes est une bonne solution pour éviter de grignoter ?', 'UNIQUE', 53, NULL);
INSERT INTO `question` VALUES (329, 'Est-il mieux de rester passif ou d’être actif pour éviter de grignoter ?', 'Est-il mieux de rester passif ou d’être actif pour éviter de grignoter ?', 'UNIQUE', 53, NULL);
INSERT INTO `question` VALUES (330, 'Une des solutions pour éviter le grignotage est de faire du sport ?', 'Une des solutions pour éviter le grignotage est de faire du sport ?', 'UNIQUE', 53, NULL);
INSERT INTO `question` VALUES (331, 'Si la sensation de faim se fait vraiment ressentir hors des repas, que faut-il manger ? ', 'Si la sensation de faim se fait vraiment ressentir hors des repas, que faut-il manger ? ', 'MULTIPLE', 53, NULL);
INSERT INTO `question` VALUES (335, 'Est-il mieux de faire ses courses dans un grand supermarché ou chez un marchand qui vend que des produits locaux et de saison ?', 'Est-il mieux de faire ses courses dans un grand supermarché ou chez un marchand qui vend que des produits locaux et de saison ?', 'UNIQUE', 43, 7);
INSERT INTO `question` VALUES (341, 'En limitant nos déplacements quotidiens on agit en faveur de l’éco-responsabilité ?', 'En limitant nos déplacements quotidiens on agit en faveur de l’éco-responsabilité ?', 'UNIQUE', 43, 8);
INSERT INTO `question` VALUES (345, 'Vous êtes au travail, l’envie d’un café se fait ressentir. Quel comportement allez-vous entreprendre en tant que citoyen éco-responsable ?', 'Vous êtes au travail, l’envie d’un café se fait ressentir. Quel comportement allez-vous entreprendre en tant que citoyen éco-responsable ?', 'UNIQUE', 43, 9);
INSERT INTO `question` VALUES (346, 'Quels sont les avantages de l’achat en vrac ?', 'Quels sont les avantages de l’achat en vrac ?', 'MULTIPLE', 43, 10);
INSERT INTO `question` VALUES (347, 'En allant au travail ou à l’école, vous pensez à prendre de quoi boire durant la journée ?', 'En allant au travail ou à l’école, vous pensez à prendre de quoi boire durant la journée ?', 'UNIQUE', 43, 11);
INSERT INTO `question` VALUES (363, 'La slow attitude signifie :', 'La slow attitude signifie :', 'UNIQUE', 57, 1);
INSERT INTO `question` VALUES (364, 'Que faut-il pour une slow attitude réussie ?', 'Que faut-il pour une slow attitude réussie ?', 'MULTIPLE', 57, 2);
INSERT INTO `question` VALUES (365, 'Est-ce que le fait de manger rapidement est favorable à une slow attitude ?', 'Est-ce que le fait de manger rapidement est favorable à une slow attitude ?', 'UNIQUE', 57, 3);
INSERT INTO `question` VALUES (366, ' Ton ami est toujours trop rapide, et ne prend pas le temps pour faire tranquillement les choses.', ' Ton ami est toujours trop rapide, et ne prend pas le temps pour faire tranquillement les choses.', 'UNIQUE', 57, 4);
INSERT INTO `question` VALUES (367, 'Pour vous l’ennuie c’est :', 'Pour vous l’ennuie c’est :', 'UNIQUE', 58, 1);
INSERT INTO `question` VALUES (368, 'S’ennuyer n’est pas productif et n’a pas de bienfait pour notre vie :', 'S’ennuyer n’est pas productif et n’a pas de bienfait pour notre vie :', 'UNIQUE', 58, 2);
INSERT INTO `question` VALUES (369, 'Lorsque l’on s’ennuie on :', 'Lorsque l’on s’ennuie on :', 'MULTIPLE', 58, 3);
INSERT INTO `question` VALUES (370, 'En s’ennuyant on peut prendre du temps pour l’introspection ?', 'En s’ennuyant on peut prendre du temps pour l’introspection ?', 'UNIQUE', 58, 5);
INSERT INTO `question` VALUES (371, 'Le Coronavirus est un virus contagieux qui peut être transmissible par :', 'Le Coronavirus est un virus contagieux qui peut être transmissible par :', 'MULTIPLE', 59, 1);
INSERT INTO `question` VALUES (372, 'Pour un lavage des mains efficace, il faut :', 'Pour un lavage des mains efficace, il faut :', 'MULTIPLE', 59, 2);
INSERT INTO `question` VALUES (373, 'Pour éviter d’être contaminé par le virus, il est recommandé de désinfecter les surfaces de travail avec un désinfectant :', 'Pour éviter d’être contaminé par le virus, il est recommandé de désinfecter les surfaces de travail avec un désinfectant :', 'UNIQUE', 59, 3);
INSERT INTO `question` VALUES (374, 'Si on ne dort pas assez, si on ne fait pas d’activités physiques, on est plus à risque face au Coronavirus :', 'Si on ne dort pas assez, si on ne fait pas d’activités physiques, on est plus à risque face au Coronavirus :', 'UNIQUE', 59, 4);
INSERT INTO `question` VALUES (375, 'Est-il nécessaire de favoriser la communication virtuelle pour éviter toute contamination au COVID ?', 'Est-il nécessaire de favoriser la communication virtuelle pour éviter toute contamination au COVID ?', 'UNIQUE', 59, 5);
INSERT INTO `question` VALUES (376, 'Parmi les réponses suivantes, quels sont les symptômes du Coronavirus ?', 'Parmi les réponses suivantes, quels sont les symptômes du Coronavirus ?', 'MULTIPLE', 59, 6);
INSERT INTO `question` VALUES (377, 'Que faire en cas de présence des signes du coronavirus ?', 'Que faire en cas de présence des signes du coronavirus ?', 'MULTIPLE', 59, 7);
INSERT INTO `question` VALUES (378, 'Un ami s’approche pour vous faire la bise, comment réagissez-vous ?', 'Un ami s’approche pour vous faire la bise, comment réagissez-vous ?', 'UNIQUE', 59, 8);
INSERT INTO `question` VALUES (379, 'Avec le vaccin, il n’est plus nécessaire de conserver les gestes barrières ?', 'Avec le vaccin, il n’est plus nécessaire de conserver les gestes barrières ?', 'UNIQUE', 59, 9);
INSERT INTO `question` VALUES (380, 'L’activité physique se limite au fait de pratiquer une activité sportive, de loisir ou de compétition :', 'L’activité physique se limite au fait de pratiquer une activité sportive, de loisir ou de compétition :', 'UNIQUE', 60, 1);
INSERT INTO `question` VALUES (381, 'Pour être plus actif vous pouvez : ', 'Pour être plus actif vous pouvez : ', 'MULTIPLE', 60, 2);
INSERT INTO `question` VALUES (382, 'En faisant une séance de sport à domicile, vous pratiquez une vraie activité physique ?', 'En faisant une séance de sport à domicile, vous pratiquez une vraie activité physique ?', 'UNIQUE', 60, 3);
INSERT INTO `question` VALUES (383, 'En ajoutant plus de mouvements à votre journée (faire le ménage, se promener), vous augmentez votre dépense énergétique :', 'En ajoutant plus de mouvements à votre journée (faire le ménage, se promener), vous augmentez votre dépense énergétique :', 'UNIQUE', 60, 4);
INSERT INTO `question` VALUES (384, 'Quel est le minimum d’activité physique par jour pour se maintenir en forme ?', 'Quel est le minimum d’activité physique par jour pour se maintenir en forme ?', 'UNIQUE', 61, 1);
INSERT INTO `question` VALUES (385, 'En pratiquant le nombre de pas nécessaire par jour vous pouvez :', 'En pratiquant le nombre de pas nécessaire par jour vous pouvez :', 'MULTIPLE', 61, 2);
INSERT INTO `question` VALUES (386, 'Quelle sont les bonnes alternatives à entreprendre ?', 'Quelle sont les bonnes alternatives à entreprendre ?', 'MULTIPLE', 61, 3);
INSERT INTO `question` VALUES (387, 'Un Podomètre ou une montre connectée ou une application sur le smartphone montre le nombre de pas par jour :', 'Un Podomètre ou une montre connectée ou une application sur le smartphone montre le nombre de pas par jour :', 'UNIQUE', 61, 4);
INSERT INTO `question` VALUES (388, 'Il est 17h vous vous rendez compte que vous êtes à 7 000 pas par jour, que faites-vous ?', 'Il est 17h vous vous rendez compte que vous êtes à 7 000 pas par jour, que faites-vous ?', 'UNIQUE', 61, 5);
INSERT INTO `question` VALUES (390, 'S\'ennuyer est bon pour le moral, bon pour la santé et bon pour la créativité', 'S\'ennuyer est bon pour le moral, bon pour la santé et bon pour la créativité', 'UNIQUE', 58, 4);
INSERT INTO `question` VALUES (391, 'Pouvons-nous perdre l’équilibre si l’on consomme le protoxyde d’azote debout ?', 'Pouvons-nous perdre l’équilibre si l’on consomme le protoxyde d’azote debout ?', 'UNIQUE', 49, 16);
INSERT INTO `question` VALUES (392, 'Si vous consommez du protoxyde d’azote, faut-il le faire seul, sans personne avec soi ? ', 'Si vous consommez du protoxyde d’azote, faut-il le faire seul, sans personne avec soi ? ', 'UNIQUE', 49, 15);
INSERT INTO `question` VALUES (393, 'Le protoxyde d’azote est un gaz qui est froid, et qui peut provoquer des brûlures et altérer la conduite au volant !  ', 'Le protoxyde d’azote est un gaz qui est froid, et qui peut provoquer des brûlures et altérer la conduite au volant !  ', 'UNIQUE', 49, 18);
INSERT INTO `question` VALUES (394, 'Le protoxyde d’azote est un produit inflammable ', 'Le protoxyde d’azote est un produit inflammable ', 'UNIQUE', 49, 19);
INSERT INTO `question` VALUES (395, 'Que faut-il faire pour éviter l’asphyxie lorsque je consomme cette substance ?', 'Que faut-il faire pour éviter l’asphyxie lorsque je consomme cette substance ?', 'UNIQUE', 49, 17);
INSERT INTO `question` VALUES (400, 'Veuillez cocher la case ci-dessous pour terminer le parcours', 'Veuillez cocher la case ci-dessous pour terminer le parcours', 'UNIQUE', 67, 1);

-- ----------------------------
-- Table structure for quizz
-- ----------------------------
CREATE TABLE `quizz`  (
  `id` bigint NOT NULL AUTO_INCREMENT,
  `label` varchar(255) CHARACTER SET latin1 COLLATE latin1_swedish_ci NOT NULL,
  `stage_id` bigint NULL DEFAULT NULL,
  PRIMARY KEY (`id`) USING BTREE,
  INDEX `fk_quizz__stage_id`(`stage_id`) USING BTREE,
  CONSTRAINT `fk_quizz__stage_id` FOREIGN KEY (`stage_id`) REFERENCES `stage` (`id`) ON DELETE RESTRICT ON UPDATE RESTRICT
) ENGINE = InnoDB AUTO_INCREMENT = 70 CHARACTER SET = latin1 COLLATE = latin1_swedish_ci ROW_FORMAT = Dynamic TABLESPACE = `innodb_system`;

-- ----------------------------
-- Records of quizz
-- ----------------------------
INSERT INTO `quizz` VALUES (1, 'Bons gestes premiers secours', NULL);
INSERT INTO `quizz` VALUES (2, 'Bons gestes en cas d\'une brulure', NULL);
INSERT INTO `quizz` VALUES (3, 'Bons gestes en cas d\'étouffement', NULL);
INSERT INTO `quizz` VALUES (4, 'Bons gestes en cas d\'hémorragie', NULL);
INSERT INTO `quizz` VALUES (5, 'Bons gestes pour un massage cardiaque', NULL);
INSERT INTO `quizz` VALUES (6, 'Questionnaire sur la PLS', NULL);
INSERT INTO `quizz` VALUES (18, 'LE SUCRE', NULL);
INSERT INTO `quizz` VALUES (19, 'FRUITS ET LEGUMES (1)', NULL);
INSERT INTO `quizz` VALUES (20, 'FRUITS ET LÉGUMES (2) Pourquoi ?', NULL);
INSERT INTO `quizz` VALUES (21, 'FRUITS ET LÉGUMES (3) Comment consommer ?', NULL);
INSERT INTO `quizz` VALUES (22, 'LE GRIGNOTAGE (1) C\'est quoi ?', NULL);
INSERT INTO `quizz` VALUES (23, 'LE GRIGNOTAGE (2) Conséquences', NULL);
INSERT INTO `quizz` VALUES (24, 'LE GRIGNOTAGE (VL)', NULL);
INSERT INTO `quizz` VALUES (25, 'LA CHICHA', NULL);
INSERT INTO `quizz` VALUES (26, 'LE CANNABIS', NULL);
INSERT INTO `quizz` VALUES (27, 'HYGIÈNE BUCCO-DENTAIRE', NULL);
INSERT INTO `quizz` VALUES (28, 'LE SOMMEIL', NULL);
INSERT INTO `quizz` VALUES (29, 'LA RESPIRATION', NULL);
INSERT INTO `quizz` VALUES (30, 'ECOUTER LES BRUITS', NULL);
INSERT INTO `quizz` VALUES (31, 'PRENDRE CONSCIENCE', NULL);
INSERT INTO `quizz` VALUES (32, 'MARCHER PIED NU', NULL);
INSERT INTO `quizz` VALUES (33, 'DÉFI ODEURS', NULL);
INSERT INTO `quizz` VALUES (34, 'DÉFI MÉMOIRE ', NULL);
INSERT INTO `quizz` VALUES (35, 'LE PHUBBING', NULL);
INSERT INTO `quizz` VALUES (36, 'LE SMOMBIE', NULL);
INSERT INTO `quizz` VALUES (37, 'LES ENFANTS ET LES ECRANS', NULL);
INSERT INTO `quizz` VALUES (38, 'TON IMAGE T\'APPARTIENT', NULL);
INSERT INTO `quizz` VALUES (39, 'HYGIÈNE DE VIE ', NULL);
INSERT INTO `quizz` VALUES (40, 'ACTIVITÉ PHYSIQUE (1) L\'activité physique', NULL);
INSERT INTO `quizz` VALUES (41, 'ACTIVITÉ PHYSIQUE ', NULL);
INSERT INTO `quizz` VALUES (42, 'ECO-RESPONSABILITÉ (1) Etre Eco-Responsable', NULL);
INSERT INTO `quizz` VALUES (43, 'ECO-RESPONSABILITÉ (2) Eco-Responsable à l\'Extérieur', NULL);
INSERT INTO `quizz` VALUES (44, 'ECO-RESPONSABILITÉ (3) Eco-Responsable chez soi', NULL);
INSERT INTO `quizz` VALUES (45, 'PROTOXYDE D’AZOTE (1) C\'est quoi ?', NULL);
INSERT INTO `quizz` VALUES (46, 'PROTOXYDE D’AZOTE (2) Les effets', NULL);
INSERT INTO `quizz` VALUES (47, 'PROTOXYDE D’AZOTE (3) Les risques', NULL);
INSERT INTO `quizz` VALUES (48, 'PROTOXYDE D’AZOTE (4) Les solutions', NULL);
INSERT INTO `quizz` VALUES (49, 'PROTOXYDE D’AZOTE (VL)', NULL);
INSERT INTO `quizz` VALUES (50, 'FRUITS ET LÉGUMES (VL)', NULL);
INSERT INTO `quizz` VALUES (51, 'ECO-RESPONSABILITÉ (VL)', NULL);
INSERT INTO `quizz` VALUES (52, 'ACTIVITÉ PHYSIQUE (2) Les Bienfaits du Sport', NULL);
INSERT INTO `quizz` VALUES (53, 'LE GRIGNOTAGE (3) Solutions', NULL);
INSERT INTO `quizz` VALUES (57, 'LA SLOW ATTITUDE', NULL);
INSERT INTO `quizz` VALUES (58, 'APPRENDRE A S\'ENNUYER', NULL);
INSERT INTO `quizz` VALUES (59, 'COVID-19', NULL);
INSERT INTO `quizz` VALUES (60, 'ÊTRE PLUS ACTIF', NULL);
INSERT INTO `quizz` VALUES (61, 'DÉFI 10 000 PAS PAR JOUR', NULL);
INSERT INTO `quizz` VALUES (67, 'Fin de Parcours', NULL);
INSERT INTO `quizz` VALUES (68, 'D-45-PROTOXYDE D’AZOTE (1) C\'est quoi ?', NULL);
INSERT INTO `quizz` VALUES (69, 'Quizz Test', NULL);

-- ----------------------------
-- Table structure for ref_logo_teaser
-- ----------------------------
CREATE TABLE `ref_logo_teaser`  (
  `rlt_id` bigint NOT NULL AUTO_INCREMENT,
  `rlt_zip_code` varchar(6) CHARACTER SET latin1 COLLATE latin1_swedish_ci NULL DEFAULT NULL,
  `rlt_city` varchar(255) CHARACTER SET latin1 COLLATE latin1_swedish_ci NULL DEFAULT NULL,
  `rlt_type_media` varchar(255) CHARACTER SET latin1 COLLATE latin1_swedish_ci NULL DEFAULT NULL,
  `rlt_url` varchar(255) CHARACTER SET latin1 COLLATE latin1_swedish_ci NULL DEFAULT NULL,
  `rlt_label` varchar(255) CHARACTER SET latin1 COLLATE latin1_swedish_ci NULL DEFAULT NULL COMMENT 'Nom affiché pour IHM',
  `rlt_fus_id` bigint NULL DEFAULT NULL COMMENT 'si user = fdlvgmd : les logos et Teasers sont ceux de l\'association.',
  `rlt_logo_teaser_valide` varchar(1) CHARACTER SET latin1 COLLATE latin1_swedish_ci NULL DEFAULT '1' COMMENT 'Valeurs : \r\n1 = sauvegardé, en attente de validation\r\n2 = Rejeté par l\'administrateur fonctionnel\r\n3 = Validé par l\'administrateur fonctionnel\r\n9 = supprimé logiquement par l\'administrateur fonctionnel',
  PRIMARY KEY (`rlt_id`) USING BTREE
) ENGINE = InnoDB AUTO_INCREMENT = 31 CHARACTER SET = latin1 COLLATE = latin1_swedish_ci ROW_FORMAT = Dynamic TABLESPACE = `innodb_system`;

-- ----------------------------
-- Records of ref_logo_teaser
-- ----------------------------
INSERT INTO `ref_logo_teaser` VALUES (1, '59190', 'Hazebrouck', 'Logo', 'https://www.gomydefi.live/fdlv_integ/medias_fdlv/logos/Logo-ville-hazebrouck.webp', 'Logo Ville Hazebrouck', 1, '3');
INSERT INTO `ref_logo_teaser` VALUES (2, '35000', 'Rennes', 'Logo', 'https://www.gomydefi.live/fdlv_integ/medias_fdlv/logos/logo-ville-Hem.webp', 'Logo Ville HEM', 1, '3');
INSERT INTO `ref_logo_teaser` VALUES (3, '59000', 'LILLE', 'Logo', 'https://www.gomydefi.live/fdlv_integ/medias_fdlv/logos/Logo_Ville_Lille.webp', 'Logo Ville LILLE', 1, '3');
INSERT INTO `ref_logo_teaser` VALUES (4, '59650', 'Villeneuve d\'Ascq', 'Logo', 'https://www.gomydefi.live/fdlv_integ/medias_fdlv/logos/Logo_FDLV_bleu.webp', 'Logo FDLV Bleu', 1, '3');
INSERT INTO `ref_logo_teaser` VALUES (5, '59290', 'WASQUEHAL', 'Logo', 'https://www.gomydefi.live/fdlv_integ/medias_fdlv/logos/logo-ville-wasquehal.webp', 'Logo Ville Wasquehal', 1, '3');
INSERT INTO `ref_logo_teaser` VALUES (6, '59510', 'Hem', 'Teaser', 'https://www.gomydefi.live/fdlv_integ/medias_fdlv/teasers/Jingle_hem_express3.mp4', 'Jingle HEM Express', 1, '3');
INSERT INTO `ref_logo_teaser` VALUES (7, '59000', 'LILLE LA SALLE ', 'Logo', 'https://www.gomydefi.live/fdlv_integ/medias_fdlv/logos/logo_Ville_la_salle.jpeg', 'Logo Ville La Salle', 1, '3');
INSERT INTO `ref_logo_teaser` VALUES (8, '59000', 'LILLE', 'Teaser', 'https://www.gomydefi.live/fdlv_integ/medias_fdlv/teasers/Jingle_Express_Universelle.mp4', 'Jingle Express Universelle', 1, '3');
INSERT INTO `ref_logo_teaser` VALUES (9, '59200', 'FDLV', 'Logo', 'https://www.gomydefi.live/fdlv_integ/medias_fdlv/logos/Logo_FDLV_bleu.webp', 'Logo FDLV Bleu', 1, '3');
INSERT INTO `ref_logo_teaser` VALUES (10, '59200', 'FDLV', 'Teaser', 'https://www.gomydefi.live/fdlv_integ/medias_fdlv/teasers/Jingle_Express_Universelle.mp4', 'Jingle Express Universelle', 1, '3');
INSERT INTO `ref_logo_teaser` VALUES (11, '59162', 'OSTRICOURT', 'Logo', 'https://www.gomydefi.live/fdlv_integ/medias_fdlv/logos/logo-ville-ostricourt.webp', 'Logo Ville Ostricourt', 1, '3');
INSERT INTO `ref_logo_teaser` VALUES (19, '59120', 'LOOS', 'Logo', 'https://www.gomydefi.live/fdlv_integ/medias_organisateur/logos/19_79_59120_Image_logo_de_Sant_lys.webp', 'logo de Santélys', 79, '1');

-- ----------------------------
-- Table structure for stage
-- ----------------------------
CREATE TABLE `stage`  (
  `id` bigint NOT NULL AUTO_INCREMENT,
  `label` varchar(255) CHARACTER SET latin1 COLLATE latin1_swedish_ci NOT NULL,
  `sequence` int NOT NULL,
  `latitude` double NOT NULL DEFAULT 0,
  `longitude` double NOT NULL DEFAULT 0,
  `video_description` varchar(255) CHARACTER SET latin1 COLLATE latin1_swedish_ci NULL DEFAULT NULL,
  `video_image_url` varchar(255) CHARACTER SET latin1 COLLATE latin1_swedish_ci NULL DEFAULT NULL,
  `video_url` varchar(255) CHARACTER SET latin1 COLLATE latin1_swedish_ci NULL DEFAULT NULL,
  `event_id` bigint NULL DEFAULT NULL,
  `quizz_id` bigint NULL DEFAULT NULL,
  `challenge_id` bigint NULL DEFAULT NULL,
  `stage_defi_video` varchar(255) CHARACTER SET latin1 COLLATE latin1_swedish_ci NULL DEFAULT NULL,
  `stage_defi_partage` varchar(255) CHARACTER SET latin1 COLLATE latin1_swedish_ci NULL DEFAULT NULL,
  `stage_flv_id` bigint NULL DEFAULT NULL,
  `type_media` varchar(50) CHARACTER SET latin1 COLLATE latin1_swedish_ci NULL DEFAULT '.mp4',
  PRIMARY KEY (`id`) USING BTREE,
  INDEX `fk_stage__quizz_id`(`quizz_id`) USING BTREE,
  INDEX `fk_stage__challenge_id`(`challenge_id`) USING BTREE,
  INDEX `fk_stage_flv_id`(`stage_flv_id`) USING BTREE,
  INDEX `fk_stage__event_id`(`event_id`) USING BTREE,
  CONSTRAINT `fk_stage__event_id` FOREIGN KEY (`event_id`) REFERENCES `event` (`id`) ON DELETE CASCADE ON UPDATE RESTRICT,
  CONSTRAINT `fk_stage__quizz_id` FOREIGN KEY (`quizz_id`) REFERENCES `quizz` (`id`) ON DELETE RESTRICT ON UPDATE RESTRICT,
  CONSTRAINT `fk_stage_flv_id` FOREIGN KEY (`stage_flv_id`) REFERENCES `fdlv_liste_videos` (`flv_id`) ON DELETE RESTRICT ON UPDATE RESTRICT
) ENGINE = InnoDB AUTO_INCREMENT = 597 CHARACTER SET = latin1 COLLATE = latin1_swedish_ci ROW_FORMAT = Dynamic TABLESPACE = `innodb_system`;

-- ----------------------------
-- Records of stage
-- ----------------------------
INSERT INTO `stage` VALUES (7, 'intro coupée barrière', 2, 50.674117, 3.123953, 'Parcours Nature Intro (0:33)', 'https://www.gomydefi.live/fdlv_integ/medias_fdlv/videos/PARCOURS_NATURE/Parcours_nature_intro.webp', 'https://www.gomydefi.live/fdlv_integ/medias_fdlv/videos/PARCOURS_NATURE/Parcours_nature_intro.mp4', 2, NULL, NULL, 'intro', 'intro', 31, '.mp4');
INSERT INTO `stage` VALUES (8, 'Défi respiration', 3, 50.7156627, 2.5310106, 'Respiration (2:12)', 'https://www.gomydefi.live/fdlv_integ/medias_fdlv/videos/PARCOURS_NATURE/Defi_respiration.webp', 'https://www.gomydefi.live/fdlv_integ/medias_fdlv/videos/PARCOURS_NATURE/Defi_respiration.mp4', 2, NULL, NULL, 'Respiration', 'Relever le défi de respirer à fond pendant 1 minute!', 37, '.mp4');
INSERT INTO `stage` VALUES (9, 'Bruits extérieurs', 4, 50.673721, 3.121257, 'Ecouter les Bruits (1:23)', 'https://www.gomydefi.live/fdlv_integ/medias_fdlv/videos/PARCOURS_NATURE/Ecouter_les_bruits.webp', 'https://www.gomydefi.live/fdlv_integ/medias_fdlv/videos/PARCOURS_NATURE/Ecouter_les_bruits.mp4', 2, NULL, NULL, 'Écouter les bruits extérieurs', 'Défi d\'écouter les bruits autour de vous!', 32, '.mp4');
INSERT INTO `stage` VALUES (10, 'Marcher pieds nus', 5, 50.674248, 3.121846, 'Marcher Pieds Nus (1:37)', 'https://www.gomydefi.live/fdlv_integ/medias_fdlv/videos/PARCOURS_NATURE/Marcher_pieds_nus.webp', 'https://www.gomydefi.live/fdlv_integ/medias_fdlv/videos/PARCOURS_NATURE/Marcher_pieds_nus.mp4', 2, NULL, NULL, 'Je marche pieds nus dans le parc en écoutant et en observant  la nature.', 'Défi de marcher pieds nus!', 36, '.mp4');
INSERT INTO `stage` VALUES (11, 'Pleine conscience', 1, 50.7156494, 2.5311424, 'Prendre Conscience (2:32)', 'https://www.gomydefi.live/fdlv_integ/medias_fdlv/videos/PARCOURS_NATURE/Prendre_conscience.webp', 'https://www.gomydefi.live/fdlv_integ/medias_fdlv/videos/PARCOURS_NATURE/Prendre_conscience.mp4', 2, NULL, NULL, 'Prendre son temps pour mieux connaître la nature', 'Prendre conscience de la nature', 42, '.mp4');
INSERT INTO `stage` VALUES (12, 'Activités physiques', 4, 50.7348427, 2.5518501, '5 fruits et légumes (1:11)', 'https://www.gomydefi.live/fdlv_integ/medias_fdlv/videos/PARCOURS_5_FRUITS_LEGUMES/5_fruits_et_legumes_courte_1.webp', 'https://www.gomydefi.live/fdlv/medias_fdlv/videos/PARCOURS_5_FRUITS_LEGUMES/5_fruits_et_legumes_courte_1.mp4', 3, NULL, 5, 'Pratiquer une activité physique régulièrement', 'Pratiquer une activité physique régulièrement.', 15, '.mp4');
INSERT INTO `stage` VALUES (13, 'Le sucre', 1, 50.7353327, 2.5553152999999997, 'Le sucre (1:50)', 'https://www.gomydefi.live/fdlv_integ/medias_fdlv/videos/PARCOURS_NUTRITION/Le_sucre.webp', NULL, 3, 18, NULL, 'Faire attention à sa consommation de sucre', 'Faire attention à sa consommation de sucre.', 13, '.mp4');
INSERT INTO `stage` VALUES (14, 'Grignotage', 2, 50.7343949, 2.5566912, 'Le grignotage, C\'est quoi ? (0:57)', 'https://www.gomydefi.live/fdlv_integ/medias_fdlv/videos/PARCOURS_GRIGNOTAGE/Le_grignotage_courte_1.webp', 'https://www.gomydefi.live/fdlv/medias_fdlv/videos/PARCOURS_GRIGNOTAGE/Le_grignotage_courte_1.mp4', 3, NULL, 7, 'Faire attention à moins grignoter chaque jour', 'Faire attention à moins grignoter chaque jour.', 14, '.mp4');
INSERT INTO `stage` VALUES (15, '5 fruits et légumes', 5, 50.674117, 3.123953, '5 fruits et légumes (1:11)', 'https://www.gomydefi.live/fdlv_integ/medias_fdlv/videos/PARCOURS_5_FRUITS_LEGUMES/5_fruits_et_legumes_courte_1.webp', 'https://www.gomydefi.live/fdlv/medias_fdlv/videos/PARCOURS_5_FRUITS_LEGUMES/5_fruits_et_legumes_courte_1.mp4', 3, NULL, 8, 'Manger plus de fruits et légumes par jour', 'Manger plus de fruits et légumes par jour.', 15, '.mp4');
INSERT INTO `stage` VALUES (16, 'Sommeil', 3, 50.7322222, 2.5524929, 'Le Sommeil (2:20)', 'https://www.gomydefi.live/fdlv_integ/medias_fdlv/videos/PARCOURS_SANTE_GLOBALE/le_sommeil.webp', 'https://www.gomydefi.live/fdlv/medias_fdlv/videos/PARCOURS_SANTE_GLOBALE/le_sommeil.mp4', 3, NULL, 9, 'Faire attention à bien dormir tous les jours', 'Faire attention à bien dormir tous les jours.', 16, '.mp4');
INSERT INTO `stage` VALUES (30, 'Activités Physiques HEM', 1, 50.653134, 3.191702, '5 fruits et légumes (1:11)', 'https://www.gomydefi.live/fdlv_integ/medias_fdlv/videos/PARCOURS_5_FRUITS_LEGUMES/5_fruits_et_legumes_courte_1.webp', 'https://www.gomydefi.live/fdlv_integ/medias_fdlv/videos/PARCOURS_5_FRUITS_LEGUMES/5_fruits_et_legumes_courte_1.mp4', NULL, NULL, NULL, 'Garde la forme et réalise 10 flexions !', 'J\'ai relevé le défi en réalisant 10 flexions ! Le sport est bénéfique au corps et à l\'esprit. Il permet de garder la forme,  la bonne santé et le moral individuel et de groupe. ', 15, '.mp4');
INSERT INTO `stage` VALUES (188, 'Etape 1 : Protoxyde d\'Azote - Les Effets (0:35)', 1, 50.3266998, 3.3947394, 'Protoxyde d\'Azote - Les Effets (0:35)', 'https://www.gomydefi.live/fdlv_integ/medias_fdlv/videos/PARCOURS_PROTOXYDE_AZOTE/proto_2_les_effets.webp', 'https://www.gomydefi.live/fdlv/medias_fdlv/videos/PARCOURS_PROTOXYDE_AZOTE/proto_2_les_effets.mp4', 74, 46, NULL, NULL, NULL, 56, '.mp4');
INSERT INTO `stage` VALUES (189, 'Etape 2 : Protoxyde d\'Azote - Les Risques (1:27)', 2, 50.3268455, 3.3946784, 'Protoxyde d\'Azote - Les Risques (1:27)', 'https://www.gomydefi.live/fdlv_integ/medias_fdlv/videos/PARCOURS_PROTOXYDE_AZOTE/proto_3_les_risques.webp', 'https://www.gomydefi.live/fdlv/medias_fdlv/videos/PARCOURS_PROTOXYDE_AZOTE/proto_3_les_risques.mp4', 74, 47, NULL, NULL, NULL, 57, '.mp4');
INSERT INTO `stage` VALUES (190, 'Etape 3 : Protoxyde d\'Azote - Solutions (0:47)', 3, 50.3271394, 3.3939485, 'Protoxyde d\'Azote - Solutions (0:47)', 'https://www.gomydefi.live/fdlv_integ/medias_fdlv/videos/PARCOURS_PROTOXYDE_AZOTE/proto_4_solutions.webp', 'https://www.gomydefi.live/fdlv/medias_fdlv/videos/PARCOURS_PROTOXYDE_AZOTE/proto_4_solutions.mp4', 74, 48, 64, 'Si on me propose du Proto, je relève le défi de dire Non !', 'Si on me propose du Proto, je relève le défi de dire Non !', 58, '.mp4');
INSERT INTO `stage` VALUES (191, 'Etape 1 : Protoxyde d\'Azote - C\'est quoi ? (0:41)', 1, 50.372461, 3.5058314, 'Protoxyde d\'Azote - C\'est quoi ? (0:41)', 'https://www.gomydefi.live/fdlv_integ/medias_fdlv/videos/PARCOURS_PROTOXYDE_AZOTE/proto_1_un_phenomene.webp', 'https://www.gomydefi.live/fdlv/medias_fdlv/videos/PARCOURS_PROTOXYDE_AZOTE/proto_1_un_phenomene.mp4', 75, 45, NULL, NULL, NULL, 55, '.mp4');
INSERT INTO `stage` VALUES (192, 'Etape 2 : Protoxyde d\'Azote - Les Effets (0:35)', 2, 50.3702752, 3.5070123, 'Protoxyde d\'Azote - Les Effets (0:35)', 'https://www.gomydefi.live/fdlv_integ/medias_fdlv/videos/PARCOURS_PROTOXYDE_AZOTE/proto_2_les_effets.webp', 'https://www.gomydefi.live/fdlv/medias_fdlv/videos/PARCOURS_PROTOXYDE_AZOTE/proto_2_les_effets.mp4', 75, 46, NULL, NULL, NULL, 56, '.mp4');
INSERT INTO `stage` VALUES (193, 'Etape 3 : Protoxyde d\'Azote - Les Risques (1:27)', 3, 50.3722273, 3.5059107, 'Protoxyde d\'Azote - Les Risques (1:27)', 'https://www.gomydefi.live/fdlv_integ/medias_fdlv/videos/PARCOURS_PROTOXYDE_AZOTE/proto_3_les_risques.webp', 'https://www.gomydefi.live/fdlv/medias_fdlv/videos/PARCOURS_PROTOXYDE_AZOTE/proto_3_les_risques.mp4', 75, 47, 64, 'Si on me propose du Proto, je relève le défi de dire Non !', 'Si on me propose du Proto, je relève le défi de dire Non !', 57, '.mp4');
INSERT INTO `stage` VALUES (194, 'Etape 1 : Protoxyde d\'Azote - C\'est quoi ? (0:41)', 1, 50.34044884972983, 3.5217542577575784, 'Protoxyde d\'Azote - C\'est quoi ? (0:41)', 'https://www.gomydefi.live/fdlv_integ/medias_fdlv/videos/PARCOURS_PROTOXYDE_AZOTE/proto_1_un_phenomene.webp', 'https://www.gomydefi.live/fdlv/medias_fdlv/videos/PARCOURS_PROTOXYDE_AZOTE/proto_1_un_phenomene.mp4', 76, 45, NULL, '', '', 55, '.mp4');
INSERT INTO `stage` VALUES (195, 'Etape 2 : Protoxyde d\'Azote - Les Effets (0:35)', 2, 50.34088169150831, 3.5180615615690782, 'Protoxyde d\'Azote - Les Effets (0:35)', 'https://www.gomydefi.live/fdlv_integ/medias_fdlv/videos/PARCOURS_PROTOXYDE_AZOTE/proto_2_les_effets.webp', 'https://www.gomydefi.live/fdlv/medias_fdlv/videos/PARCOURS_PROTOXYDE_AZOTE/proto_2_les_effets.mp4', 76, 46, NULL, '', '', 56, '.mp4');
INSERT INTO `stage` VALUES (196, 'Etape 3 : Protoxyde d\'Azote - Les Risques (1:27)', 3, 50.34046543475424, 3.517179284874616, 'Protoxyde d\'Azote - Les Risques (1:27)', 'https://www.gomydefi.live/fdlv_integ/medias_fdlv/videos/PARCOURS_PROTOXYDE_AZOTE/proto_3_les_risques.webp', 'https://www.gomydefi.live/fdlv/medias_fdlv/videos/PARCOURS_PROTOXYDE_AZOTE/proto_3_les_risques.mp4', 76, 47, 64, 'Si on me propose du Proto, je relève le défi de dire Non !', 'Si on me propose du Proto, je relève le défi de dire Non !', 57, '.mp4');
INSERT INTO `stage` VALUES (197, 'Etape 1 : Protoxyde d\'Azote - C\'est quoi ? (0:41)', 1, 50.4291691, 2.8323788, 'Protoxyde d\'Azote - C\'est quoi ? (0:41)', 'https://www.gomydefi.live/fdlv_integ/medias_fdlv/videos/PARCOURS_PROTOXYDE_AZOTE/proto_1_un_phenomene.webp', 'https://www.gomydefi.live/fdlv/medias_fdlv/videos/PARCOURS_PROTOXYDE_AZOTE/proto_1_un_phenomene.mp4', 77, 45, NULL, NULL, NULL, 55, '.mp4');
INSERT INTO `stage` VALUES (198, 'Etape 2 : Protoxyde d\'Azote - Les Effets (0:35)', 2, 50.4292181, 2.8337967, 'Protoxyde d\'Azote - Les Effets (0:35)', 'https://www.gomydefi.live/fdlv_integ/medias_fdlv/videos/PARCOURS_PROTOXYDE_AZOTE/proto_2_les_effets.webp', 'https://www.gomydefi.live/fdlv/medias_fdlv/videos/PARCOURS_PROTOXYDE_AZOTE/proto_2_les_effets.mp4', 77, 46, NULL, NULL, NULL, 56, '.mp4');
INSERT INTO `stage` VALUES (199, 'Etape 3 : Protoxyde d\'Azote - Les Risques (1:27)', 3, 50.429436, 2.8324756, 'Protoxyde d\'Azote - Les Risques (1:27)', 'https://www.gomydefi.live/fdlv_integ/medias_fdlv/videos/PARCOURS_PROTOXYDE_AZOTE/proto_3_les_risques.webp', 'https://www.gomydefi.live/fdlv/medias_fdlv/videos/PARCOURS_PROTOXYDE_AZOTE/proto_3_les_risques.mp4', 77, 47, 64, 'Si on me propose du Proto, je relève le défi de dire Non !', 'Si on me propose du Proto, je relève le défi de dire Non !', 57, '.mp4');
INSERT INTO `stage` VALUES (200, 'Etape 1 : Protoxyde d\'Azote - C\'est quoi ? (0:41)', 1, 50.1757267, 3.2299565, 'Protoxyde d\'Azote - C\'est quoi ? (0:41)', 'https://www.gomydefi.live/fdlv_integ/medias_fdlv/videos/PARCOURS_PROTOXYDE_AZOTE/proto_1_un_phenomene.webp', 'https://www.gomydefi.live/fdlv_integ/medias_fdlv/videos/PARCOURS_PROTOXYDE_AZOTE/proto_1_un_phenomene.mp4', 78, 45, NULL, NULL, NULL, 55, '.mp4');
INSERT INTO `stage` VALUES (201, 'Etape 2 : Protoxyde d\'Azote - Les Effets (0:35)', 2, 50.1764, 3.2307881, 'Protoxyde d\'Azote - Les Effets (0:35)', 'https://www.gomydefi.live/fdlv_integ/medias_fdlv/videos/PARCOURS_PROTOXYDE_AZOTE/proto_2_les_effets.webp', 'https://www.gomydefi.live/fdlv_integ/medias_fdlv/videos/PARCOURS_PROTOXYDE_AZOTE/proto_2_les_effets.mp4', 78, 46, NULL, NULL, NULL, 56, '.mp4');
INSERT INTO `stage` VALUES (202, 'Etape 3 : Protoxyde d\'Azote - Les Risques (1:27)', 3, 50.1763848, 3.2298709, 'Protoxyde d\'Azote - Les Risques (1:27)', 'https://www.gomydefi.live/fdlv_integ/medias_fdlv/videos/PARCOURS_PROTOXYDE_AZOTE/proto_3_les_risques.webp', 'https://www.gomydefi.live/fdlv_integ/medias_fdlv/videos/PARCOURS_PROTOXYDE_AZOTE/proto_3_les_risques.mp4', 78, 47, NULL, 'Si on me propose du Proto, je relève le défi de dire Non !', 'Si on me propose du Proto, je relève le défi de dire Non !', 57, '.mp4');
INSERT INTO `stage` VALUES (203, 'Etape 1 : Protoxyde d\'Azote - C\'est quoi ? (0:41)', 1, 50.292646, 2.78126, 'Protoxyde d\'Azote - C\'est quoi ? (0:41)', 'https://www.gomydefi.live/fdlv_integ/medias_fdlv/videos/PARCOURS_PROTOXYDE_AZOTE/proto_1_un_phenomene.webp', 'https://www.gomydefi.live/fdlv/medias_fdlv/videos/PARCOURS_PROTOXYDE_AZOTE/proto_1_un_phenomene.mp4', 79, 45, NULL, NULL, NULL, 55, '.mp4');
INSERT INTO `stage` VALUES (204, 'Etape 2 : Protoxyde d\'Azote - Les Effets (0:35)', 2, 50.291735, 2.780681, 'Protoxyde d\'Azote - Les Effets (0:35)', 'https://www.gomydefi.live/fdlv_integ/medias_fdlv/videos/PARCOURS_PROTOXYDE_AZOTE/proto_2_les_effets.webp', 'https://www.gomydefi.live/fdlv/medias_fdlv/videos/PARCOURS_PROTOXYDE_AZOTE/proto_2_les_effets.mp4', 79, 46, NULL, NULL, NULL, 56, '.mp4');
INSERT INTO `stage` VALUES (205, 'Etape 3 : Protoxyde d\'Azote - Les Risques (1:27)', 3, 50.291173, 2.777409, 'Protoxyde d\'Azote - Les Risques (1:27)', 'https://www.gomydefi.live/fdlv_integ/medias_fdlv/videos/PARCOURS_PROTOXYDE_AZOTE/proto_3_les_risques.webp', 'https://www.gomydefi.live/fdlv/medias_fdlv/videos/PARCOURS_PROTOXYDE_AZOTE/proto_3_les_risques.mp4', 79, 47, 64, 'Si on me propose du Proto, je relève le défi de dire Non !', 'Si on me propose du Proto, je relève le défi de dire Non !', 57, '.mp4');
INSERT INTO `stage` VALUES (206, 'Etape 1 : Protoxyde d\'Azote - C\'est quoi ? (0:41)', 1, 50.5115961, 2.7421202, 'Protoxyde d\'Azote - C\'est quoi ? (0:41)', 'https://www.gomydefi.live/fdlv_integ/medias_fdlv/videos/PARCOURS_PROTOXYDE_AZOTE/proto_1_un_phenomene.webp', 'https://www.gomydefi.live/fdlv/medias_fdlv/videos/PARCOURS_PROTOXYDE_AZOTE/proto_1_un_phenomene.mp4', 80, 45, NULL, NULL, NULL, 55, '.mp4');
INSERT INTO `stage` VALUES (207, 'Etape 2 : Protoxyde d\'Azote - Les Effets (0:35)', 2, 50.5107537, 2.7415778, 'Protoxyde d\'Azote - Les Effets (0:35)', 'https://www.gomydefi.live/fdlv_integ/medias_fdlv/videos/PARCOURS_PROTOXYDE_AZOTE/proto_2_les_effets.webp', 'https://www.gomydefi.live/fdlv/medias_fdlv/videos/PARCOURS_PROTOXYDE_AZOTE/proto_2_les_effets.mp4', 80, 46, NULL, NULL, NULL, 56, '.mp4');
INSERT INTO `stage` VALUES (208, 'Etape 3 : Protoxyde d\'Azote - Les Risques (1:27)', 3, 50.5106483, 2.7407293, 'Protoxyde d\'Azote - Les Risques (1:27)', 'https://www.gomydefi.live/fdlv_integ/medias_fdlv/videos/PARCOURS_PROTOXYDE_AZOTE/proto_3_les_risques.webp', 'https://www.gomydefi.live/fdlv/medias_fdlv/videos/PARCOURS_PROTOXYDE_AZOTE/proto_3_les_risques.mp4', 80, 47, 64, 'Si on me propose du Proto, je relève le défi de dire Non !', 'Si on me propose du Proto, je relève le défi de dire Non !', 57, '.mp4');
INSERT INTO `stage` VALUES (209, 'Etape 1 : Protoxyde d\'Azote - C\'est quoi ? (0:41)', 1, 50.4958058, 2.8904298, 'Protoxyde d\'Azote - C\'est quoi ? (0:41)', 'https://www.gomydefi.live/fdlv_integ/medias_fdlv/videos/PARCOURS_PROTOXYDE_AZOTE/proto_1_un_phenomene.webp', 'https://www.gomydefi.live/fdlv/medias_fdlv/videos/PARCOURS_PROTOXYDE_AZOTE/proto_1_un_phenomene.mp4', 81, 45, NULL, NULL, NULL, 55, '.mp4');
INSERT INTO `stage` VALUES (210, 'Etape 2 : Protoxyde d\'Azote - Les Effets (0:35)', 2, 50.495576, 2.8400683, 'Protoxyde d\'Azote - Les Effets (0:35)', 'https://www.gomydefi.live/fdlv_integ/medias_fdlv/videos/PARCOURS_PROTOXYDE_AZOTE/proto_2_les_effets.webp', 'https://www.gomydefi.live/fdlv/medias_fdlv/videos/PARCOURS_PROTOXYDE_AZOTE/proto_2_les_effets.mp4', 81, 46, NULL, NULL, NULL, 56, '.mp4');
INSERT INTO `stage` VALUES (211, 'Etape 3 : Protoxyde d\'Azote - Les Risques (1:27)', 3, 50.497335, 2.892889, 'Protoxyde d\'Azote - Les Risques (1:27)', 'https://www.gomydefi.live/fdlv_integ/medias_fdlv/videos/PARCOURS_PROTOXYDE_AZOTE/proto_3_les_risques.webp', 'https://www.gomydefi.live/fdlv/medias_fdlv/videos/PARCOURS_PROTOXYDE_AZOTE/proto_3_les_risques.mp4', 81, 47, 64, 'Si on me propose du Proto, je relève le défi de dire Non !', 'Si on me propose du Proto, je relève le défi de dire Non !', 57, '.mp4');
INSERT INTO `stage` VALUES (212, 'Etape 1 : Protoxyde d\'Azote - C\'est quoi ? (0:41)', 1, 50.3893395, 3.6714041, 'Protoxyde d\'Azote - C\'est quoi ? (0:41)', 'https://www.gomydefi.live/fdlv_integ/medias_fdlv/videos/PARCOURS_PROTOXYDE_AZOTE/proto_1_un_phenomene.webp', 'https://www.gomydefi.live/fdlv/medias_fdlv/videos/PARCOURS_PROTOXYDE_AZOTE/proto_1_un_phenomene.mp4', 82, 45, NULL, NULL, NULL, 55, '.mp4');
INSERT INTO `stage` VALUES (213, 'Etape 2 : Protoxyde d\'Azote - Les Effets (0:35)', 2, 50.3886272, 3.6722753, 'Protoxyde d\'Azote - Les Effets (0:35)', 'https://www.gomydefi.live/fdlv_integ/medias_fdlv/videos/PARCOURS_PROTOXYDE_AZOTE/proto_2_les_effets.webp', 'https://www.gomydefi.live/fdlv/medias_fdlv/videos/PARCOURS_PROTOXYDE_AZOTE/proto_2_les_effets.mp4', 82, 46, NULL, NULL, NULL, 56, '.mp4');
INSERT INTO `stage` VALUES (214, 'Etape 3 : Protoxyde d\'Azote - Les Risques (1:27)', 3, 50.3888742, 3.6730706, 'Protoxyde d\'Azote - Les Risques (1:27)', 'https://www.gomydefi.live/fdlv_integ/medias_fdlv/videos/PARCOURS_PROTOXYDE_AZOTE/proto_3_les_risques.webp', 'https://www.gomydefi.live/fdlv/medias_fdlv/videos/PARCOURS_PROTOXYDE_AZOTE/proto_3_les_risques.mp4', 82, 47, 64, 'Si on me propose du Proto, je relève le défi de dire Non !', 'Si on me propose du Proto, je relève le défi de dire Non !', 57, '.mp4');
INSERT INTO `stage` VALUES (215, 'Etape 1 : Protoxyde d\'Azote - C\'est quoi ? (0:41)', 1, 50.4941215, 2.6276864, 'Protoxyde d\'Azote - C\'est quoi ? (0:41)', 'https://www.gomydefi.live/fdlv_integ/medias_fdlv/videos/PARCOURS_PROTOXYDE_AZOTE/proto_1_un_phenomene.webp', 'https://www.gomydefi.live/fdlv/medias_fdlv/videos/PARCOURS_PROTOXYDE_AZOTE/proto_1_un_phenomene.mp4', 83, 45, NULL, NULL, NULL, 55, '.mp4');
INSERT INTO `stage` VALUES (216, 'Etape 2 : Protoxyde d\'Azote - Les Effets (0:35)', 2, 50.4941064, 2.6280167, 'Protoxyde d\'Azote - Les Effets (0:35)', 'https://www.gomydefi.live/fdlv_integ/medias_fdlv/videos/PARCOURS_PROTOXYDE_AZOTE/proto_2_les_effets.webp', 'https://www.gomydefi.live/fdlv/medias_fdlv/videos/PARCOURS_PROTOXYDE_AZOTE/proto_2_les_effets.mp4', 83, 46, NULL, NULL, NULL, 56, '.mp4');
INSERT INTO `stage` VALUES (217, 'Etape 3 : Protoxyde d\'Azote - Les Risques (1:27)', 3, 50.4942633, 2.6277524, 'Protoxyde d\'Azote - Les Risques (1:27)', 'https://www.gomydefi.live/fdlv_integ/medias_fdlv/videos/PARCOURS_PROTOXYDE_AZOTE/proto_3_les_risques.webp', 'https://www.gomydefi.live/fdlv/medias_fdlv/videos/PARCOURS_PROTOXYDE_AZOTE/proto_3_les_risques.mp4', 83, 47, 64, 'Si on me propose du Proto, je relève le défi de dire Non !', 'Si on me propose du Proto, je relève le défi de dire Non !', 57, '.mp4');
INSERT INTO `stage` VALUES (221, 'Etape 1 : Protoxyde d\'Azote - C\'est quoi ? (0:41)', 1, 50.4493143, 3.431409, 'Protoxyde d\'Azote - C\'est quoi ? (0:41)', 'https://www.gomydefi.live/fdlv_integ/medias_fdlv/videos/PARCOURS_PROTOXYDE_AZOTE/proto_1_un_phenomene.webp', 'https://www.gomydefi.live/fdlv/medias_fdlv/videos/PARCOURS_PROTOXYDE_AZOTE/proto_1_un_phenomene.mp4', 86, 45, NULL, NULL, NULL, 55, '.mp4');
INSERT INTO `stage` VALUES (222, 'Etape 2 : Protoxyde d\'Azote - Les Effets (0:35)', 2, 50.448786, 3.4305268, 'Protoxyde d\'Azote - Les Effets (0:35)', 'https://www.gomydefi.live/fdlv_integ/medias_fdlv/videos/PARCOURS_PROTOXYDE_AZOTE/proto_2_les_effets.webp', 'https://www.gomydefi.live/fdlv/medias_fdlv/videos/PARCOURS_PROTOXYDE_AZOTE/proto_2_les_effets.mp4', 86, 46, NULL, NULL, NULL, 56, '.mp4');
INSERT INTO `stage` VALUES (223, 'Etape 3 : Protoxyde d\'Azote - Les Risques (1:27)', 3, 50.4489163, 3.4279377, 'Protoxyde d\'Azote - Les Risques (1:27)', 'https://www.gomydefi.live/fdlv_integ/medias_fdlv/videos/PARCOURS_PROTOXYDE_AZOTE/proto_3_les_risques.webp', 'https://www.gomydefi.live/fdlv/medias_fdlv/videos/PARCOURS_PROTOXYDE_AZOTE/proto_3_les_risques.mp4', 86, 47, 64, 'Si on me propose du Proto, je relève le défi de dire Non !', 'Si on me propose du Proto, je relève le défi de dire Non !', 57, '.mp4');
INSERT INTO `stage` VALUES (224, 'Etape 1 : Protoxyde d\'Azote - C\'est quoi ? (0:41)', 1, 50.37308, 2.0370699, 'Protoxyde d\'Azote - C\'est quoi ? (0:41)', 'https://www.gomydefi.live/fdlv_integ/medias_fdlv/videos/PARCOURS_PROTOXYDE_AZOTE/proto_1_un_phenomene.webp', 'https://www.gomydefi.live/fdlv/medias_fdlv/videos/PARCOURS_PROTOXYDE_AZOTE/proto_1_un_phenomene.mp4', 87, 45, NULL, NULL, NULL, 55, '.mp4');
INSERT INTO `stage` VALUES (225, 'Etape 2 : Protoxyde d\'Azote - Les Effets (0:35)', 2, 50.373233, 2.0370194, 'Protoxyde d\'Azote - Les Effets (0:35)', 'https://www.gomydefi.live/fdlv_integ/medias_fdlv/videos/PARCOURS_PROTOXYDE_AZOTE/proto_2_les_effets.webp', 'https://www.gomydefi.live/fdlv/medias_fdlv/videos/PARCOURS_PROTOXYDE_AZOTE/proto_2_les_effets.mp4', 87, 46, NULL, NULL, NULL, 56, '.mp4');
INSERT INTO `stage` VALUES (226, 'Etape 3 : Protoxyde d\'Azote - Les Risques (1:27)', 3, 50.3731424, 2.0372358, 'Protoxyde d\'Azote - Les Risques (1:27)', 'https://www.gomydefi.live/fdlv_integ/medias_fdlv/videos/PARCOURS_PROTOXYDE_AZOTE/proto_3_les_risques.webp', 'https://www.gomydefi.live/fdlv/medias_fdlv/videos/PARCOURS_PROTOXYDE_AZOTE/proto_3_les_risques.mp4', 87, 47, 64, 'Si on me propose du Proto, je relève le défi de dire Non !', 'Si on me propose du Proto, je relève le défi de dire Non !', 57, '.mp4');
INSERT INTO `stage` VALUES (227, 'Etape 1 : Protoxyde d\'Azote - C\'est quoi ? (0:41)', 1, 50.474673, 3.243067, 'Protoxyde d\'Azote - C\'est quoi ? (0:41)', 'https://www.gomydefi.live/fdlv_integ/medias_fdlv/videos/PARCOURS_PROTOXYDE_AZOTE/proto_1_un_phenomene.webp', 'https://www.gomydefi.live/fdlv/medias_fdlv/videos/PARCOURS_PROTOXYDE_AZOTE/proto_1_un_phenomene.mp4', 88, 45, NULL, NULL, NULL, 55, '.mp4');
INSERT INTO `stage` VALUES (228, 'Etape 2 : Protoxyde d\'Azote - Les Effets (0:35)', 2, 50.2828821, 3.143504, 'Protoxyde d\'Azote - Les Effets (0:35)', 'https://www.gomydefi.live/fdlv_integ/medias_fdlv/videos/PARCOURS_PROTOXYDE_AZOTE/proto_2_les_effets.webp', 'https://www.gomydefi.live/fdlv/medias_fdlv/videos/PARCOURS_PROTOXYDE_AZOTE/proto_2_les_effets.mp4', 88, 46, NULL, NULL, NULL, 56, '.mp4');
INSERT INTO `stage` VALUES (229, 'Etape 3 : Protoxyde d\'Azote - Les Risques (1:27)', 3, 50.475494, 3.244125, 'Protoxyde d\'Azote - Les Risques (1:27)', 'https://www.gomydefi.live/fdlv_integ/medias_fdlv/videos/PARCOURS_PROTOXYDE_AZOTE/proto_3_les_risques.webp', 'https://www.gomydefi.live/fdlv/medias_fdlv/videos/PARCOURS_PROTOXYDE_AZOTE/proto_3_les_risques.mp4', 88, 47, 64, 'Si on me propose du Proto, je relève le défi de dire Non !', 'Si on me propose du Proto, je relève le défi de dire Non !', 57, '.mp4');
INSERT INTO `stage` VALUES (230, 'Etape 1 : Protoxyde d\'Azote - C\'est quoi ? (0:41)', 1, 50.4172698, 2.7750501, 'Protoxyde d\'Azote - C\'est quoi ? (0:41)', 'https://www.gomydefi.live/fdlv_integ/medias_fdlv/videos/PARCOURS_PROTOXYDE_AZOTE/proto_1_un_phenomene.webp', 'https://www.gomydefi.live/fdlv/medias_fdlv/videos/PARCOURS_PROTOXYDE_AZOTE/proto_1_un_phenomene.mp4', 89, 45, NULL, NULL, NULL, 55, '.mp4');
INSERT INTO `stage` VALUES (231, 'Etape 2 : Protoxyde d\'Azote - Les Effets (0:35)', 2, 50.417843, 2.774894, 'Protoxyde d\'Azote - Les Effets (0:35)', 'https://www.gomydefi.live/fdlv_integ/medias_fdlv/videos/PARCOURS_PROTOXYDE_AZOTE/proto_2_les_effets.webp', 'https://www.gomydefi.live/fdlv/medias_fdlv/videos/PARCOURS_PROTOXYDE_AZOTE/proto_2_les_effets.mp4', 89, 46, NULL, NULL, NULL, 56, '.mp4');
INSERT INTO `stage` VALUES (232, 'Etape 3 : Protoxyde d\'Azote - Les Risques (1:27)', 3, 50.417581, 2.7744194, 'Protoxyde d\'Azote - Les Risques (1:27)', 'https://www.gomydefi.live/fdlv_integ/medias_fdlv/videos/PARCOURS_PROTOXYDE_AZOTE/proto_3_les_risques.webp', 'https://www.gomydefi.live/fdlv/medias_fdlv/videos/PARCOURS_PROTOXYDE_AZOTE/proto_3_les_risques.mp4', 89, 47, 64, 'Si on me propose du Proto, je relève le défi de dire Non !', 'Si on me propose du Proto, je relève le défi de dire Non !', 57, '.mp4');
INSERT INTO `stage` VALUES (233, 'Etape 1 : Protoxyde d\'Azote - C\'est quoi ? (0:41)', 1, 50.4191983, 2.9467664, 'Protoxyde d\'Azote - C\'est quoi ? (0:41)', 'https://www.gomydefi.live/fdlv_integ/medias_fdlv/videos/PARCOURS_PROTOXYDE_AZOTE/proto_1_un_phenomene.webp', 'https://www.gomydefi.live/fdlv/medias_fdlv/videos/PARCOURS_PROTOXYDE_AZOTE/proto_1_un_phenomene.mp4', 90, 45, NULL, NULL, NULL, 55, '.mp4');
INSERT INTO `stage` VALUES (234, 'Etape 2 : Protoxyde d\'Azote - Les Effets (0:35)', 2, 50.418677, 2.946494, 'Protoxyde d\'Azote - Les Effets (0:35)', 'https://www.gomydefi.live/fdlv_integ/medias_fdlv/videos/PARCOURS_PROTOXYDE_AZOTE/proto_2_les_effets.webp', 'https://www.gomydefi.live/fdlv/medias_fdlv/videos/PARCOURS_PROTOXYDE_AZOTE/proto_2_les_effets.mp4', 90, 46, NULL, NULL, NULL, 56, '.mp4');
INSERT INTO `stage` VALUES (235, 'Etape 3 : Protoxyde d\'Azote - Les Risques (1:27)', 3, 50.419563, 2.947065, 'Protoxyde d\'Azote - Les Risques (1:27)', 'https://www.gomydefi.live/fdlv_integ/medias_fdlv/videos/PARCOURS_PROTOXYDE_AZOTE/proto_3_les_risques.webp', 'https://www.gomydefi.live/fdlv/medias_fdlv/videos/PARCOURS_PROTOXYDE_AZOTE/proto_3_les_risques.mp4', 90, 47, 64, 'Si on me propose du Proto, je relève le défi de dire Non !', 'Si on me propose du Proto, je relève le défi de dire Non !', 57, '.mp4');
INSERT INTO `stage` VALUES (236, 'Etape 1 : Protoxyde d\'Azote - C\'est quoi ? (0:41)', 1, 50.50294, 2.469368, 'Protoxyde d\'Azote - C\'est quoi ? (0:41)', 'https://www.gomydefi.live/fdlv_integ/medias_fdlv/videos/PARCOURS_PROTOXYDE_AZOTE/proto_1_un_phenomene.webp', 'https://www.gomydefi.live/fdlv/medias_fdlv/videos/PARCOURS_PROTOXYDE_AZOTE/proto_1_un_phenomene.mp4', 91, 45, NULL, NULL, NULL, 55, '.mp4');
INSERT INTO `stage` VALUES (237, 'Etape 2 : Protoxyde d\'Azote - Les Effets (0:35)', 2, 50.503499, 2.473413, 'Protoxyde d\'Azote - Les Effets (0:35)', 'https://www.gomydefi.live/fdlv_integ/medias_fdlv/videos/PARCOURS_PROTOXYDE_AZOTE/proto_2_les_effets.webp', 'https://www.gomydefi.live/fdlv/medias_fdlv/videos/PARCOURS_PROTOXYDE_AZOTE/proto_2_les_effets.mp4', 91, 46, NULL, NULL, NULL, 56, '.mp4');
INSERT INTO `stage` VALUES (238, 'Etape 3 : Protoxyde d\'Azote - Les Risques (1:27)', 3, 50.502517, 2.475119, 'Protoxyde d\'Azote - Les Risques (1:27)', 'https://www.gomydefi.live/fdlv_integ/medias_fdlv/videos/PARCOURS_PROTOXYDE_AZOTE/proto_3_les_risques.webp', 'https://www.gomydefi.live/fdlv/medias_fdlv/videos/PARCOURS_PROTOXYDE_AZOTE/proto_3_les_risques.mp4', 91, 47, 64, 'Si on me propose du Proto, je relève le défi de dire Non !', 'Si on me propose du Proto, je relève le défi de dire Non !', 57, '.mp4');
INSERT INTO `stage` VALUES (239, 'Etape 1 : Protoxyde d\'Azote - C\'est quoi ? (0:41)', 1, 50.468851, 3.464179, 'Protoxyde d\'Azote - C\'est quoi ? (0:41)', 'https://www.gomydefi.live/fdlv_integ/medias_fdlv/videos/PARCOURS_PROTOXYDE_AZOTE/proto_1_un_phenomene.webp', 'https://www.gomydefi.live/fdlv/medias_fdlv/videos/PARCOURS_PROTOXYDE_AZOTE/proto_1_un_phenomene.mp4', 92, 45, NULL, NULL, NULL, 55, '.mp4');
INSERT INTO `stage` VALUES (240, 'Etape 2 : Protoxyde d\'Azote - Les Effets (0:35)', 2, 50.4698672, 3.4625403, 'Protoxyde d\'Azote - Les Effets (0:35)', 'https://www.gomydefi.live/fdlv_integ/medias_fdlv/videos/PARCOURS_PROTOXYDE_AZOTE/proto_2_les_effets.webp', 'https://www.gomydefi.live/fdlv/medias_fdlv/videos/PARCOURS_PROTOXYDE_AZOTE/proto_2_les_effets.mp4', 92, 46, NULL, NULL, NULL, 56, '.mp4');
INSERT INTO `stage` VALUES (241, 'Etape 3 : Protoxyde d\'Azote - Les Risques (1:27)', 3, 50.4699781, 3.4636666, 'Protoxyde d\'Azote - Les Risques (1:27)', 'https://www.gomydefi.live/fdlv_integ/medias_fdlv/videos/PARCOURS_PROTOXYDE_AZOTE/proto_3_les_risques.webp', 'https://www.gomydefi.live/fdlv/medias_fdlv/videos/PARCOURS_PROTOXYDE_AZOTE/proto_3_les_risques.mp4', 92, 47, 64, 'Si on me propose du Proto, je relève le défi de dire Non !', 'Si on me propose du Proto, je relève le défi de dire Non !', 57, '.mp4');
INSERT INTO `stage` VALUES (242, 'Etape 1 : Protoxyde d\'Azote - C\'est quoi ? (0:41)', 1, 50.4205589, 2.8593159, 'Protoxyde d\'Azote - C\'est quoi ? (0:41)', 'https://www.gomydefi.live/fdlv_integ/medias_fdlv/videos/PARCOURS_PROTOXYDE_AZOTE/proto_1_un_phenomene.webp', 'https://www.gomydefi.live/fdlv/medias_fdlv/videos/PARCOURS_PROTOXYDE_AZOTE/proto_1_un_phenomene.mp4', 93, 45, NULL, NULL, NULL, 55, '.mp4');
INSERT INTO `stage` VALUES (243, 'Etape 2 : Protoxyde d\'Azote - Les Effets (0:35)', 2, 50.4208974, 2.8592806, 'Protoxyde d\'Azote - Les Effets (0:35)', 'https://www.gomydefi.live/fdlv_integ/medias_fdlv/videos/PARCOURS_PROTOXYDE_AZOTE/proto_2_les_effets.webp', 'https://www.gomydefi.live/fdlv/medias_fdlv/videos/PARCOURS_PROTOXYDE_AZOTE/proto_2_les_effets.mp4', 93, 46, NULL, NULL, NULL, 56, '.mp4');
INSERT INTO `stage` VALUES (244, 'Etape 3 : Protoxyde d\'Azote - Les Risques (1:27)', 3, 50.4204435, 2.8589729, 'Protoxyde d\'Azote - Les Risques (1:27)', 'https://www.gomydefi.live/fdlv_integ/medias_fdlv/videos/PARCOURS_PROTOXYDE_AZOTE/proto_3_les_risques.webp', 'https://www.gomydefi.live/fdlv/medias_fdlv/videos/PARCOURS_PROTOXYDE_AZOTE/proto_3_les_risques.mp4', 93, 47, 64, 'Si on me propose du Proto, je relève le défi de dire Non !', 'Si on me propose du Proto, je relève le défi de dire Non !', 57, '.mp4');
INSERT INTO `stage` VALUES (245, 'Etape 1 : L\'activité physique (1:23)', 1, 50.57875, 3.043833333, 'L\'activité physique (1:23)', 'https://www.gomydefi.live/fdlv_integ/medias_fdlv/videos/PARCOURS_ACTIVITE_PHYSIQUE/Activites_Physique_courte_1.webp', 'https://www.gomydefi.live/fdlv/medias_fdlv/videos/PARCOURS_ACTIVITE_PHYSIQUE/Activites_Physique_courte_1.mp4', 95, 40, 121, ' Cours jusqu\'à la prochaine étape !', ' Cours jusqu\'à la prochaine étape !', 12, '.mp4');
INSERT INTO `stage` VALUES (247, 'Etape 2 : Les Bienfaits du Sport', 2, 50.57830556, 3.044333333, 'Les Bienfaits du Sport (1:14)', 'https://www.gomydefi.live/fdlv_integ/medias_fdlv/videos/PARCOURS_ACTIVITE_PHYSIQUE/Activites_Physique_courte_2.webp', 'https://www.gomydefi.live/fdlv/medias_fdlv/videos/PARCOURS_ACTIVITE_PHYSIQUE/Activites_Physique_courte_2.mp4', 95, 52, NULL, '', '', 49, '.mp4');
INSERT INTO `stage` VALUES (249, 'Etape 3 : 10 000 pas par jour (1:14)', 3, 50.57727778, 3.045833333, '10 000 pas par jour (1:14)', 'https://www.gomydefi.live/fdlv_integ/medias_fdlv/videos/PARCOURS_ACTIVITE_PHYSIQUE/Dix_Mille_pas_par_jour.webp', 'https://www.gomydefi.live/fdlv/medias_fdlv/videos/PARCOURS_ACTIVITE_PHYSIQUE/Dix_Mille_pas_par_jour.mp4', 95, 61, 122, 'Choisis un jour de la semaine où tu devras faire 10 000 pas.', 'Choisis un jour de la semaine où tu devras faire 10 000 pas.', 66, '.mp4');
INSERT INTO `stage` VALUES (250, 'Etape 4 : Etre plus actif !', 4, 50.57661111, 3.046777778, 'Etre plus actif ! (1:17)', 'https://www.gomydefi.live/fdlv_integ/medias_fdlv/videos/PARCOURS_ACTIVITE_PHYSIQUE/Etre_plus_actif.webp', 'https://www.gomydefi.live/fdlv/medias_fdlv/videos/PARCOURS_ACTIVITE_PHYSIQUE/Etre_plus_actif.mp4', 95, 60, NULL, '', '', 67, '.mp4');
INSERT INTO `stage` VALUES (261, 'Etape 1 : Protoxyde d\'Azote - C\'est quoi ? (0:41)', 1, 50.69232, 3.178299, 'Protoxyde d\'Azote - C\'est quoi ? (0:41)', 'https://www.gomydefi.live/fdlv_integ/medias_fdlv/videos/PARCOURS_PROTOXYDE_AZOTE/proto_1_un_phenomene.webp', 'https://www.gomydefi.live/fdlv/medias_fdlv/videos/PARCOURS_PROTOXYDE_AZOTE/proto_1_un_phenomene.mp4', 100, 45, NULL, NULL, NULL, 55, '.mp4');
INSERT INTO `stage` VALUES (262, 'Etape 2 : Protoxyde d\'Azote - Les Effets (0:35)', 2, 50.692026, 3.178371, 'Protoxyde d\'Azote - Les Effets (0:35)', 'https://www.gomydefi.live/fdlv_integ/medias_fdlv/videos/PARCOURS_PROTOXYDE_AZOTE/proto_2_les_effets.webp', 'https://www.gomydefi.live/fdlv/medias_fdlv/videos/PARCOURS_PROTOXYDE_AZOTE/proto_2_les_effets.mp4', 100, 46, NULL, NULL, NULL, 56, '.mp4');
INSERT INTO `stage` VALUES (263, 'Etape 3 : Protoxyde d\'Azote - Les Risques (1:27)', 3, 50.691817, 3.178806, 'Protoxyde d\'Azote - Les Risques (1:27)', 'https://www.gomydefi.live/fdlv_integ/medias_fdlv/videos/PARCOURS_PROTOXYDE_AZOTE/proto_3_les_risques.webp', 'https://www.gomydefi.live/fdlv/medias_fdlv/videos/PARCOURS_PROTOXYDE_AZOTE/proto_3_les_risques.mp4', 100, 47, NULL, NULL, NULL, 57, '.mp4');
INSERT INTO `stage` VALUES (264, 'Etape 1 : Protoxyde d\'Azote - C\'est quoi ? (0:41)', 1, 50.614927, 3.014874, 'Protoxyde d\'Azote - C\'est quoi ? (0:41)', 'https://www.gomydefi.live/fdlv_integ/medias_fdlv/videos/PARCOURS_PROTOXYDE_AZOTE/proto_1_un_phenomene.webp', 'https://www.gomydefi.live/fdlv/medias_fdlv/videos/PARCOURS_PROTOXYDE_AZOTE/proto_1_un_phenomene.mp4', 101, 45, NULL, NULL, NULL, 55, '.mp4');
INSERT INTO `stage` VALUES (265, 'Etape 2 : Protoxyde d\'Azote - Les Effets (0:35)', 2, 50.614897, 3.014718, 'Protoxyde d\'Azote - Les Effets (0:35)', 'https://www.gomydefi.live/fdlv_integ/medias_fdlv/videos/PARCOURS_PROTOXYDE_AZOTE/proto_2_les_effets.webp', 'https://www.gomydefi.live/fdlv/medias_fdlv/videos/PARCOURS_PROTOXYDE_AZOTE/proto_2_les_effets.mp4', 101, 46, NULL, NULL, NULL, 56, '.mp4');
INSERT INTO `stage` VALUES (266, 'Etape 3 : Protoxyde d\'Azote - Les Risques (1:27)', 3, 50.614875, 3.014432, 'Protoxyde d\'Azote - Les Risques (1:27)', 'https://www.gomydefi.live/fdlv_integ/medias_fdlv/videos/PARCOURS_PROTOXYDE_AZOTE/proto_3_les_risques.webp', 'https://www.gomydefi.live/fdlv/medias_fdlv/videos/PARCOURS_PROTOXYDE_AZOTE/proto_3_les_risques.mp4', 101, 47, 128, 'Si on me propose du Proto, je relève le défi de dire non. ', 'Si on me propose du Proto, je relève le défi de dire non. ', 57, '.mp4');
INSERT INTO `stage` VALUES (267, 'Etape 1 : Protoxyde d\'Azote - C\'est quoi ? (0:41)', 1, 50.669692, 3.130436, 'Protoxyde d\'Azote - C\'est quoi ? (0:41)', 'https://www.gomydefi.live/fdlv_integ/medias_fdlv/videos/PARCOURS_PROTOXYDE_AZOTE/proto_1_un_phenomene.webp', 'https://www.gomydefi.live/fdlv/medias_fdlv/videos/PARCOURS_PROTOXYDE_AZOTE/proto_1_un_phenomene.mp4', 102, 45, NULL, NULL, NULL, 55, '.mp4');
INSERT INTO `stage` VALUES (268, 'Etape 2 : Protoxyde d\'Azote - Les Effets (0:35)', 2, 50.669641, 3.130308, 'Protoxyde d\'Azote - Les Effets (0:35)', 'https://www.gomydefi.live/fdlv_integ/medias_fdlv/videos/PARCOURS_PROTOXYDE_AZOTE/proto_2_les_effets.webp', 'https://www.gomydefi.live/fdlv/medias_fdlv/videos/PARCOURS_PROTOXYDE_AZOTE/proto_2_les_effets.mp4', 102, 46, NULL, NULL, NULL, 56, '.mp4');
INSERT INTO `stage` VALUES (269, 'Etape 3 : Protoxyde d\'Azote - Les Risques (1:27)', 3, 50.669591, 3.130186, 'Protoxyde d\'Azote - Les Risques (1:27)', 'https://www.gomydefi.live/fdlv_integ/medias_fdlv/videos/PARCOURS_PROTOXYDE_AZOTE/proto_3_les_risques.webp', 'https://www.gomydefi.live/fdlv/medias_fdlv/videos/PARCOURS_PROTOXYDE_AZOTE/proto_3_les_risques.mp4', 102, 47, 129, 'Si on me propose du Proto, je relève le défi de dire non. ', 'Si on me propose du Proto, je relève le défi de dire non. ', 57, '.mp4');
INSERT INTO `stage` VALUES (270, 'Etape 1 : Protoxyde d\'Azote - C\'est quoi ? (0:41)', 1, 50.612788, 3.04753, 'Protoxyde d\'Azote - C\'est quoi ? (0:41)', 'https://www.gomydefi.live/fdlv_integ/medias_fdlv/videos/PARCOURS_PROTOXYDE_AZOTE/proto_1_un_phenomene.webp', 'https://www.gomydefi.live/fdlv/medias_fdlv/videos/PARCOURS_PROTOXYDE_AZOTE/proto_1_un_phenomene.mp4', 103, 45, NULL, NULL, NULL, 55, '.mp4');
INSERT INTO `stage` VALUES (271, 'Etape 2 : Protoxyde d\'Azote - Les Effets (0:35)', 2, 50.612792, 3.047382, 'Protoxyde d\'Azote - Les Effets (0:35)', 'https://www.gomydefi.live/fdlv_integ/medias_fdlv/videos/PARCOURS_PROTOXYDE_AZOTE/proto_2_les_effets.webp', 'https://www.gomydefi.live/fdlv/medias_fdlv/videos/PARCOURS_PROTOXYDE_AZOTE/proto_2_les_effets.mp4', 103, 46, NULL, NULL, NULL, 56, '.mp4');
INSERT INTO `stage` VALUES (272, 'Etape 3 : Protoxyde d\'Azote - Les Risques (1:27)', 3, 50.612783, 3.047288, 'Protoxyde d\'Azote - Les Risques (1:27)', 'https://www.gomydefi.live/fdlv_integ/medias_fdlv/videos/PARCOURS_PROTOXYDE_AZOTE/proto_3_les_risques.webp', 'https://www.gomydefi.live/fdlv/medias_fdlv/videos/PARCOURS_PROTOXYDE_AZOTE/proto_3_les_risques.mp4', 103, 47, 130, 'Si on me propose du Proto, je relève le défi de dire non. ', 'Si on me propose du Proto, je relève le défi de dire non. ', 57, '.mp4');
INSERT INTO `stage` VALUES (273, 'Etape 1 : Protoxyde d\'Azote - C\'est quoi ? (0:41)', 1, 50.753021, 3.122947, 'Protoxyde d\'Azote - C\'est quoi ? (0:41)', 'https://www.gomydefi.live/fdlv_integ/medias_fdlv/videos/PARCOURS_PROTOXYDE_AZOTE/proto_1_un_phenomene.webp', 'https://www.gomydefi.live/fdlv/medias_fdlv/videos/PARCOURS_PROTOXYDE_AZOTE/proto_1_un_phenomene.mp4', 104, 45, NULL, NULL, NULL, 55, '.mp4');
INSERT INTO `stage` VALUES (274, 'Etape 2 : Protoxyde d\'Azote - Les Effets (0:35)', 2, 50.752969, 3.122789, 'Protoxyde d\'Azote - Les Effets (0:35)', 'https://www.gomydefi.live/fdlv_integ/medias_fdlv/videos/PARCOURS_PROTOXYDE_AZOTE/proto_2_les_effets.webp', 'https://www.gomydefi.live/fdlv/medias_fdlv/videos/PARCOURS_PROTOXYDE_AZOTE/proto_2_les_effets.mp4', 104, 46, NULL, NULL, NULL, 56, '.mp4');
INSERT INTO `stage` VALUES (275, 'Etape 3 : Protoxyde d\'Azote - Les Risques (1:27)', 3, 50.752874, 3.122511, 'Protoxyde d\'Azote - Les Risques (1:27)', 'https://www.gomydefi.live/fdlv_integ/medias_fdlv/videos/PARCOURS_PROTOXYDE_AZOTE/proto_3_les_risques.webp', 'https://www.gomydefi.live/fdlv/medias_fdlv/videos/PARCOURS_PROTOXYDE_AZOTE/proto_3_les_risques.mp4', 104, 47, 131, 'Si on me propose du Proto, je relève le défi de dire non. ', 'Si on me propose du Proto, je relève le défi de dire non. ', 57, '.mp4');
INSERT INTO `stage` VALUES (276, 'Etape 1 : Protoxyde d\'Azote - C\'est quoi ? (0:41)', 1, 50.68053, 3.155762, 'Protoxyde d\'Azote - C\'est quoi ? (0:41)', 'https://www.gomydefi.live/fdlv_integ/medias_fdlv/videos/PARCOURS_PROTOXYDE_AZOTE/proto_1_un_phenomene.webp', 'https://www.gomydefi.live/fdlv/medias_fdlv/videos/PARCOURS_PROTOXYDE_AZOTE/proto_1_un_phenomene.mp4', 105, 45, NULL, NULL, NULL, 55, '.mp4');
INSERT INTO `stage` VALUES (277, 'Etape 2 : Protoxyde d\'Azote - Les Effets (0:35)', 2, 50.680702, 3.155853, 'Protoxyde d\'Azote - Les Effets (0:35)', 'https://www.gomydefi.live/fdlv_integ/medias_fdlv/videos/PARCOURS_PROTOXYDE_AZOTE/proto_2_les_effets.webp', 'https://www.gomydefi.live/fdlv/medias_fdlv/videos/PARCOURS_PROTOXYDE_AZOTE/proto_2_les_effets.mp4', 105, 46, NULL, NULL, NULL, 56, '.mp4');
INSERT INTO `stage` VALUES (278, 'Etape 3 : Protoxyde d\'Azote - Les Risques (1:27)', 3, 50.680644, 3.156009, 'Protoxyde d\'Azote - Les Risques (1:27)', 'https://www.gomydefi.live/fdlv_integ/medias_fdlv/videos/PARCOURS_PROTOXYDE_AZOTE/proto_3_les_risques.webp', 'https://www.gomydefi.live/fdlv/medias_fdlv/videos/PARCOURS_PROTOXYDE_AZOTE/proto_3_les_risques.mp4', 105, 47, 132, 'Si on me propose du Proto, je relève le défi de dire non. ', 'Si on me propose du Proto, je relève le défi de dire non. ', 57, '.mp4');
INSERT INTO `stage` VALUES (279, 'Etape 1 : Protoxyde d\'Azote - C\'est quoi ? (0:41)', 1, 50.723699, 3.160752, 'Protoxyde d\'Azote - C\'est quoi ? (0:41)', 'https://www.gomydefi.live/fdlv_integ/medias_fdlv/videos/PARCOURS_PROTOXYDE_AZOTE/proto_1_un_phenomene.webp', 'https://www.gomydefi.live/fdlv/medias_fdlv/videos/PARCOURS_PROTOXYDE_AZOTE/proto_1_un_phenomene.mp4', 106, 45, NULL, NULL, NULL, 55, '.mp4');
INSERT INTO `stage` VALUES (280, 'Etape 2 : Protoxyde d\'Azote - Les Effets (0:35)', 2, 50.723725, 3.160699, 'Protoxyde d\'Azote - Les Effets (0:35)', 'https://www.gomydefi.live/fdlv_integ/medias_fdlv/videos/PARCOURS_PROTOXYDE_AZOTE/proto_2_les_effets.webp', 'https://www.gomydefi.live/fdlv/medias_fdlv/videos/PARCOURS_PROTOXYDE_AZOTE/proto_2_les_effets.mp4', 106, 46, NULL, NULL, NULL, 56, '.mp4');
INSERT INTO `stage` VALUES (281, 'Etape 3 : Protoxyde d\'Azote - Les Risques (1:27)', 3, 50.723737, 3.160668, 'Protoxyde d\'Azote - Les Risques (1:27)', 'https://www.gomydefi.live/fdlv_integ/medias_fdlv/videos/PARCOURS_PROTOXYDE_AZOTE/proto_3_les_risques.webp', 'https://www.gomydefi.live/fdlv/medias_fdlv/videos/PARCOURS_PROTOXYDE_AZOTE/proto_3_les_risques.mp4', 106, 47, 133, 'Si on me propose du Proto, je relève le défi de dire non. ', 'Si on me propose du Proto, je relève le défi de dire non. ', 57, '.mp4');
INSERT INTO `stage` VALUES (282, 'Etape 1 : Protoxyde d\'Azote - C\'est quoi ? (0:41)', 1, 50.3811423, 2.3362952, 'Protoxyde d\'Azote - C\'est quoi ? (0:41)', 'https://www.gomydefi.live/fdlv_integ/medias_fdlv/videos/PARCOURS_PROTOXYDE_AZOTE/proto_1_un_phenomene.webp', 'https://www.gomydefi.live/fdlv/medias_fdlv/videos/PARCOURS_PROTOXYDE_AZOTE/proto_1_un_phenomene.mp4', 107, 45, NULL, NULL, NULL, 55, '.mp4');
INSERT INTO `stage` VALUES (283, 'Etape 2 : Protoxyde d\'Azote - Les Effets (0:35)', 2, 50.3813764, 2.3370892, 'Protoxyde d\'Azote - Les Effets (0:35)', 'https://www.gomydefi.live/fdlv_integ/medias_fdlv/videos/PARCOURS_PROTOXYDE_AZOTE/proto_2_les_effets.webp', 'https://www.gomydefi.live/fdlv/medias_fdlv/videos/PARCOURS_PROTOXYDE_AZOTE/proto_2_les_effets.mp4', 107, 46, NULL, NULL, NULL, 56, '.mp4');
INSERT INTO `stage` VALUES (284, 'Etape 3 : Protoxyde d\'Azote - Les Risques (1:27)', 3, 50.3811423, 2.3362952, 'Protoxyde d\'Azote - Les Risques (1:27)', 'https://www.gomydefi.live/fdlv_integ/medias_fdlv/videos/PARCOURS_PROTOXYDE_AZOTE/proto_3_les_risques.webp', 'https://www.gomydefi.live/fdlv/medias_fdlv/videos/PARCOURS_PROTOXYDE_AZOTE/proto_3_les_risques.mp4', 107, 47, 134, 'Si on me propose du Proto, je relève le défi de dire non. ', 'Si on me propose du Proto, je relève le défi de dire non. ', 57, '.mp4');
INSERT INTO `stage` VALUES (285, 'Etape 1 : Protoxyde d\'Azote - C\'est quoi ? (0:41)', 1, 50.3004551, 3.3909673, 'Protoxyde d\'Azote - C\'est quoi ? (0:41)', 'https://www.gomydefi.live/fdlv_integ/medias_fdlv/videos/PARCOURS_PROTOXYDE_AZOTE/proto_1_un_phenomene.webp', 'https://www.gomydefi.live/fdlv/medias_fdlv/videos/PARCOURS_PROTOXYDE_AZOTE/proto_1_un_phenomene.mp4', 108, 45, NULL, NULL, NULL, 55, '.mp4');
INSERT INTO `stage` VALUES (286, 'Etape 2 : Protoxyde d\'Azote - Les Effets (0:35)', 2, 50.2993635, 3.3908549, 'Protoxyde d\'Azote - Les Effets (0:35)', 'https://www.gomydefi.live/fdlv_integ/medias_fdlv/videos/PARCOURS_PROTOXYDE_AZOTE/proto_2_les_effets.webp', 'https://www.gomydefi.live/fdlv/medias_fdlv/videos/PARCOURS_PROTOXYDE_AZOTE/proto_2_les_effets.mp4', 108, 46, NULL, NULL, NULL, 56, '.mp4');
INSERT INTO `stage` VALUES (287, 'Etape 3 : Protoxyde d\'Azote - Les Risques (1:27)', 3, 50.3007784, 3.3907271, 'Protoxyde d\'Azote - Les Risques (1:27)', 'https://www.gomydefi.live/fdlv_integ/medias_fdlv/videos/PARCOURS_PROTOXYDE_AZOTE/proto_3_les_risques.webp', 'https://www.gomydefi.live/fdlv/medias_fdlv/videos/PARCOURS_PROTOXYDE_AZOTE/proto_3_les_risques.mp4', 108, 47, 135, 'Si on me propose du Proto, je relève le défi de dire non.', 'Si on me propose du Proto, je relève le défi de dire non.', 57, '.mp4');
INSERT INTO `stage` VALUES (291, 'Etape 1 : Protoxyde d\'Azote - C\'est quoi ? (0:41)', 1, 50.58186111111111, 3.0443611111111113, 'Protoxyde d\'Azote - C\'est quoi ? (0:41)', 'https://www.gomydefi.live/fdlv_integ/medias_fdlv/videos/PARCOURS_PROTOXYDE_AZOTE/proto_1_un_phenomene.webp', 'https://www.gomydefi.live/fdlv/medias_fdlv/videos/PARCOURS_PROTOXYDE_AZOTE/proto_1_un_phenomene.mp4', 110, 45, NULL, NULL, NULL, 55, '.mp4');
INSERT INTO `stage` VALUES (292, 'Etape 2 : Protoxyde d\'Azote - Les Effets (0:35)', 2, 50.582861111111114, 3.043638888888889, 'Protoxyde d\'Azote - Les Effets (0:35)', 'https://www.gomydefi.live/fdlv_integ/medias_fdlv/videos/PARCOURS_PROTOXYDE_AZOTE/proto_2_les_effets.webp', 'https://www.gomydefi.live/fdlv/medias_fdlv/videos/PARCOURS_PROTOXYDE_AZOTE/proto_2_les_effets.mp4', 110, 46, 137, 'Cours jusqu\'à la prochaine étape !', 'Cours jusqu\'à la prochaine étape !', 56, '.mp4');
INSERT INTO `stage` VALUES (293, 'Etape 3 : Protoxyde d\'Azote - Les Risques (1:27)', 3, 50.58422222222222, 3.043138888888889, 'Protoxyde d\'Azote - Les Risques (1:27)', 'https://www.gomydefi.live/fdlv_integ/medias_fdlv/videos/PARCOURS_PROTOXYDE_AZOTE/proto_3_les_risques.webp', 'https://www.gomydefi.live/fdlv/medias_fdlv/videos/PARCOURS_PROTOXYDE_AZOTE/proto_3_les_risques.mp4', 110, 47, NULL, NULL, NULL, 57, '.mp4');
INSERT INTO `stage` VALUES (294, 'Etape 4 : Protoxyde d\'Azote - Solutions (0:47)', 4, 50.58541666666667, 3.0451111111111113, 'Protoxyde d\'Azote - Solutions (0:47)', 'https://www.gomydefi.live/fdlv_integ/medias_fdlv/videos/PARCOURS_PROTOXYDE_AZOTE/proto_4_solutions.webp', 'https://www.gomydefi.live/fdlv/medias_fdlv/videos/PARCOURS_PROTOXYDE_AZOTE/proto_4_solutions.mp4', 110, 48, NULL, NULL, NULL, 58, '.mp4');
INSERT INTO `stage` VALUES (315, 'Etape 1 : Les enfants et les écrans (1:52)', 1, 50.572049, 3.054231, 'Les enfants et les écrans (1:52)', 'https://www.gomydefi.live/fdlv_integ/medias_fdlv/videos/PARCOURS_ECRANS/Enfants_moins_3ans_et_ecrans.webp', 'https://www.gomydefi.live/fdlv_integ/medias_fdlv/videos/PARCOURS_ECRANS/Enfants_moins_3ans_et_ecrans.mp4', 119, 37, NULL, 'Es-tu capable de courir jusqu\'à la prochaine étapes ?', 'Es-tu capable de courir jusqu\'à la prochaine étapes ?', 29, '.mp4');
INSERT INTO `stage` VALUES (316, 'Etape 2 : Ton image t\'appartient (0:56)', 2, 50.571438, 3.054426, 'Ton image t\'appartient (0:56)', 'https://www.gomydefi.live/fdlv_integ/medias_fdlv/videos/PARCOURS_ECRANS/Ton_image_tappartient.webp', 'https://www.gomydefi.live/fdlv_integ/medias_fdlv/videos/PARCOURS_ECRANS/Ton_image_tappartient.mp4', 119, 38, NULL, NULL, NULL, 30, '.mp4');
INSERT INTO `stage` VALUES (317, 'Etape 3 : Le Phubbing (2:01)', 3, 50.570725, 3.054395, 'Le Phubbing (2:01)', 'https://www.gomydefi.live/fdlv_integ/medias_fdlv/videos/PARCOURS_ECRANS/Le_phubbing.webp', 'https://www.gomydefi.live/fdlv_integ/medias_fdlv/videos/PARCOURS_ECRANS/Le_phubbing.mp4', 119, 35, NULL, NULL, NULL, 40, '.mp4');
INSERT INTO `stage` VALUES (318, 'Etape 4 : Le Smombie (1:16)', 4, 50.569864, 3.054739, 'Le Smombie (1:16)', 'https://www.gomydefi.live/fdlv_integ/medias_fdlv/videos/PARCOURS_ECRANS/Le_smombie.webp', 'https://www.gomydefi.live/fdlv_integ/medias_fdlv/videos/PARCOURS_ECRANS/Le_smombie.mp4', 119, 36, NULL, NULL, NULL, 41, '.mp4');
INSERT INTO `stage` VALUES (319, 'Etape 1 : Le Stress (1:15)', 1, 50.5525, 3.023722222222222, 'Le Stress (1:15)', 'https://www.gomydefi.live/fdlv_integ/medias_fdlv/videos/PARCOURS_NO_STRESS/Le_Stress.webp', 'https://www.gomydefi.live/fdlv/medias_fdlv/videos//PARCOURS_NO_STRESS/Le_Stress.mp4', 120, NULL, NULL, NULL, NULL, 68, '.mp4');
INSERT INTO `stage` VALUES (320, 'Etape 2 : Slow Attitude (1:19)', 2, 50.55522222222222, 3.024277777777778, 'Slow Attitude (1:19)', 'https://www.gomydefi.live/fdlv_integ/medias_fdlv/videos/PARCOURS_NO_STRESS/Slow_Attitude.webp', 'https://www.gomydefi.live/fdlv/medias_fdlv/videos//PARCOURS_NO_STRESS/Slow_Attitude.mp4', 120, 57, NULL, NULL, NULL, 65, '.mp4');
INSERT INTO `stage` VALUES (321, 'Etape 3 : Apprendre à s\'ennuyer (1:05)', 3, 50.554722222222225, 3.0279166666666666, 'Apprendre à s\'ennuyer (1:05)', 'https://www.gomydefi.live/fdlv_integ/medias_fdlv/videos/PARCOURS_NO_STRESS/Apprendre_a_sennuyer.webp', 'https://www.gomydefi.live/fdlv/medias_fdlv/videos//PARCOURS_NO_STRESS/Apprendre_a_sennuyer.mp4', 120, 58, NULL, NULL, NULL, 63, '.mp4');
INSERT INTO `stage` VALUES (322, 'Etape 1 : Intro premier secours (1:04) SKM2', 1, 50.579854, 3.076882, 'Intro premier secours (1:04)', 'https://www.gomydefi.live/fdlv_integ/medias_fdlv/videos/PARCOURS_SECOURISME/GMD_SEC_premier_secours.webp', 'https://www.gomydefi.live/fdlv_integ/medias_fdlv/videos/PARCOURS_SECOURISME/GMD_SEC_premier_secours.mp4', 121, 1, NULL, NULL, NULL, 1, '.mp4');
INSERT INTO `stage` VALUES (323, 'Etape 2 : La brûlure (1:48)', 2, 50.579174, 3.075543, 'La brûlure (1:48)', 'https://www.gomydefi.live/fdlv_integ/medias_fdlv/videos/PARCOURS_SECOURISME/GMD_SEC_brulure.jpg', 'https://www.gomydefi.live/fdlv_integ/medias_fdlv/videos/PARCOURS_SECOURISME/GMD_SEC_brulure.mp4', 121, 2, NULL, NULL, NULL, 2, '.mp4');
INSERT INTO `stage` VALUES (324, 'Etape 3 : L\'étouffement (2:02)', 3, 50.578238, 3.073631, 'L\'étouffement (2:02)', 'https://www.gomydefi.live/fdlv_integ/medias_fdlv/videos/PARCOURS_SECOURISME/GMD_SEC_etouffement.jpg', 'https://www.gomydefi.live/fdlv_integ/medias_fdlv/videos/PARCOURS_SECOURISME/GMD_SEC_etouffement.mp4', 121, 3, NULL, 'Peux-tu courrir jusqu\'à la prochaine étape ?', 'Peux-tu courrir jusqu\'à la prochaine étape ?', 3, '.mp4');
INSERT INTO `stage` VALUES (325, 'Etape 4 : Hémorragie (2:33)', 4, 50.577692, 3.072665, 'Hémorragie (2:33)', 'https://www.gomydefi.live/fdlv_integ/medias_fdlv/videos/PARCOURS_SECOURISME/GMD_SEC_hemorragie.jpg', 'https://www.gomydefi.live/fdlv_integ/medias_fdlv/videos/PARCOURS_SECOURISME/GMD_SEC_hemorragie.mp4', 121, 4, NULL, NULL, NULL, 4, '.mp4');
INSERT INTO `stage` VALUES (326, 'Etape 5 : Massage Cardiaque (3:43)', 5, 50.57708, 3.06749, 'Massage Cardiaque (3:43)', 'https://www.gomydefi.live/fdlv_integ/medias_fdlv/videos/PARCOURS_SECOURISME/GMD_SEC_massage-cardiaque.jpg', 'https://www.gomydefi.live/fdlv_integ/medias_fdlv/videos/PARCOURS_SECOURISME/GMD_SEC_massage-cardiaque.mp4', 121, 5, NULL, NULL, NULL, 5, '.mp4');
INSERT INTO `stage` VALUES (327, 'Etape 6 : Hydratation (3:20)', 6, 50.576143, 3.059017, 'Hydratation (3:20)', 'https://www.gomydefi.live/fdlv_integ/medias_fdlv/videos/PARCOURS_SECOURISME/GMD_SEC_pls.jpg', 'https://www.gomydefi.live/fdlv_integ/medias_fdlv/videos/PARCOURS_SECOURISME/GMD_SEC_pls.mp4', 121, 6, NULL, NULL, NULL, 6, '.mp4');
INSERT INTO `stage` VALUES (328, 'Etape 1 : Protoxyde d\'Azote - C\'est quoi ? (0:41)', 1, 50.572049, 3.054231, 'Protoxyde d\'Azote - C\'est quoi ? (0:41)', 'https://www.gomydefi.live/fdlv_integ/medias_fdlv/videos/PARCOURS_PROTOXYDE_AZOTE/proto_1_un_phenomene.webp', 'https://www.gomydefi.live/fdlv/medias_fdlv/videos/PARCOURS_PROTOXYDE_AZOTE/proto_1_un_phenomene.mp4', 122, 45, 149, 'Es-tu capable de courir jusqu\'à la prochaine étape ?', 'Es-tu capable de courir jusqu\'à la prochaine étape ?', 55, '.mp4');
INSERT INTO `stage` VALUES (329, 'Etape 2 : Protoxyde d\'Azote - Les Effets (0:35)', 2, 50.571438, 3.054426, 'Protoxyde d\'Azote - Les Effets (0:35)', 'https://www.gomydefi.live/fdlv_integ/medias_fdlv/videos/PARCOURS_PROTOXYDE_AZOTE/proto_2_les_effets.webp', 'https://www.gomydefi.live/fdlv/medias_fdlv/videos/PARCOURS_PROTOXYDE_AZOTE/proto_2_les_effets.mp4', 122, 46, NULL, NULL, NULL, 56, '.mp4');
INSERT INTO `stage` VALUES (330, 'Etape 3 : Protoxyde d\'Azote - Les Risques (1:27)', 3, 50.570725, 3.054395, 'Protoxyde d\'Azote - Les Risques (1:27)', 'https://www.gomydefi.live/fdlv_integ/medias_fdlv/videos/PARCOURS_PROTOXYDE_AZOTE/proto_3_les_risques.webp', 'https://www.gomydefi.live/fdlv/medias_fdlv/videos/PARCOURS_PROTOXYDE_AZOTE/proto_3_les_risques.mp4', 122, 47, NULL, NULL, NULL, 57, '.mp4');
INSERT INTO `stage` VALUES (331, 'Etape 4 : Protoxyde d\'Azote - Solutions (0:47)', 4, 50.569864, 3.054739, 'Protoxyde d\'Azote - Solutions (0:47)', 'https://www.gomydefi.live/fdlv_integ/medias_fdlv/videos/PARCOURS_PROTOXYDE_AZOTE/proto_4_solutions.webp', 'https://www.gomydefi.live/fdlv/medias_fdlv/videos/PARCOURS_PROTOXYDE_AZOTE/proto_4_solutions.mp4', 122, 48, NULL, NULL, NULL, 58, '.mp4');
INSERT INTO `stage` VALUES (332, 'Etape 1 : Protoxyde d\'Azote - C\'est quoi ? (0:41)', 1, 50.579854, 3.076882, 'Protoxyde d\'Azote - C\'est quoi ? (0:41)', 'https://www.gomydefi.live/fdlv_integ/medias_fdlv/videos/PARCOURS_PROTOXYDE_AZOTE/proto_1_un_phenomene.webp', 'https://www.gomydefi.live/fdlv/medias_fdlv/videos/PARCOURS_PROTOXYDE_AZOTE/proto_1_un_phenomene.mp4', 123, 45, NULL, NULL, NULL, 55, '.mp4');
INSERT INTO `stage` VALUES (333, 'Etape 2 : Protoxyde d\'Azote - Les Effets (0:35)', 2, 50.579174, 3.075543, 'Protoxyde d\'Azote - Les Effets (0:35)', 'https://www.gomydefi.live/fdlv_integ/medias_fdlv/videos/PARCOURS_PROTOXYDE_AZOTE/proto_2_les_effets.webp', 'https://www.gomydefi.live/fdlv/medias_fdlv/videos/PARCOURS_PROTOXYDE_AZOTE/proto_2_les_effets.mp4', 123, 46, NULL, NULL, NULL, 56, '.mp4');
INSERT INTO `stage` VALUES (334, 'Etape 3 : Protoxyde d\'Azote - Les Risques (1:27)', 3, 50.578238, 3.073631, 'Protoxyde d\'Azote - Les Risques (1:27)', 'https://www.gomydefi.live/fdlv_integ/medias_fdlv/videos/PARCOURS_PROTOXYDE_AZOTE/proto_3_les_risques.webp', 'https://www.gomydefi.live/fdlv/medias_fdlv/videos/PARCOURS_PROTOXYDE_AZOTE/proto_3_les_risques.mp4', 123, 47, NULL, NULL, NULL, 57, '.mp4');
INSERT INTO `stage` VALUES (335, 'Etape 4 : Protoxyde d\'Azote - Solutions (0:47)', 4, 50.577692, 3.072665, 'Protoxyde d\'Azote - Solutions (0:47)', 'https://www.gomydefi.live/fdlv_integ/medias_fdlv/videos/PARCOURS_PROTOXYDE_AZOTE/proto_4_solutions.webp', 'https://www.gomydefi.live/fdlv/medias_fdlv/videos/PARCOURS_PROTOXYDE_AZOTE/proto_4_solutions.mp4', 123, 48, NULL, NULL, NULL, 58, '.mp4');
INSERT INTO `stage` VALUES (348, 'Etape 3 : Protoxyde d\'Azote - Les Risques (1:27)', 2, 50.680644, 3.156009, 'Protoxyde d\'Azote - Les Risques (1:27)', 'https://www.gomydefi.live/fdlv_integ/medias_fdlv/videos/PARCOURS_PROTOXYDE_AZOTE/proto_3_les_risques.webp', 'https://www.gomydefi.live/fdlv_integ/medias_fdlv/videos/PARCOURS_PROTOXYDE_AZOTE/proto_3_les_risques.mp4', NULL, 47, NULL, 'Si on me propose du Proto, je relève le défi de dire non. ', 'Je t\'invite à visionner cette video « Protoxyde d\'Azote - Les Risques (1:27) » et à y relever le defi santé', 57, '.mp4');
INSERT INTO `stage` VALUES (349, 'Etape 1 : Le Grignotage - Conséquences (0:43)', 1, 50.4579722629516, 3.0298948451333176, 'Le Grignotage - Conséquences (0:43)', 'https://www.gomydefi.live/fdlv_integ/medias_fdlv/videos/PARCOURS_GRIGNOTAGE/Le_grignotage_courte_2.webp', 'https://www.gomydefi.live/fdlv/medias_fdlv/videos/PARCOURS_GRIGNOTAGE/Le_grignotage_courte_2.mp4', 127, 23, 159, 'Pensez-vous tout savoir sur le grignotage ?', 'Je t\'invite à visionner cette video « Le Grignotage - Conséquences (0:43) » et à y relever le defi santé', 45, '.mp4');
INSERT INTO `stage` VALUES (350, 'Etape 2 : Les enfants et les écrans (1:52)', 2, 50.459365816001096, 3.031034445077701, 'Les enfants et les écrans (1:52)', 'https://www.gomydefi.live/fdlv_integ/medias_fdlv/videos/PARCOURS_ECRANS/Enfants_moins_3ans_et_ecrans.webp', 'https://www.gomydefi.live/fdlv/medias_fdlv/videos/PARCOURS_ECRANS/Enfants_moins_3ans_et_ecrans.mp4', 127, 37, 160, 'Les écrans sont-ils bon pour la santé ?', 'Je t\'invite à visionner cette video « Les enfants et les écrans (1:52) » et à y relever le defi santé', 29, '.mp4');
INSERT INTO `stage` VALUES (351, 'Etape 3 : Etre plus actif ! (1:17)', 3, 50.4607040398992, 3.035026609197498, 'Etre plus actif ! (1:17)', 'https://www.gomydefi.live/fdlv_integ/medias_fdlv/videos/PARCOURS_ACTIVITE_PHYSIQUE/Etre_plus_actif.webp', 'https://www.gomydefi.live/fdlv/medias_fdlv/videos/PARCOURS_ACTIVITE_PHYSIQUE/Etre_plus_actif.mp4', 127, NULL, 161, 'Etes vous prêt pour un petit défi sportif ?', 'Je t\'invite à visionner cette video « Etre plus actif ! (1:17) » et à y relever le defi santé', 67, '.mp4');
INSERT INTO `stage` VALUES (352, 'Etape 4 : Ecouter les Bruits (1:23)', 4, 50.45712007761378, 3.042734914982418, 'Ecouter les Bruits (1:23)', 'https://www.gomydefi.live/fdlv_integ/medias_fdlv/videos/PARCOURS_NATURE/Ecouter_les_bruits.webp', 'https://www.gomydefi.live/fdlv/medias_fdlv/videos/PARCOURS_NATURE/Ecouter_les_bruits.mp4', 127, 67, 162, 'Rester 10 minutes à écouter les bruits qui vous entourent.', 'Je t\'invite à visionner cette video « Ecouter les Bruits (1:23) » et à y relever le defi santé', 32, '.mp4');
INSERT INTO `stage` VALUES (353, 'Etape 1 : Le Grignotage - Conséquences (0:43)', 1, 50.45358139139097, 3.02830119443199, 'Le Grignotage - Conséquences (0:43)', 'https://www.gomydefi.live/fdlv_integ/medias_fdlv/videos/PARCOURS_GRIGNOTAGE/Le_grignotage_courte_2.webp', 'https://www.gomydefi.live/fdlv/medias_fdlv/videos/PARCOURS_GRIGNOTAGE/Le_grignotage_courte_2.mp4', 128, 23, 163, 'Pensez-vous tout savoir sur le grignotage ?', 'Je t\'invite à visionner cette video « Le Grignotage - Conséquences (0:43) » et à y relever le defi santé', 45, '.mp4');
INSERT INTO `stage` VALUES (354, 'Etape 2 : Les enfants et les écrans (1:52)', 2, 50.45446259296954, 3.0337621720363677, 'Les enfants et les écrans (1:52)', 'https://www.gomydefi.live/fdlv_integ/medias_fdlv/videos/PARCOURS_ECRANS/Enfants_moins_3ans_et_ecrans.webp', 'https://www.gomydefi.live/fdlv/medias_fdlv/videos/PARCOURS_ECRANS/Enfants_moins_3ans_et_ecrans.mp4', 128, 37, 164, 'Les écrans sont-ils bon pour la santé ?', 'Je t\'invite à visionner cette video « Les enfants et les écrans (1:52) » et à y relever le defi santé', 29, '.mp4');
INSERT INTO `stage` VALUES (355, 'Etape 3 : Etre plus actif ! (1:17)', 3, 50.45664688947757, 3.036833442531529, 'Etre plus actif ! (1:17)', 'https://www.gomydefi.live/fdlv_integ/medias_fdlv/videos/PARCOURS_ACTIVITE_PHYSIQUE/Etre_plus_actif.webp', 'https://www.gomydefi.live/fdlv/medias_fdlv/videos/PARCOURS_ACTIVITE_PHYSIQUE/Etre_plus_actif.mp4', 128, NULL, 165, 'Etes vous prêt pour un CHIFOUMI ?', 'Je t\'invite à visionner cette video « Etre plus actif ! (1:17) » et à y relever le defi santé', 67, '.mp4');
INSERT INTO `stage` VALUES (356, 'Etape 4 : Ecouter les Bruits (1:23)', 4, 50.457098758178475, 3.042752054450564, 'Ecouter les Bruits (1:23)', 'https://www.gomydefi.live/fdlv_integ/medias_fdlv/videos/PARCOURS_NATURE/Ecouter_les_bruits.webp', 'https://www.gomydefi.live/fdlv/medias_fdlv/videos/PARCOURS_NATURE/Ecouter_les_bruits.mp4', 128, 67, 166, 'Rester 10 minutes à écouter les bruits qui vous entourent.', 'Je t\'invite à visionner cette video « Ecouter les Bruits (1:23) » et à y relever le defi santé', 32, '.mp4');
INSERT INTO `stage` VALUES (357, 'Etape 1 : Le Grignotage - Conséquences (0:43)', 1, 50.46528151850678, 3.0236999963305475, 'Le Grignotage - Conséquences (0:43)', 'https://www.gomydefi.live/fdlv_integ/medias_fdlv/videos/PARCOURS_GRIGNOTAGE/Le_grignotage_courte_2.webp', 'https://www.gomydefi.live/fdlv/medias_fdlv/videos/PARCOURS_GRIGNOTAGE/Le_grignotage_courte_2.mp4', 129, 23, 167, 'Pensez-vous tout savoir sur le grignotage ?', 'Je t\'invite à visionner cette video « Le Grignotage - Conséquences (0:43) » et à y relever le defi santé', 45, '.mp4');
INSERT INTO `stage` VALUES (358, 'Etape 2 : Les enfants et les écrans (1:52)', 2, 50.46240425862989, 3.0281006792363376, 'Les enfants et les écrans (1:52)', 'https://www.gomydefi.live/fdlv_integ/medias_fdlv/videos/PARCOURS_ECRANS/Enfants_moins_3ans_et_ecrans.webp', 'https://www.gomydefi.live/fdlv/medias_fdlv/videos/PARCOURS_ECRANS/Enfants_moins_3ans_et_ecrans.mp4', 129, 37, 168, 'Les écrans sont-ils bon pour la santé ?', 'Je t\'invite à visionner cette video « Les enfants et les écrans (1:52) » et à y relever le defi santé', 29, '.mp4');
INSERT INTO `stage` VALUES (359, 'Etape 3 : Etre plus actif ! (1:17)', 3, 50.459556091401446, 3.0385988837782096, 'Etre plus actif ! (1:17)', 'https://www.gomydefi.live/fdlv_integ/medias_fdlv/videos/PARCOURS_ACTIVITE_PHYSIQUE/Etre_plus_actif.webp', 'https://www.gomydefi.live/fdlv/medias_fdlv/videos/PARCOURS_ACTIVITE_PHYSIQUE/Etre_plus_actif.mp4', 129, NULL, 169, 'Etes vous prêt pour un CHIFOUMI ?', 'Je t\'invite à visionner cette video « Etre plus actif ! (1:17) » et à y relever le defi santé', 67, '.mp4');
INSERT INTO `stage` VALUES (360, 'Etape 4 : Ecouter les Bruits (1:23)', 4, 50.457171036037415, 3.0436031743739442, 'Ecouter les Bruits (1:23)', 'https://www.gomydefi.live/fdlv_integ/medias_fdlv/videos/PARCOURS_NATURE/Ecouter_les_bruits.webp', 'https://www.gomydefi.live/fdlv/medias_fdlv/videos/PARCOURS_NATURE/Ecouter_les_bruits.mp4', 129, 67, 170, 'Rester 10 minutes à écouter les bruits qui vous entourent.', 'Je t\'invite à visionner cette video « Ecouter les Bruits (1:23) » et à y relever le defi santé', 32, '.mp4');
INSERT INTO `stage` VALUES (361, 'Etape 1 : Parcours Nature Intro (0:33)', 2, 48.716289, 2.54308, 'Parcours Nature Intro (0:33)', 'https://www.gomydefi.live/fdlv_integ/medias_fdlv/videos/PARCOURS_NATURE/Parcours_nature_intro.webp', 'https://www.gomydefi.live/fdlv_integ/medias_fdlv/videos/PARCOURS_NATURE/Parcours_nature_intro.mp4', NULL, NULL, NULL, 'Rester et garder l\'esprit en harmonie avec la nature pendant la visite', 'Je t\'invite à visionner cette video « Parcours Nature Intro (0:33) » et à y relever le defi santé', 31, '.mp4');
INSERT INTO `stage` VALUES (362, 'Etape 2 : Respiration (2:12)', 1, 48.717749, 2.54344, 'Respiration (2:12)', 'https://www.gomydefi.live/fdlv_integ/medias_fdlv/videos/PARCOURS_NATURE/Defi_respiration.webp', 'https://www.gomydefi.live/fdlv_integ/medias_fdlv/videos/PARCOURS_NATURE/Defi_respiration.mp4', NULL, 29, NULL, 'Effectuer des inspirations / expiration longues pour garder la bonne forme.', 'Je t\'invite à visionner cette video « Respiration (2:12) » et à y relever le defi santé', 37, '.mp4');
INSERT INTO `stage` VALUES (366, 'Etape 6 : Apprendre à s\'ennuyer (1:05)', 3, 48.717003, 2.542016, 'Apprendre à s\'ennuyer (1:05)', 'https://www.gomydefi.live/fdlv_integ/medias_fdlv/videos/PARCOURS_NO_STRESS/Apprendre_a_sennuyer.webp', 'https://www.gomydefi.live/fdlv_integ/medias_fdlv/videos/PARCOURS_NO_STRESS/Apprendre_a_sennuyer.mp4', NULL, 58, NULL, 'Je ferai des pauses pour m\'aérer l\'esprit et rester ZEN dans la vie ', 'Je t\'invite à visionner cette video « Apprendre à s\'ennuyer (1:05) » et à y relever le defi santé', 63, '.mp4');
INSERT INTO `stage` VALUES (378, 'Etape 1 : Le Cannabis (2:02)', 1, 50.6001725, 3.0326782, 'Le Cannabis (2:02)', 'https://www.gomydefi.live/fdlv_integ/medias_fdlv/videos/PARCOURS_PRODUITS/Cannabis.webp', 'https://www.gomydefi.live/fdlv_integ/medias_fdlv/videos/PARCOURS_PRODUITS/Cannabis.mp4', 134, 26, NULL, 'Si on me propose de fumer du cannabis je décide de refuser.', 'Je t\'invite à visionner cette video « Le Cannabis (2:02) » et à y relever le defi santé', 50, '.mp4');
INSERT INTO `stage` VALUES (379, 'Etape 2 : Le sucre (1:50)', 2, 50.5996258, 3.0327764, 'Le sucre (1:50)', 'https://www.gomydefi.live/fdlv_integ/medias_fdlv/videos/PARCOURS_NUTRITION/Le_sucre.webp', 'https://www.gomydefi.live/fdlv_integ/medias_fdlv/videos/PARCOURS_NUTRITION/Le_sucre.mp4', 134, 18, NULL, 'Je me lance le défi de faire très attention à ma consommation de sucre.', 'Je t\'invite à visionner cette video « Le sucre (1:50) » et à y relever le defi santé', 13, '.mp4');
INSERT INTO `stage` VALUES (380, 'Etape 3 : L\'activité physique (1:23)', 3, 50.5996083, 3.0335931, 'L\'activité physique (1:23)', 'https://www.gomydefi.live/fdlv_integ/medias_fdlv/videos/PARCOURS_ACTIVITE_PHYSIQUE/Activites_Physique_courte_1.webp', 'https://www.gomydefi.live/fdlv_integ/medias_fdlv/videos/PARCOURS_ACTIVITE_PHYSIQUE/Activites_Physique_courte_1.mp4', 134, 40, NULL, 'Je relève le défi de doubler mon temps d\'activité physique par semaine.', 'Je t\'invite à visionner cette video « L\'activité physique (1:23) » et à y relever le defi santé', 12, '.mp4');
INSERT INTO `stage` VALUES (381, 'Etape 4 : Le Sommeil (2:20)', 4, 50.5992059, 3.0332186, 'Le Sommeil (2:20)', 'https://www.gomydefi.live/fdlv_integ/medias_fdlv/videos/PARCOURS_SANTE_GLOBALE/le_sommeil.webp', 'https://www.gomydefi.live/fdlv_integ/medias_fdlv/videos/PARCOURS_SANTE_GLOBALE/le_sommeil.mp4', 134, 28, NULL, 'Je relève le défi de réduire mon temps d\'écran avant de me coucher.', 'Je t\'invite à visionner cette video « Le Sommeil (2:20) » et à y relever le defi santé', 16, '.mp4');
INSERT INTO `stage` VALUES (382, 'Etape 5 : Le Stress (1:15)', 5, 50.6003534, 3.0342332, 'Le Stress (1:15)', 'https://www.gomydefi.live/fdlv_integ/medias_fdlv/videos/PARCOURS_NO_STRESS/Le_Stress.webp', 'https://www.gomydefi.live/fdlv_integ/medias_fdlv/videos/PARCOURS_NO_STRESS/Le_Stress.mp4', 134, NULL, NULL, 'Je vais faire attention à tout ce qui me procure du stress pour mieux le gérer.', 'Je t\'invite à visionner cette video « Le Stress (1:15) » et à y relever le defi santé', 68, '.mp4');
INSERT INTO `stage` VALUES (383, 'Etape 1 : Eco Responsable - Version Longue (3:26)', 1, 50.6001725, 3.0326782, 'Eco Responsable - Version Longue (3:26)', 'https://www.gomydefi.live/fdlv_integ/medias_fdlv/videos/PARCOURS_SANTE_GLOBALE/eco_resp_longue.webp', 'https://www.gomydefi.live/fdlv_integ/medias_fdlv/videos/PARCOURS_SANTE_GLOBALE/eco_resp_longue.mp4', 135, 51, NULL, 'Je relève le défi d\'être plus éco-responsable !', 'Je t\'invite à visionner cette video « Eco Responsable - Version Longue (3:26) » et à y relever le defi santé', 60, '.mp4');
INSERT INTO `stage` VALUES (384, 'Etape 2 : Intro premier secours (1:04)', 2, 50.5996258, 3.0327764, 'Intro premier secours (1:04)', 'https://www.gomydefi.live/fdlv_integ/medias_fdlv/videos/PARCOURS_SECOURISME/GMD_SEC_premier_secours.webp', 'https://www.gomydefi.live/fdlv_integ/medias_fdlv/videos/PARCOURS_SECOURISME/GMD_SEC_premier_secours.mp4', 135, 1, NULL, NULL, 'Je t\'invite à visionner cette video « Intro premier secours (1:04) » et à y relever le defi santé', 1, '.mp4');
INSERT INTO `stage` VALUES (385, 'Etape 3 : La Chicha (2:20)', 3, 50.5996083, 3.0335931, 'La Chicha (2:20)', 'https://www.gomydefi.live/fdlv_integ/medias_fdlv/videos/PARCOURS_PRODUITS/Chicha.webp', 'https://www.gomydefi.live/fdlv_integ/medias_fdlv/videos/PARCOURS_PRODUITS/Chicha.mp4', 135, 25, NULL, '', 'Je t\'invite à visionner cette video « La Chicha (2:20) » et à y relever le defi santé', 51, '.mp4');
INSERT INTO `stage` VALUES (386, 'Etape 4 : Le Grignotage (2:53)', 4, 50.5992059, 3.0332186, 'Le Grignotage (2:53)', 'https://www.gomydefi.live/fdlv_integ/medias_fdlv/videos/PARCOURS_NUTRITION/Le_grignotage_longue.webp', 'https://www.gomydefi.live/fdlv_integ/medias_fdlv/videos/PARCOURS_NUTRITION/Le_grignotage_longue.mp4', 135, 24, NULL, 'Je relève le défi de m\'abstenir de grignter.', 'Je t\'invite à visionner cette video « Le Grignotage (2:53) » et à y relever le defi santé', 54, '.mp4');
INSERT INTO `stage` VALUES (387, 'Etape 5 : Les enfants et les écrans (1:52)', 5, 50.6003534, 3.0342332, 'Les enfants et les écrans (1:52)', 'https://www.gomydefi.live/fdlv_integ/medias_fdlv/videos/PARCOURS_ECRANS/Enfants_moins_3ans_et_ecrans.webp', 'https://www.gomydefi.live/fdlv_integ/medias_fdlv/videos/PARCOURS_ECRANS/Enfants_moins_3ans_et_ecrans.mp4', 135, 37, NULL, NULL, 'Je t\'invite à visionner cette video « Les enfants et les écrans (1:52) » et à y relever le defi santé', 29, '.mp4');
INSERT INTO `stage` VALUES (388, 'Etape 1 : L\'activité physique (1:23)', 1, 50.28693161228732, 4.095898884731181, 'L\'activité physique (1:23)', 'https://www.gomydefi.live/fdlv_integ/medias_fdlv/videos/PARCOURS_ACTIVITE_PHYSIQUE/Activites_Physique_courte_1.webp', 'https://www.gomydefi.live/fdlv/medias_fdlv/videos/PARCOURS_ACTIVITE_PHYSIQUE/Activites_Physique_courte_1.mp4', 136, 40, 191, 'Je relève le défi de faire plus de sport chaque semaine', 'Je t\'invite à visionner cette video « L\'activité physique (1:23) » et à y relever le defi santé', 12, '.mp4');
INSERT INTO `stage` VALUES (389, 'Etape 2 : Le Smombie (1:16)', 2, 50.288276046706144, 4.097871585794053, 'Le Smombie (1:16)', 'https://www.gomydefi.live/fdlv_integ/medias_fdlv/videos/PARCOURS_ECRANS/Le_smombie.webp', 'https://www.gomydefi.live/fdlv/medias_fdlv/videos/PARCOURS_ECRANS/Le_smombie.mp4', 136, 36, 192, 'Je relève le défi de faire attention à ne pas marcher dans la rue en regardant.', 'Je t\'invite à visionner cette video « Le Smombie (1:16) » et à y relever le defi santé', 41, '.mp4');
INSERT INTO `stage` VALUES (390, 'Etape 3 : Le Sommeil (2:20)', 3, 50.28621716432222, 4.093287056538515, 'Le Sommeil (2:20)', 'https://www.gomydefi.live/fdlv_integ/medias_fdlv/videos/PARCOURS_SANTE_GLOBALE/le_sommeil.webp', 'https://www.gomydefi.live/fdlv/medias_fdlv/videos/PARCOURS_SANTE_GLOBALE/le_sommeil.mp4', 136, 28, 193, 'Je relève le défi de faire le maximum pour bien dormir chaque nuit.', 'Je t\'invite à visionner cette video « Le Sommeil (2:20) » et à y relever le defi santé', 16, '.mp4');
INSERT INTO `stage` VALUES (391, 'Etape 4 : Hygiène de Vie - Version Longue (1:36)', 4, 0, 0, 'Hygiène de Vie - Version Longue (1:36)', 'https://www.gomydefi.live/fdlv_integ/medias_fdlv/videos/PARCOURS_SANTE_GLOBALE/hygiene_de_vie.webp', 'https://www.gomydefi.live/fdlv/medias_fdlv/videos/PARCOURS_SANTE_GLOBALE/hygiene_de_vie.mp4', 136, NULL, NULL, NULL, 'Je t\'invite à visionner cette video « Hygiène de Vie - Version Longue (1:36) » et à y relever le defi santé', 62, '.mp4');
INSERT INTO `stage` VALUES (392, 'Etape 5 : Le Protoxyde d\'Azote (2:07)', 5, 50.28628201693938, 4.0979762803152955, 'Le Protoxyde d\'Azote (2:07)', 'https://www.gomydefi.live/fdlv_integ/medias_fdlv/videos/PARCOURS_PRODUITS/Proto_long.webp', 'https://www.gomydefi.live/fdlv/medias_fdlv/videos/PARCOURS_PRODUITS/Proto_long.mp4', 136, NULL, 194, 'Si on me propose de prendre du proto, je refuse.', 'Je t\'invite à visionner cette video « Le Protoxyde d\'Azote (2:07) » et à y relever le defi santé', 52, '.mp4');
INSERT INTO `stage` VALUES (393, 'Etape 6 : Le sucre (1:50)', 6, 50.29060776086576, 4.097085635804796, 'Le sucre (1:50)', 'https://www.gomydefi.live/fdlv_integ/medias_fdlv/videos/PARCOURS_NUTRITION/Le_sucre.webp', 'https://www.gomydefi.live/fdlv/medias_fdlv/videos/PARCOURS_NUTRITION/Le_sucre.mp4', 136, 18, 195, 'Je relève le défi de limiter ma consommation de sucre sous toutes ses formes.', 'Je t\'invite à visionner cette video « Le sucre (1:50) » et à y relever le defi santé', 13, '.mp4');
INSERT INTO `stage` VALUES (394, 'Etape 1 : Protoxyde d\'Azote - C\'est quoi ? (0:41)', 1, 50.27285848634145, 3.9563762049505815, 'Protoxyde d\'Azote - C\'est quoi ? (0:41)', 'https://www.gomydefi.live/fdlv_integ/medias_fdlv/videos/PARCOURS_PROTOXYDE_AZOTE/proto_1_un_phenomene.webp', 'https://www.gomydefi.live/fdlv/medias_fdlv/videos/PARCOURS_PROTOXYDE_AZOTE/proto_1_un_phenomene.mp4', 137, 45, NULL, NULL, 'Je t\'invite à visionner cette video « Protoxyde d\'Azote - C\'est quoi ? (0:41) » et à y relever le defi santé', 55, '.mp4');
INSERT INTO `stage` VALUES (395, 'Etape 2 : Protoxyde d\'Azote - Les Effets (0:35)', 2, 50.27278477197944, 3.956601510499798, 'Protoxyde d\'Azote - Les Effets (0:35)', 'https://www.gomydefi.live/fdlv_integ/medias_fdlv/videos/PARCOURS_PROTOXYDE_AZOTE/proto_2_les_effets.webp', 'https://www.gomydefi.live/fdlv/medias_fdlv/videos/PARCOURS_PROTOXYDE_AZOTE/proto_2_les_effets.mp4', 137, 46, NULL, NULL, 'Je t\'invite à visionner cette video « Protoxyde d\'Azote - Les Effets (0:35) » et à y relever le defi santé', 56, '.mp4');
INSERT INTO `stage` VALUES (396, 'Etape 3 : Protoxyde d\'Azote - Les Risques (1:27)', 3, 50.27302648608883, 3.9566122393354752, 'Protoxyde d\'Azote - Les Risques (1:27)', 'https://www.gomydefi.live/fdlv_integ/medias_fdlv/videos/PARCOURS_PROTOXYDE_AZOTE/proto_3_les_risques.webp', 'https://www.gomydefi.live/fdlv/medias_fdlv/videos/PARCOURS_PROTOXYDE_AZOTE/proto_3_les_risques.mp4', 137, 47, 196, 'Si on me propose de prendre du proto ou de faire un ballon, je dis NON merci !', 'Je t\'invite à visionner cette video « Protoxyde d\'Azote - Les Risques (1:27) » et à y relever le defi santé', 57, '.mp4');
INSERT INTO `stage` VALUES (400, 'Etape 1 : Protoxyde d\'Azote - C\'est quoi ? (0:41)', 1, 50.63578, 3.0663, 'Protoxyde d\'Azote - C\'est quoi ? (0:41)', 'https://www.gomydefi.live/fdlv_integ/medias_fdlv/videos/PARCOURS_PROTOXYDE_AZOTE/proto_1_un_phenomene.webp', 'https://www.gomydefi.live/fdlv/medias_fdlv/videos/PARCOURS_PROTOXYDE_AZOTE/proto_1_un_phenomene.mp4', 139, 45, 197, 'Reponds correctement aux questions ', 'Je t\'invite à visionner cette video « Protoxyde d\'Azote - C\'est quoi ? (0:41) » et à y relever le defi santé', 55, '.mp4');
INSERT INTO `stage` VALUES (401, 'Etape 2 : Protoxyde d\'Azote - Les Effets (0:35)', 2, 50.63514, 3.06463, 'Protoxyde d\'Azote - Les Effets (0:35)', 'https://www.gomydefi.live/fdlv_integ/medias_fdlv/videos/PARCOURS_PROTOXYDE_AZOTE/proto_2_les_effets.webp', 'https://www.gomydefi.live/fdlv/medias_fdlv/videos/PARCOURS_PROTOXYDE_AZOTE/proto_2_les_effets.mp4', 139, 46, 198, 'Reponds correctement aux questions !!!', 'Je t\'invite à visionner cette video « Protoxyde d\'Azote - Les Effets (0:35) » et à y relever le defi santé', 56, '.mp4');
INSERT INTO `stage` VALUES (402, 'Etape 3 : Protoxyde d\'Azote - Les Risques (1:27)', 3, 50.63474, 3.06322, 'Protoxyde d\'Azote - Les Risques (1:27)', 'https://www.gomydefi.live/fdlv_integ/medias_fdlv/videos/PARCOURS_PROTOXYDE_AZOTE/proto_3_les_risques.webp', 'https://www.gomydefi.live/fdlv/medias_fdlv/videos/PARCOURS_PROTOXYDE_AZOTE/proto_3_les_risques.mp4', 139, 47, 199, 'reponds correctement aux questions !!!', 'Je t\'invite à visionner cette video « Protoxyde d\'Azote - Les Risques (1:27) » et à y relever le defi santé', 57, '.mp4');
INSERT INTO `stage` VALUES (403, 'Etape 4 : Protoxyde d\'Azote - Solutions (0:47)', 4, 50.63202, 3.06167, 'Protoxyde d\'Azote - Solutions (0:47)', 'https://www.gomydefi.live/fdlv_integ/medias_fdlv/videos/PARCOURS_PROTOXYDE_AZOTE/proto_4_solutions.webp', 'https://www.gomydefi.live/fdlv/medias_fdlv/videos/PARCOURS_PROTOXYDE_AZOTE/proto_4_solutions.mp4', 139, 48, 200, 'Reponds correctement aux questions!!', 'Je t\'invite à visionner cette video « Protoxyde d\'Azote - Solutions (0:47) » et à y relever le defi santé', 58, '.mp4');
INSERT INTO `stage` VALUES (408, 'Etape 1 : Protoxyde d\'Azote - C\'est quoi ? (0:41)', 1, 50.519066, 2.911518, 'Protoxyde d\'Azote - C\'est quoi ? (0:41)', 'https://www.gomydefi.live/fdlv_integ/medias_fdlv/videos/PARCOURS_PROTOXYDE_AZOTE/proto_1_un_phenomene.webp', 'https://www.gomydefi.live/fdlv/medias_fdlv/videos/PARCOURS_PROTOXYDE_AZOTE/proto_1_un_phenomene.mp4', 141, 45, NULL, NULL, 'Je t\'invite à visionner cette video « Protoxyde d\'Azote - C\'est quoi ? (0:41) » et à y relever le defi santé', 55, '.mp4');
INSERT INTO `stage` VALUES (409, 'Etape 2 : Protoxyde d\'Azote - Les Effets (0:35)', 2, 50.51871, 2.910743, 'Protoxyde d\'Azote - Les Effets (0:35)', 'https://www.gomydefi.live/fdlv_integ/medias_fdlv/videos/PARCOURS_PROTOXYDE_AZOTE/proto_2_les_effets.webp', 'https://www.gomydefi.live/fdlv/medias_fdlv/videos/PARCOURS_PROTOXYDE_AZOTE/proto_2_les_effets.mp4', 141, 46, NULL, NULL, 'Je t\'invite à visionner cette video « Protoxyde d\'Azote - Les Effets (0:35) » et à y relever le defi santé', 56, '.mp4');
INSERT INTO `stage` VALUES (410, 'Etape 3 : Protoxyde d\'Azote - Les Risques (1:27)', 3, 50.518581, 2.909244, 'Protoxyde d\'Azote - Les Risques (1:27)', 'https://www.gomydefi.live/fdlv_integ/medias_fdlv/videos/PARCOURS_PROTOXYDE_AZOTE/proto_3_les_risques.webp', 'https://www.gomydefi.live/fdlv/medias_fdlv/videos/PARCOURS_PROTOXYDE_AZOTE/proto_3_les_risques.mp4', 141, 47, NULL, NULL, 'Je t\'invite à visionner cette video « Protoxyde d\'Azote - Les Risques (1:27) » et à y relever le defi santé', 57, '.mp4');
INSERT INTO `stage` VALUES (411, 'Etape 1 : Protoxyde d\'Azote - C\'est quoi ? (0:41)', 1, 50.5780538, 2.9752524, 'Protoxyde d\'Azote - C\'est quoi ? (0:41)', 'https://www.gomydefi.live/fdlv_integ/medias_fdlv/videos/PARCOURS_PROTOXYDE_AZOTE/proto_1_un_phenomene.webp', 'https://www.gomydefi.live/fdlv/medias_fdlv/videos/PARCOURS_PROTOXYDE_AZOTE/proto_1_un_phenomene.mp4', 142, 45, NULL, NULL, 'Je t\'invite à visionner cette video « Protoxyde d\'Azote - C\'est quoi ? (0:41) » et à y relever le defi santé', 55, '.mp4');
INSERT INTO `stage` VALUES (412, 'Etape 2 : Protoxyde d\'Azote - Les Effets (0:35)', 2, 50.5795059, 2.977494, 'Protoxyde d\'Azote - Les Effets (0:35)', 'https://www.gomydefi.live/fdlv_integ/medias_fdlv/videos/PARCOURS_PROTOXYDE_AZOTE/proto_2_les_effets.webp', 'https://www.gomydefi.live/fdlv/medias_fdlv/videos/PARCOURS_PROTOXYDE_AZOTE/proto_2_les_effets.mp4', 142, 46, NULL, NULL, 'Je t\'invite à visionner cette video « Protoxyde d\'Azote - Les Effets (0:35) » et à y relever le defi santé', 56, '.mp4');
INSERT INTO `stage` VALUES (413, 'Etape 3 : Protoxyde d\'Azote - Les Risques (1:27)', 3, 50.5762018, 2.9754853, 'Protoxyde d\'Azote - Les Risques (1:27)', 'https://www.gomydefi.live/fdlv_integ/medias_fdlv/videos/PARCOURS_PROTOXYDE_AZOTE/proto_3_les_risques.webp', 'https://www.gomydefi.live/fdlv/medias_fdlv/videos/PARCOURS_PROTOXYDE_AZOTE/proto_3_les_risques.mp4', 142, 47, NULL, NULL, 'Je t\'invite à visionner cette video « Protoxyde d\'Azote - Les Risques (1:27) » et à y relever le defi santé', 57, '.mp4');
INSERT INTO `stage` VALUES (414, 'Etape 1 : Protoxyde d\'Azote - C\'est quoi ? (0:41)', 1, 50.6318129, 3.1413794, 'Protoxyde d\'Azote - C\'est quoi ? (0:41)', 'https://www.gomydefi.live/fdlv_integ/medias_fdlv/videos/PARCOURS_PROTOXYDE_AZOTE/proto_1_un_phenomene.webp', 'https://www.gomydefi.live/fdlv/medias_fdlv/videos/PARCOURS_PROTOXYDE_AZOTE/proto_1_un_phenomene.mp4', 143, 45, NULL, NULL, 'Je t\'invite à visionner cette video « Protoxyde d\'Azote - C\'est quoi ? (0:41) » et à y relever le defi santé', 55, '.mp4');
INSERT INTO `stage` VALUES (415, 'Etape 2 : Protoxyde d\'Azote - Les Effets (0:35)', 2, 50.6317383, 3.1422035, 'Protoxyde d\'Azote - Les Effets (0:35)', 'https://www.gomydefi.live/fdlv_integ/medias_fdlv/videos/PARCOURS_PROTOXYDE_AZOTE/proto_2_les_effets.webp', 'https://www.gomydefi.live/fdlv/medias_fdlv/videos/PARCOURS_PROTOXYDE_AZOTE/proto_2_les_effets.mp4', 143, 46, NULL, NULL, 'Je t\'invite à visionner cette video « Protoxyde d\'Azote - Les Effets (0:35) » et à y relever le defi santé', 56, '.mp4');
INSERT INTO `stage` VALUES (416, 'Etape 3 : Protoxyde d\'Azote - Les Risques (1:27)', 3, 50.6324146, 3.1425726, 'Protoxyde d\'Azote - Les Risques (1:27)', 'https://www.gomydefi.live/fdlv_integ/medias_fdlv/videos/PARCOURS_PROTOXYDE_AZOTE/proto_3_les_risques.webp', 'https://www.gomydefi.live/fdlv/medias_fdlv/videos/PARCOURS_PROTOXYDE_AZOTE/proto_3_les_risques.mp4', 143, 47, NULL, NULL, 'Je t\'invite à visionner cette video « Protoxyde d\'Azote - Les Risques (1:27) » et à y relever le defi santé', 57, '.mp4');
INSERT INTO `stage` VALUES (417, 'Etape 1 : Protoxyde d\'Azote - C\'est quoi ? (0:41)', 1, 50.5780538, 2.9752524, 'Protoxyde d\'Azote - C\'est quoi ? (0:41)', 'https://www.gomydefi.live/fdlv_integ/medias_fdlv/videos/PARCOURS_PROTOXYDE_AZOTE/proto_1_un_phenomene.webp', 'https://www.gomydefi.live/fdlv/medias_fdlv/videos/PARCOURS_PROTOXYDE_AZOTE/proto_1_un_phenomene.mp4', 144, 45, NULL, NULL, 'Je t\'invite à visionner cette video « Protoxyde d\'Azote - C\'est quoi ? (0:41) » et à y relever le defi santé', 55, '.mp4');
INSERT INTO `stage` VALUES (418, 'Etape 2 : Protoxyde d\'Azote - Les Effets (0:35)', 2, 50.5795059, 2.977494, 'Protoxyde d\'Azote - Les Effets (0:35)', 'https://www.gomydefi.live/fdlv_integ/medias_fdlv/videos/PARCOURS_PROTOXYDE_AZOTE/proto_2_les_effets.webp', 'https://www.gomydefi.live/fdlv/medias_fdlv/videos/PARCOURS_PROTOXYDE_AZOTE/proto_2_les_effets.mp4', 144, 46, NULL, NULL, 'Je t\'invite à visionner cette video « Protoxyde d\'Azote - Les Effets (0:35) » et à y relever le defi santé', 56, '.mp4');
INSERT INTO `stage` VALUES (419, 'Etape 3 : Protoxyde d\'Azote - Les Risques (1:27)', 3, 50.5762018, 2.9754853, 'Protoxyde d\'Azote - Les Risques (1:27)', 'https://www.gomydefi.live/fdlv_integ/medias_fdlv/videos/PARCOURS_PROTOXYDE_AZOTE/proto_3_les_risques.webp', 'https://www.gomydefi.live/fdlv/medias_fdlv/videos/PARCOURS_PROTOXYDE_AZOTE/proto_3_les_risques.mp4', 144, 47, NULL, NULL, 'Je t\'invite à visionner cette video « Protoxyde d\'Azote - Les Risques (1:27) » et à y relever le defi santé', 57, '.mp4');
INSERT INTO `stage` VALUES (420, 'Etape 1 : Protoxyde d\'Azote - Les Risques (1:27)', 1, 50.6088811, 3.0431686, 'Protoxyde d\'Azote - Les Risques (1:27)', 'https://www.gomydefi.live/fdlv_integ/medias_fdlv/videos/PARCOURS_PROTOXYDE_AZOTE/proto_3_les_risques.webp', 'https://www.gomydefi.live/fdlv/medias_fdlv/videos/PARCOURS_PROTOXYDE_AZOTE/proto_3_les_risques.mp4', 145, 47, NULL, NULL, 'Je t\'invite à visionner cette video « Protoxyde d\'Azote - Les Risques (1:27) » et à y relever le defi santé', 57, '.mp4');
INSERT INTO `stage` VALUES (421, 'Etape 2 : Protoxyde d\'Azote - Les Effets (0:35)', 2, 50.6094381, 3.0428769, 'Protoxyde d\'Azote - Les Effets (0:35)', 'https://www.gomydefi.live/fdlv_integ/medias_fdlv/videos/PARCOURS_PROTOXYDE_AZOTE/proto_2_les_effets.webp', 'https://www.gomydefi.live/fdlv/medias_fdlv/videos/PARCOURS_PROTOXYDE_AZOTE/proto_2_les_effets.mp4', 145, 46, NULL, NULL, 'Je t\'invite à visionner cette video « Protoxyde d\'Azote - Les Effets (0:35) » et à y relever le defi santé', 56, '.mp4');
INSERT INTO `stage` VALUES (422, 'Etape 3 : Protoxyde d\'Azote - C\'est quoi ? (0:41)', 3, 50.6083485, 3.0408663, 'Protoxyde d\'Azote - C\'est quoi ? (0:41)', 'https://www.gomydefi.live/fdlv_integ/medias_fdlv/videos/PARCOURS_PROTOXYDE_AZOTE/proto_1_un_phenomene.webp', 'https://www.gomydefi.live/fdlv/medias_fdlv/videos/PARCOURS_PROTOXYDE_AZOTE/proto_1_un_phenomene.mp4', 145, 45, NULL, NULL, 'Je t\'invite à visionner cette video « Protoxyde d\'Azote - C\'est quoi ? (0:41) » et à y relever le defi santé', 55, '.mp4');
INSERT INTO `stage` VALUES (423, 'Etape 1 : Protoxyde d\'Azote - Les Effets (0:35)', 1, 50.6094381, 3.0428769, 'Protoxyde d\'Azote - Les Effets (0:35)', 'https://www.gomydefi.live/fdlv_integ/medias_fdlv/videos/PARCOURS_PROTOXYDE_AZOTE/proto_2_les_effets.webp', 'https://www.gomydefi.live/fdlv/medias_fdlv/videos/PARCOURS_PROTOXYDE_AZOTE/proto_2_les_effets.mp4', 146, 46, 205, '\n', 'Je t\'invite à visionner cette video « Protoxyde d\'Azote - Les Effets (0:35) » et à y relever le defi santé', 56, '.mp4');
INSERT INTO `stage` VALUES (424, 'Etape 2 : Protoxyde d\'Azote - C\'est quoi ? (0:41)', 2, 50.6083485, 3.0408663, 'Protoxyde d\'Azote - C\'est quoi ? (0:41)', 'https://www.gomydefi.live/fdlv_integ/medias_fdlv/videos/PARCOURS_PROTOXYDE_AZOTE/proto_1_un_phenomene.webp', 'https://www.gomydefi.live/fdlv/medias_fdlv/videos/PARCOURS_PROTOXYDE_AZOTE/proto_1_un_phenomene.mp4', 146, 45, NULL, NULL, 'Je t\'invite à visionner cette video « Protoxyde d\'Azote - C\'est quoi ? (0:41) » et à y relever le defi santé', 55, '.mp4');
INSERT INTO `stage` VALUES (425, 'Etape 3 : Protoxyde d\'Azote - Les Risques (1:27)', 3, 50.6094381, 3.0431686, 'Protoxyde d\'Azote - Les Risques (1:27)', 'https://www.gomydefi.live/fdlv_integ/medias_fdlv/videos/PARCOURS_PROTOXYDE_AZOTE/proto_3_les_risques.webp', 'https://www.gomydefi.live/fdlv/medias_fdlv/videos/PARCOURS_PROTOXYDE_AZOTE/proto_3_les_risques.mp4', 146, 47, NULL, NULL, 'Je t\'invite à visionner cette video « Protoxyde d\'Azote - Les Risques (1:27) » et à y relever le defi santé', 57, '.mp4');
INSERT INTO `stage` VALUES (426, 'Etape 1 : Protoxyde d\'Azote - C\'est quoi ? (0:41)', 1, 50.6186625, 3.0875469, 'Protoxyde d\'Azote - C\'est quoi ? (0:41)', 'https://www.gomydefi.live/fdlv_integ/medias_fdlv/videos/PARCOURS_PROTOXYDE_AZOTE/proto_1_un_phenomene.webp', 'https://www.gomydefi.live/fdlv/medias_fdlv/videos/PARCOURS_PROTOXYDE_AZOTE/proto_1_un_phenomene.mp4', 147, 45, 206, 'Faire 5 squats', 'Je t\'invite à visionner cette video « Protoxyde d\'Azote - C\'est quoi ? (0:41) » et à y relever le defi santé', 55, '.mp4');
INSERT INTO `stage` VALUES (427, 'Etape 2 : Protoxyde d\'Azote - Les Effets (0:35)', 2, 50.6190125, 3.0872656, 'Protoxyde d\'Azote - Les Effets (0:35)', 'https://www.gomydefi.live/fdlv_integ/medias_fdlv/videos/PARCOURS_PROTOXYDE_AZOTE/proto_2_les_effets.webp', 'https://www.gomydefi.live/fdlv/medias_fdlv/videos/PARCOURS_PROTOXYDE_AZOTE/proto_2_les_effets.mp4', 147, 46, 207, 'Faire 5 pompes', 'Je t\'invite à visionner cette video « Protoxyde d\'Azote - Les Effets (0:35) » et à y relever le defi santé', 56, '.mp4');
INSERT INTO `stage` VALUES (428, 'Etape 3 : Protoxyde d\'Azote - Les Risques (1:27)', 3, 50.6190625, 3.0872031, 'Protoxyde d\'Azote - Les Risques (1:27)', 'https://www.gomydefi.live/fdlv_integ/medias_fdlv/videos/PARCOURS_PROTOXYDE_AZOTE/proto_3_les_risques.webp', 'https://www.gomydefi.live/fdlv/medias_fdlv/videos/PARCOURS_PROTOXYDE_AZOTE/proto_3_les_risques.mp4', 147, 47, 208, 'Cours jusqu’au point de rendez-vous, soit le premier!!!!', 'Je t\'invite à visionner cette video « Protoxyde d\'Azote - Les Risques (1:27) » et à y relever le defi santé', 57, '.mp4');
INSERT INTO `stage` VALUES (432, 'Etape 1 : Protoxyde d\'Azote - C\'est quoi ? (0:41)', 1, 50.6021513, 3.0206401, 'Protoxyde d\'Azote - C\'est quoi ? (0:41)', 'https://www.gomydefi.live/fdlv_integ/medias_fdlv/videos/PARCOURS_PROTOXYDE_AZOTE/proto_1_un_phenomene.webp', 'https://www.gomydefi.live/fdlv/medias_fdlv/videos/PARCOURS_PROTOXYDE_AZOTE/proto_1_un_phenomene.mp4', 150, 45, NULL, NULL, 'Je t\'invite à visionner cette video « Protoxyde d\'Azote - C\'est quoi ? (0:41) » et à y relever le defi santé', 55, '.mp4');
INSERT INTO `stage` VALUES (433, 'Etape 2 : Protoxyde d\'Azote - Les Effets (0:35)', 2, 50.6018455, 3.0201207, 'Protoxyde d\'Azote - Les Effets (0:35)', 'https://www.gomydefi.live/fdlv_integ/medias_fdlv/videos/PARCOURS_PROTOXYDE_AZOTE/proto_2_les_effets.webp', 'https://www.gomydefi.live/fdlv/medias_fdlv/videos/PARCOURS_PROTOXYDE_AZOTE/proto_2_les_effets.mp4', 150, 46, NULL, NULL, 'Je t\'invite à visionner cette video « Protoxyde d\'Azote - Les Effets (0:35) » et à y relever le defi santé', 56, '.mp4');
INSERT INTO `stage` VALUES (434, 'Etape 3 : Protoxyde d\'Azote - Les Risques (1:27)', 3, 50.6013952, 3.0206253, 'Protoxyde d\'Azote - Les Risques (1:27)', 'https://www.gomydefi.live/fdlv_integ/medias_fdlv/videos/PARCOURS_PROTOXYDE_AZOTE/proto_3_les_risques.webp', 'https://www.gomydefi.live/fdlv/medias_fdlv/videos/PARCOURS_PROTOXYDE_AZOTE/proto_3_les_risques.mp4', 150, 47, NULL, NULL, 'Je t\'invite à visionner cette video « Protoxyde d\'Azote - Les Risques (1:27) » et à y relever le defi santé', 57, '.mp4');
INSERT INTO `stage` VALUES (435, 'Etape 1 : Protoxyde d\'Azote - C\'est quoi ? (0:41)', 1, 50.546336, 3.02628, 'Protoxyde d\'Azote - C\'est quoi ? (0:41)', 'https://www.gomydefi.live/fdlv_integ/medias_fdlv/videos/PARCOURS_PROTOXYDE_AZOTE/proto_1_un_phenomene.webp', 'https://www.gomydefi.live/fdlv/medias_fdlv/videos/PARCOURS_PROTOXYDE_AZOTE/proto_1_un_phenomene.mp4', 151, 45, NULL, NULL, 'Je t\'invite à visionner cette video « Protoxyde d\'Azote - C\'est quoi ? (0:41) » et à y relever le defi santé', 55, '.mp4');
INSERT INTO `stage` VALUES (436, 'Etape 2 : Protoxyde d\'Azote - Les Effets (0:35)', 2, 50.546988, 3.021851, 'Protoxyde d\'Azote - Les Effets (0:35)', 'https://www.gomydefi.live/fdlv_integ/medias_fdlv/videos/PARCOURS_PROTOXYDE_AZOTE/proto_2_les_effets.webp', 'https://www.gomydefi.live/fdlv/medias_fdlv/videos/PARCOURS_PROTOXYDE_AZOTE/proto_2_les_effets.mp4', 151, 46, NULL, NULL, 'Je t\'invite à visionner cette video « Protoxyde d\'Azote - Les Effets (0:35) » et à y relever le defi santé', 56, '.mp4');
INSERT INTO `stage` VALUES (437, 'Etape 3 : Protoxyde d\'Azote - Les Risques (1:27)', 3, 50.545878, 3.024229, 'Protoxyde d\'Azote - Les Risques (1:27)', 'https://www.gomydefi.live/fdlv_integ/medias_fdlv/videos/PARCOURS_PROTOXYDE_AZOTE/proto_3_les_risques.webp', 'https://www.gomydefi.live/fdlv/medias_fdlv/videos/PARCOURS_PROTOXYDE_AZOTE/proto_3_les_risques.mp4', 151, 47, NULL, NULL, 'Je t\'invite à visionner cette video « Protoxyde d\'Azote - Les Risques (1:27) » et à y relever le defi santé', 57, '.mp4');
INSERT INTO `stage` VALUES (438, 'Etape 1 : L\'activité physique (1:23)', 1, 50.8763721, 2.597038, 'L\'activité physique (1:23)', 'https://www.gomydefi.live/fdlv_integ/medias_fdlv/videos/PARCOURS_ACTIVITE_PHYSIQUE/Activites_Physique_courte_1.webp', 'https://www.gomydefi.live/fdlv/medias_fdlv/videos/PARCOURS_ACTIVITE_PHYSIQUE/Activites_Physique_courte_1.mp4', 152, 40, NULL, NULL, 'Je t\'invite à visionner cette video « L\'activité physique (1:23) » et à y relever le defi santé', 12, '.mp4');
INSERT INTO `stage` VALUES (439, 'Etape 2 : Le sucre (1:50)', 2, 50.8761859, 2.5971421, 'Le sucre (1:50)', 'https://www.gomydefi.live/fdlv_integ/medias_fdlv/videos/PARCOURS_NUTRITION/Le_sucre.webp', 'https://www.gomydefi.live/fdlv/medias_fdlv/videos/PARCOURS_NUTRITION/Le_sucre.mp4', 152, 18, NULL, NULL, 'Je t\'invite à visionner cette video « Le sucre (1:50) » et à y relever le defi santé', 13, '.mp4');
INSERT INTO `stage` VALUES (440, 'Etape 3 : 5 Fruits et Légumes par jour (2:49)', 3, 50.8759308, 2.5970371, '5 Fruits et Légumes par jour (2:49)', 'https://www.gomydefi.live/fdlv_integ/medias_fdlv/videos/PARCOURS_NUTRITION/5_fruits_et_legumes_longue.webp', 'https://www.gomydefi.live/fdlv/medias_fdlv/videos/PARCOURS_NUTRITION/5_fruits_et_legumes_longue.mp4', 152, 19, NULL, NULL, 'Je t\'invite à visionner cette video « 5 Fruits et Légumes par jour (2:49) » et à y relever le defi santé', 53, '.mp4');
INSERT INTO `stage` VALUES (441, 'Etape 4 : Le Sommeil (2:20)', 4, 50.8742903, 2.59758867, 'Le Sommeil (2:20)', 'https://www.gomydefi.live/fdlv_integ/medias_fdlv/videos/PARCOURS_SANTE_GLOBALE/le_sommeil.webp', 'https://www.gomydefi.live/fdlv/medias_fdlv/videos/PARCOURS_SANTE_GLOBALE/le_sommeil.mp4', 152, 28, NULL, NULL, 'Je t\'invite à visionner cette video « Le Sommeil (2:20) » et à y relever le defi santé', 16, '.mp4');
INSERT INTO `stage` VALUES (442, 'Etape 5 : Le grignotage, C\'est quoi ? (0:57)', 5, 50.8740538, 2.5961306, 'Le grignotage, C\'est quoi ? (0:57)', 'https://www.gomydefi.live/fdlv_integ/medias_fdlv/videos/PARCOURS_GRIGNOTAGE/Le_grignotage_courte_1.webp', 'https://www.gomydefi.live/fdlv/medias_fdlv/videos/PARCOURS_GRIGNOTAGE/Le_grignotage_courte_1.mp4', 152, 22, NULL, NULL, 'Je t\'invite à visionner cette video « Le grignotage, C\'est quoi ? (0:57) » et à y relever le defi santé', 14, '.mp4');
INSERT INTO `stage` VALUES (443, 'Etape 1 : Les enfants et les écrans (1:52)', 1, 50.5187577, 2.9112167, 'Les enfants et les écrans (1:52)', 'https://www.gomydefi.live/fdlv_integ/medias_fdlv/videos/PARCOURS_ECRANS/Enfants_moins_3ans_et_ecrans.webp', 'https://www.gomydefi.live/fdlv/medias_fdlv/videos/PARCOURS_ECRANS/Enfants_moins_3ans_et_ecrans.mp4', 153, 37, NULL, NULL, 'Je t\'invite à visionner cette video « Les enfants et les écrans (1:52) » et à y relever le defi santé', 29, '.mp4');
INSERT INTO `stage` VALUES (444, 'Etape 2 : L\'activité physique (1:23)', 2, 50.5186733, 2.9103353, 'L\'activité physique (1:23)', 'https://www.gomydefi.live/fdlv_integ/medias_fdlv/videos/PARCOURS_ACTIVITE_PHYSIQUE/Activites_Physique_courte_1.webp', 'https://www.gomydefi.live/fdlv/medias_fdlv/videos/PARCOURS_ACTIVITE_PHYSIQUE/Activites_Physique_courte_1.mp4', 153, 40, NULL, NULL, 'Je t\'invite à visionner cette video « L\'activité physique (1:23) » et à y relever le defi santé', 12, '.mp4');
INSERT INTO `stage` VALUES (445, 'Etape 3 : Le sucre (1:50)', 3, 50.5185823, 2.9092657, 'Le sucre (1:50)', 'https://www.gomydefi.live/fdlv_integ/medias_fdlv/videos/PARCOURS_NUTRITION/Le_sucre.webp', 'https://www.gomydefi.live/fdlv/medias_fdlv/videos/PARCOURS_NUTRITION/Le_sucre.mp4', 153, 18, NULL, NULL, 'Je t\'invite à visionner cette video « Le sucre (1:50) » et à y relever le defi santé', 13, '.mp4');
INSERT INTO `stage` VALUES (446, 'Etape 4 : 5 fruits et légumes (1:11)', 4, 50.5184685, 2.9078202, '5 fruits et légumes (1:11)', 'https://www.gomydefi.live/fdlv_integ/medias_fdlv/videos/PARCOURS_5_FRUITS_LEGUMES/5_fruits_et_legumes_courte_1.webp', 'https://www.gomydefi.live/fdlv/medias_fdlv/videos/PARCOURS_5_FRUITS_LEGUMES/5_fruits_et_legumes_courte_1.mp4', 153, 19, NULL, NULL, 'Je t\'invite à visionner cette video « 5 fruits et légumes (1:11) » et à y relever le defi santé', 15, '.mp4');
INSERT INTO `stage` VALUES (447, 'Etape 5 : Le Sommeil (2:20)', 5, 50.5183636, 2.9070818, 'Le Sommeil (2:20)', 'https://www.gomydefi.live/fdlv_integ/medias_fdlv/videos/PARCOURS_SANTE_GLOBALE/le_sommeil.webp', 'https://www.gomydefi.live/fdlv/medias_fdlv/videos/PARCOURS_SANTE_GLOBALE/le_sommeil.mp4', 153, 28, NULL, NULL, 'Je t\'invite à visionner cette video « Le Sommeil (2:20) » et à y relever le defi santé', 16, '.mp4');
INSERT INTO `stage` VALUES (451, 'Etape 1 : Protoxyde d\'Azote - C\'est quoi ? (0:41)', 1, 50.8765344, 2.5969972, 'Protoxyde d\'Azote - C\'est quoi ? (0:41)', 'https://www.gomydefi.live/fdlv_integ/medias_fdlv/videos/PARCOURS_PROTOXYDE_AZOTE/proto_1_un_phenomene.webp', 'https://www.gomydefi.live/fdlv_integ/medias_fdlv/videos/PARCOURS_PROTOXYDE_AZOTE/proto_1_un_phenomene.mp4', 155, 45, NULL, 'Je prendrai du temps pour m\'informer plus sur les dangers du Proto', 'Je t\'invite à visionner cette video « Protoxyde d\'Azote - C\'est quoi ? (0:41) » et à y relever le defi santé', 55, '.mp4');
INSERT INTO `stage` VALUES (452, 'Etape 2 : Protoxyde d\'Azote - Les Effets (0:35)', 2, 50.8762024, 2.5971035, 'Protoxyde d\'Azote - Les Effets (0:35)', 'https://www.gomydefi.live/fdlv_integ/medias_fdlv/videos/PARCOURS_PROTOXYDE_AZOTE/proto_2_les_effets.webp', 'https://www.gomydefi.live/fdlv_integ/medias_fdlv/videos/PARCOURS_PROTOXYDE_AZOTE/proto_2_les_effets.mp4', 155, 46, NULL, 'Si on me propose de faire un ballon, je refuse car j\'en connais les risques.', 'Je t\'invite à visionner cette video « Protoxyde d\'Azote - Les Effets (0:35) » et à y relever le defi santé', 56, '.mp4');
INSERT INTO `stage` VALUES (453, 'Etape 3 : Protoxyde d\'Azote - Les Risques (1:27)', 3, 50.8762386, 2.597637, 'Protoxyde d\'Azote - Les Risques (1:27)', 'https://www.gomydefi.live/fdlv_integ/medias_fdlv/videos/PARCOURS_PROTOXYDE_AZOTE/proto_3_les_risques.webp', 'https://www.gomydefi.live/fdlv_integ/medias_fdlv/videos/PARCOURS_PROTOXYDE_AZOTE/proto_3_les_risques.mp4', 155, 47, NULL, 'Si on me propose de prendre du proto, je refuse car je connais les risques.', 'Je t\'invite à visionner cette video « Protoxyde d\'Azote - Les Risques (1:27) » et à y relever le defi santé', 57, '.mp4');
INSERT INTO `stage` VALUES (459, 'Etape 1 : Les Bienfaits du Sport (1:14)', 1, 50.5708448, 2.9675458, 'Les Bienfaits du Sport (1:14)', 'https://www.gomydefi.live/fdlv_integ/medias_fdlv/videos/PARCOURS_ACTIVITE_PHYSIQUE/Activites_Physique_courte_2.webp', 'https://www.gomydefi.live/fdlv/medias_fdlv/videos/PARCOURS_ACTIVITE_PHYSIQUE/Activites_Physique_courte_2.mp4', 157, 52, NULL, NULL, 'Je t\'invite à visionner cette video « Les Bienfaits du Sport (1:14) » et à y relever le defi santé', 49, '.mp4');
INSERT INTO `stage` VALUES (460, 'Etape 2 : Le Sommeil (2:20)', 2, 50.5739111, 2.9726389, 'Le Sommeil (2:20)', 'https://www.gomydefi.live/fdlv_integ/medias_fdlv/videos/PARCOURS_SANTE_GLOBALE/le_sommeil.webp', 'https://www.gomydefi.live/fdlv/medias_fdlv/videos/PARCOURS_SANTE_GLOBALE/le_sommeil.mp4', 157, 28, NULL, NULL, 'Je t\'invite à visionner cette video « Le Sommeil (2:20) » et à y relever le defi santé', 16, '.mp4');
INSERT INTO `stage` VALUES (461, 'Etape 3 : Le Grignotage - Conséquences (0:43)', 3, 50.5778424, 2.9750875, 'Le Grignotage - Conséquences (0:43)', 'https://www.gomydefi.live/fdlv_integ/medias_fdlv/videos/PARCOURS_GRIGNOTAGE/Le_grignotage_courte_2.webp', 'https://www.gomydefi.live/fdlv/medias_fdlv/videos/PARCOURS_GRIGNOTAGE/Le_grignotage_courte_2.mp4', 157, 23, NULL, NULL, 'Je t\'invite à visionner cette video « Le Grignotage - Conséquences (0:43) » et à y relever le defi santé', 45, '.mp4');
INSERT INTO `stage` VALUES (462, 'Etape 4 : Ton image t\'appartient (0:56)', 4, 50.5800022, 2.9769737, 'Ton image t\'appartient (0:56)', 'https://www.gomydefi.live/fdlv_integ/medias_fdlv/videos/PARCOURS_ECRANS/Ton_image_tappartient.webp', 'https://www.gomydefi.live/fdlv/medias_fdlv/videos/PARCOURS_ECRANS/Ton_image_tappartient.mp4', 157, 38, NULL, NULL, 'Je t\'invite à visionner cette video « Ton image t\'appartient (0:56) » et à y relever le defi santé', 30, '.mp4');
INSERT INTO `stage` VALUES (463, 'Etape 5 : Protoxyde d\'Azote - C\'est quoi ? (0:41)', 5, 50.5795059, 2.977494, 'Protoxyde d\'Azote - C\'est quoi ? (0:41)', 'https://www.gomydefi.live/fdlv_integ/medias_fdlv/videos/PARCOURS_PROTOXYDE_AZOTE/proto_1_un_phenomene.webp', 'https://www.gomydefi.live/fdlv/medias_fdlv/videos/PARCOURS_PROTOXYDE_AZOTE/proto_1_un_phenomene.mp4', 157, 45, NULL, NULL, 'Je t\'invite à visionner cette video « Protoxyde d\'Azote - C\'est quoi ? (0:41) » et à y relever le defi santé', 55, '.mp4');
INSERT INTO `stage` VALUES (464, 'Etape 1 : Protoxyde d\'Azote - C\'est quoi ? (0:41)', 1, 50.5780538, 2.9752524, 'Protoxyde d\'Azote - C\'est quoi ? (0:41)', 'https://www.gomydefi.live/fdlv_integ/medias_fdlv/videos/PARCOURS_PROTOXYDE_AZOTE/proto_1_un_phenomene.webp', 'https://www.gomydefi.live/fdlv/medias_fdlv/videos/PARCOURS_PROTOXYDE_AZOTE/proto_1_un_phenomene.mp4', 158, 45, NULL, NULL, 'Je t\'invite à visionner cette video « Protoxyde d\'Azote - C\'est quoi ? (0:41) » et à y relever le defi santé', 55, '.mp4');
INSERT INTO `stage` VALUES (465, 'Etape 2 : Protoxyde d\'Azote - Les Effets (0:35)', 2, 50.5795059, 2.977494, 'Protoxyde d\'Azote - Les Effets (0:35)', 'https://www.gomydefi.live/fdlv_integ/medias_fdlv/videos/PARCOURS_PROTOXYDE_AZOTE/proto_2_les_effets.webp', 'https://www.gomydefi.live/fdlv/medias_fdlv/videos/PARCOURS_PROTOXYDE_AZOTE/proto_2_les_effets.mp4', 158, 46, NULL, NULL, 'Je t\'invite à visionner cette video « Protoxyde d\'Azote - Les Effets (0:35) » et à y relever le defi santé', 56, '.mp4');
INSERT INTO `stage` VALUES (466, 'Etape 3 : Protoxyde d\'Azote - Les Risques (1:27)', 3, 50.5762018, 2.9754853, 'Protoxyde d\'Azote - Les Risques (1:27)', 'https://www.gomydefi.live/fdlv_integ/medias_fdlv/videos/PARCOURS_PROTOXYDE_AZOTE/proto_3_les_risques.webp', 'https://www.gomydefi.live/fdlv/medias_fdlv/videos/PARCOURS_PROTOXYDE_AZOTE/proto_3_les_risques.mp4', 158, 47, NULL, NULL, 'Je t\'invite à visionner cette video « Protoxyde d\'Azote - Les Risques (1:27) » et à y relever le defi santé', 57, '.mp4');
INSERT INTO `stage` VALUES (467, 'Etape 1 : Les Bienfaits du Sport (1:14)', 1, 50.6318629, 3.1414686, 'Les Bienfaits du Sport (1:14)', 'https://www.gomydefi.live/fdlv_integ/medias_fdlv/videos/PARCOURS_ACTIVITE_PHYSIQUE/Activites_Physique_courte_2.webp', 'https://www.gomydefi.live/fdlv/medias_fdlv/videos/PARCOURS_ACTIVITE_PHYSIQUE/Activites_Physique_courte_2.mp4', 159, 52, NULL, NULL, 'Je t\'invite à visionner cette video « Les Bienfaits du Sport (1:14) » et à y relever le defi santé', 49, '.mp4');
INSERT INTO `stage` VALUES (468, 'Etape 2 : Le Grignotage - Conséquences (0:43)', 2, 50.6321906, 3.1423443, 'Le Grignotage - Conséquences (0:43)', 'https://www.gomydefi.live/fdlv_integ/medias_fdlv/videos/PARCOURS_GRIGNOTAGE/Le_grignotage_courte_2.webp', 'https://www.gomydefi.live/fdlv/medias_fdlv/videos/PARCOURS_GRIGNOTAGE/Le_grignotage_courte_2.mp4', 159, 23, NULL, NULL, 'Je t\'invite à visionner cette video « Le Grignotage - Conséquences (0:43) » et à y relever le defi santé', 45, '.mp4');
INSERT INTO `stage` VALUES (469, 'Etape 3 : Le sucre (1:50)', 3, 50.6326874, 3.1430222, 'Le sucre (1:50)', 'https://www.gomydefi.live/fdlv_integ/medias_fdlv/videos/PARCOURS_NUTRITION/Le_sucre.webp', 'https://www.gomydefi.live/fdlv/medias_fdlv/videos/PARCOURS_NUTRITION/Le_sucre.mp4', 159, 18, NULL, NULL, 'Je t\'invite à visionner cette video « Le sucre (1:50) » et à y relever le defi santé', 13, '.mp4');
INSERT INTO `stage` VALUES (470, 'Etape 4 : Hygiène de Vie - Version Longue (1:36)', 4, 50.6327048, 3.1432392, 'Hygiène de Vie - Version Longue (1:36)', 'https://www.gomydefi.live/fdlv_integ/medias_fdlv/videos/PARCOURS_SANTE_GLOBALE/hygiene_de_vie.webp', 'https://www.gomydefi.live/fdlv/medias_fdlv/videos/PARCOURS_SANTE_GLOBALE/hygiene_de_vie.mp4', 159, 39, NULL, NULL, 'Je t\'invite à visionner cette video « Hygiène de Vie - Version Longue (1:36) » et à y relever le defi santé', 62, '.mp4');
INSERT INTO `stage` VALUES (471, 'Etape 5 : Ton image t\'appartient (0:56)', 5, 50.6323625, 3.1428657, 'Ton image t\'appartient (0:56)', 'https://www.gomydefi.live/fdlv_integ/medias_fdlv/videos/PARCOURS_ECRANS/Ton_image_tappartient.webp', 'https://www.gomydefi.live/fdlv/medias_fdlv/videos/PARCOURS_ECRANS/Ton_image_tappartient.mp4', 159, 38, NULL, NULL, 'Je t\'invite à visionner cette video « Ton image t\'appartient (0:56) » et à y relever le defi santé', 30, '.mp4');
INSERT INTO `stage` VALUES (472, 'Etape 1 : Protoxyde d\'Azote - C\'est quoi ? (0:41)', 1, 50.6364388, 3.063598, 'Protoxyde d\'Azote - C\'est quoi ? (0:41)', 'https://www.gomydefi.live/fdlv_integ/medias_fdlv/videos/PARCOURS_PROTOXYDE_AZOTE/proto_1_un_phenomene.webp', 'https://www.gomydefi.live/fdlv/medias_fdlv/videos/PARCOURS_PROTOXYDE_AZOTE/proto_1_un_phenomene.mp4', 160, 45, NULL, NULL, 'Je t\'invite à visionner cette video « Protoxyde d\'Azote - C\'est quoi ? (0:41) » et à y relever le defi santé', 55, '.mp4');
INSERT INTO `stage` VALUES (473, 'Etape 2 : Protoxyde d\'Azote - Les Effets (0:35)', 2, 50.6370306, 3.0630542, 'Protoxyde d\'Azote - Les Effets (0:35)', 'https://www.gomydefi.live/fdlv_integ/medias_fdlv/videos/PARCOURS_PROTOXYDE_AZOTE/proto_2_les_effets.webp', 'https://www.gomydefi.live/fdlv/medias_fdlv/videos/PARCOURS_PROTOXYDE_AZOTE/proto_2_les_effets.mp4', 160, 46, NULL, NULL, 'Je t\'invite à visionner cette video « Protoxyde d\'Azote - Les Effets (0:35) » et à y relever le defi santé', 56, '.mp4');
INSERT INTO `stage` VALUES (474, 'Etape 3 : Protoxyde d\'Azote - Les Risques (1:27)', 3, 50.6368239, 3.0636671, 'Protoxyde d\'Azote - Les Risques (1:27)', 'https://www.gomydefi.live/fdlv_integ/medias_fdlv/videos/PARCOURS_PROTOXYDE_AZOTE/proto_3_les_risques.webp', 'https://www.gomydefi.live/fdlv/medias_fdlv/videos/PARCOURS_PROTOXYDE_AZOTE/proto_3_les_risques.mp4', 160, 47, NULL, NULL, 'Je t\'invite à visionner cette video « Protoxyde d\'Azote - Les Risques (1:27) » et à y relever le defi santé', 57, '.mp4');
INSERT INTO `stage` VALUES (475, 'Etape 1 : Protoxyde d\'Azote - C\'est quoi ? (0:41)', 1, 50.6356, 3.06311, 'Protoxyde d\'Azote - C\'est quoi ? (0:41)', 'https://www.gomydefi.live/fdlv_integ/medias_fdlv/videos/PARCOURS_PROTOXYDE_AZOTE/proto_1_un_phenomene.webp', 'https://www.gomydefi.live/fdlv/medias_fdlv/videos/PARCOURS_PROTOXYDE_AZOTE/proto_1_un_phenomene.mp4', 161, 45, NULL, NULL, 'Je t\'invite à visionner cette video « Protoxyde d\'Azote - C\'est quoi ? (0:41) » et à y relever le defi santé', 55, '.mp4');
INSERT INTO `stage` VALUES (476, 'Etape 2 : Protoxyde d\'Azote - Les Effets (0:35)', 2, 50.63672, 3.06199, 'Protoxyde d\'Azote - Les Effets (0:35)', 'https://www.gomydefi.live/fdlv_integ/medias_fdlv/videos/PARCOURS_PROTOXYDE_AZOTE/proto_2_les_effets.webp', 'https://www.gomydefi.live/fdlv/medias_fdlv/videos/PARCOURS_PROTOXYDE_AZOTE/proto_2_les_effets.mp4', 161, 46, NULL, NULL, 'Je t\'invite à visionner cette video « Protoxyde d\'Azote - Les Effets (0:35) » et à y relever le defi santé', 56, '.mp4');
INSERT INTO `stage` VALUES (477, 'Etape 3 : Protoxyde d\'Azote - Les Risques (1:27)', 3, 50.63474, 3.06103, 'Protoxyde d\'Azote - Les Risques (1:27)', 'https://www.gomydefi.live/fdlv_integ/medias_fdlv/videos/PARCOURS_PROTOXYDE_AZOTE/proto_3_les_risques.webp', 'https://www.gomydefi.live/fdlv/medias_fdlv/videos/PARCOURS_PROTOXYDE_AZOTE/proto_3_les_risques.mp4', 161, 47, 209, 'Si on me propose du proto, je refuse car je connais les risques.', 'Je t\'invite à visionner cette video « Protoxyde d\'Azote - Les Risques (1:27) » et à y relever le defi santé', 57, '.mp4');
INSERT INTO `stage` VALUES (478, 'Etape 1 : Protoxyde d\'Azote - C\'est quoi ? (0:41)', 1, 50.6371992, 3.0656124, 'Protoxyde d\'Azote - C\'est quoi ? (0:41)', 'https://www.gomydefi.live/fdlv_integ/medias_fdlv/videos/PARCOURS_PROTOXYDE_AZOTE/proto_1_un_phenomene.webp', 'https://www.gomydefi.live/fdlv/medias_fdlv/videos/PARCOURS_PROTOXYDE_AZOTE/proto_1_un_phenomene.mp4', 162, 45, NULL, NULL, 'Je t\'invite à visionner cette video « Protoxyde d\'Azote - C\'est quoi ? (0:41) » et à y relever le defi santé', 55, '.mp4');
INSERT INTO `stage` VALUES (479, 'Etape 2 : Protoxyde d\'Azote - Les Effets (0:35)', 2, 50.6369928, 3.0657022, 'Protoxyde d\'Azote - Les Effets (0:35)', 'https://www.gomydefi.live/fdlv_integ/medias_fdlv/videos/PARCOURS_PROTOXYDE_AZOTE/proto_2_les_effets.webp', 'https://www.gomydefi.live/fdlv/medias_fdlv/videos/PARCOURS_PROTOXYDE_AZOTE/proto_2_les_effets.mp4', 162, 46, NULL, NULL, 'Je t\'invite à visionner cette video « Protoxyde d\'Azote - Les Effets (0:35) » et à y relever le defi santé', 56, '.mp4');
INSERT INTO `stage` VALUES (480, 'Etape 3 : Protoxyde d\'Azote - Les Risques (1:27)', 3, 50.6373955, 3.0647437, 'Protoxyde d\'Azote - Les Risques (1:27)', 'https://www.gomydefi.live/fdlv_integ/medias_fdlv/videos/PARCOURS_PROTOXYDE_AZOTE/proto_3_les_risques.webp', 'https://www.gomydefi.live/fdlv/medias_fdlv/videos/PARCOURS_PROTOXYDE_AZOTE/proto_3_les_risques.mp4', 162, 47, 210, 'Si on me propose du proto,  je refuse car je connais les risques ! ', 'Je t\'invite à visionner cette video « Protoxyde d\'Azote - Les Risques (1:27) » et à y relever le defi santé', 57, '.mp4');
INSERT INTO `stage` VALUES (481, 'Etape 1 : Etre plus actif ! (1:17)', 1, 50.545371, 3.0251, 'Etre plus actif ! (1:17)', 'https://www.gomydefi.live/fdlv_integ/medias_fdlv/videos/PARCOURS_ACTIVITE_PHYSIQUE/Etre_plus_actif.webp', 'https://www.gomydefi.live/fdlv/medias_fdlv/videos/PARCOURS_ACTIVITE_PHYSIQUE/Etre_plus_actif.mp4', 163, 60, NULL, NULL, 'Je t\'invite à visionner cette video « Etre plus actif ! (1:17) » et à y relever le defi santé', 67, '.mp4');
INSERT INTO `stage` VALUES (482, 'Etape 2 : 5 Fruits et Légumes par jour (2:49)', 2, 50.54586, 3.024582, '5 Fruits et Légumes par jour (2:49)', 'https://www.gomydefi.live/fdlv_integ/medias_fdlv/videos/PARCOURS_NUTRITION/5_fruits_et_legumes_longue.webp', 'https://www.gomydefi.live/fdlv/medias_fdlv/videos/PARCOURS_NUTRITION/5_fruits_et_legumes_longue.mp4', 163, 19, NULL, NULL, 'Je t\'invite à visionner cette video « 5 Fruits et Légumes par jour (2:49) » et à y relever le defi santé', 53, '.mp4');
INSERT INTO `stage` VALUES (483, 'Etape 3 : Hygiène de Vie - Version Longue (1:36)', 3, 50.546048, 3.023643, 'Hygiène de Vie - Version Longue (1:36)', 'https://www.gomydefi.live/fdlv_integ/medias_fdlv/videos/PARCOURS_SANTE_GLOBALE/hygiene_de_vie.webp', 'https://www.gomydefi.live/fdlv/medias_fdlv/videos/PARCOURS_SANTE_GLOBALE/hygiene_de_vie.mp4', 163, 39, NULL, NULL, 'Je t\'invite à visionner cette video « Hygiène de Vie - Version Longue (1:36) » et à y relever le defi santé', 62, '.mp4');
INSERT INTO `stage` VALUES (484, 'Etape 4 : La brûlure (1:48)', 4, 50.546452, 3.023474, 'La brûlure (1:48)', 'https://www.gomydefi.live/fdlv_integ/medias_fdlv/videos/PARCOURS_SECOURISME/GMD_SEC_brulure.jpg', 'https://www.gomydefi.live/fdlv/medias_fdlv/videos/PARCOURS_SECOURISME/GMD_SEC_brulure.mp4', 163, 2, NULL, NULL, 'Je t\'invite à visionner cette video « La brûlure (1:48) » et à y relever le defi santé', 2, '.mp4');
INSERT INTO `stage` VALUES (485, 'Etape 5 : Le Smombie (1:16)', 5, 50.547144, 3.022021, 'Le Smombie (1:16)', 'https://www.gomydefi.live/fdlv_integ/medias_fdlv/videos/PARCOURS_ECRANS/Le_smombie.webp', 'https://www.gomydefi.live/fdlv/medias_fdlv/videos/PARCOURS_ECRANS/Le_smombie.mp4', 163, 36, NULL, NULL, 'Je t\'invite à visionner cette video « Le Smombie (1:16) » et à y relever le defi santé', 41, '.mp4');
INSERT INTO `stage` VALUES (486, 'Etape 1 : Les Bienfaits du Sport (1:14)', 1, 50.601901, 3.021382, 'Les Bienfaits du Sport (1:14)', 'https://www.gomydefi.live/fdlv_integ/medias_fdlv/videos/PARCOURS_ACTIVITE_PHYSIQUE/Activites_Physique_courte_2.webp', 'https://www.gomydefi.live/fdlv/medias_fdlv/videos/PARCOURS_ACTIVITE_PHYSIQUE/Activites_Physique_courte_2.mp4', 164, 52, NULL, NULL, 'Je t\'invite à visionner cette video « Les Bienfaits du Sport (1:14) » et à y relever le defi santé', 49, '.mp4');
INSERT INTO `stage` VALUES (487, 'Etape 2 : 5 Fruits et Légumes - Pourquoi (0:49)', 2, 50.601663, 3.021608, '5 Fruits et Légumes - Pourquoi (0:49)', 'https://www.gomydefi.live/fdlv_integ/medias_fdlv/videos/PARCOURS_5_FRUITS_LEGUMES/5_fruits_et_legumes_courte_2.webp', 'https://www.gomydefi.live/fdlv/medias_fdlv/videos/PARCOURS_5_FRUITS_LEGUMES/5_fruits_et_legumes_courte_2.mp4', 164, 20, NULL, NULL, 'Je t\'invite à visionner cette video « 5 Fruits et Légumes - Pourquoi (0:49) » et à y relever le defi santé', 47, '.mp4');
INSERT INTO `stage` VALUES (488, 'Etape 3 : Protoxyde d\'Azote - Les Effets (0:35)', 3, 50.602051, 3.021093, 'Protoxyde d\'Azote - Les Effets (0:35)', 'https://www.gomydefi.live/fdlv_integ/medias_fdlv/videos/PARCOURS_PROTOXYDE_AZOTE/proto_2_les_effets.webp', 'https://www.gomydefi.live/fdlv/medias_fdlv/videos/PARCOURS_PROTOXYDE_AZOTE/proto_2_les_effets.mp4', 164, 46, NULL, NULL, 'Je t\'invite à visionner cette video « Protoxyde d\'Azote - Les Effets (0:35) » et à y relever le defi santé', 56, '.mp4');
INSERT INTO `stage` VALUES (489, 'Etape 4 : Le Grignotage - Conséquences (0:43)', 4, 50.602385, 3.020299, 'Le Grignotage - Conséquences (0:43)', 'https://www.gomydefi.live/fdlv_integ/medias_fdlv/videos/PARCOURS_GRIGNOTAGE/Le_grignotage_courte_2.webp', 'https://www.gomydefi.live/fdlv/medias_fdlv/videos/PARCOURS_GRIGNOTAGE/Le_grignotage_courte_2.mp4', 164, 23, NULL, NULL, 'Je t\'invite à visionner cette video « Le Grignotage - Conséquences (0:43) » et à y relever le defi santé', 45, '.mp4');
INSERT INTO `stage` VALUES (490, 'Etape 5 : Le Cannabis (2:02)', 5, 50.602446, 3.019666, 'Le Cannabis (2:02)', 'https://www.gomydefi.live/fdlv_integ/medias_fdlv/videos/PARCOURS_PRODUITS/Cannabis.webp', 'https://www.gomydefi.live/fdlv/medias_fdlv/videos/PARCOURS_PRODUITS/Cannabis.mp4', 164, 26, NULL, NULL, 'Je t\'invite à visionner cette video « Le Cannabis (2:02) » et à y relever le defi santé', 50, '.mp4');
INSERT INTO `stage` VALUES (491, 'Etape 1 : Intro premier secours (1:04)', 1, 50.4330248, 3.3848643, 'Intro premier secours (1:04)', 'https://www.gomydefi.live/fdlv_integ/medias_fdlv/videos/PARCOURS_SECOURISME/GMD_SEC_premier_secours.webp', 'https://www.gomydefi.live/fdlv/medias_fdlv/videos/PARCOURS_SECOURISME/GMD_SEC_premier_secours.mp4', 165, 1, NULL, NULL, 'Je t\'invite à visionner cette video « Intro premier secours (1:04) » et à y relever le defi santé', 1, '.mp4');
INSERT INTO `stage` VALUES (492, 'Etape 2 : La brûlure (1:48)', 2, 50.433903, 3.3845337, 'La brûlure (1:48)', 'https://www.gomydefi.live/fdlv_integ/medias_fdlv/videos/PARCOURS_SECOURISME/GMD_SEC_brulure.jpg', 'https://www.gomydefi.live/fdlv/medias_fdlv/videos/PARCOURS_SECOURISME/GMD_SEC_brulure.mp4', 165, 2, NULL, NULL, 'Je t\'invite à visionner cette video « La brûlure (1:48) » et à y relever le defi santé', 2, '.mp4');
INSERT INTO `stage` VALUES (493, 'Etape 3 : L\'étouffement (2:02)', 3, 50.434533, 3.3875874, 'L\'étouffement (2:02)', 'https://www.gomydefi.live/fdlv_integ/medias_fdlv/videos/PARCOURS_SECOURISME/GMD_SEC_etouffement.jpg', 'https://www.gomydefi.live/fdlv/medias_fdlv/videos/PARCOURS_SECOURISME/GMD_SEC_etouffement.mp4', 165, 3, NULL, NULL, 'Je t\'invite à visionner cette video « L\'étouffement (2:02) » et à y relever le defi santé', 3, '.mp4');
INSERT INTO `stage` VALUES (494, 'Etape 4 : Hémorragie (2:33)', 4, 50.4354275, 3.3911169, 'Hémorragie (2:33)', 'https://www.gomydefi.live/fdlv_integ/medias_fdlv/videos/PARCOURS_SECOURISME/GMD_SEC_hemorragie.jpg', 'https://www.gomydefi.live/fdlv/medias_fdlv/videos/PARCOURS_SECOURISME/GMD_SEC_hemorragie.mp4', 165, 4, NULL, NULL, 'Je t\'invite à visionner cette video « Hémorragie (2:33) » et à y relever le defi santé', 4, '.mp4');
INSERT INTO `stage` VALUES (495, 'Etape 5 : Massage Cardiaque (3:43)', 5, 50.4360368, 3.389998, 'Massage Cardiaque (3:43)', 'https://www.gomydefi.live/fdlv_integ/medias_fdlv/videos/PARCOURS_SECOURISME/GMD_SEC_massage-cardiaque.jpg', 'https://www.gomydefi.live/fdlv/medias_fdlv/videos/PARCOURS_SECOURISME/GMD_SEC_massage-cardiaque.mp4', 165, 5, NULL, NULL, 'Je t\'invite à visionner cette video « Massage Cardiaque (3:43) » et à y relever le defi santé', 5, '.mp4');
INSERT INTO `stage` VALUES (501, 'Etape 1 : Protoxyde d\'Azote - C\'est quoi ? (0:41)', 1, 50.6052791, 3.0423218, 'Protoxyde d\'Azote - C\'est quoi ? (0:41)', 'https://www.gomydefi.live/fdlv_integ/medias_fdlv/videos/PARCOURS_PROTOXYDE_AZOTE/proto_1_un_phenomene.webp', 'https://www.gomydefi.live/fdlv/medias_fdlv/videos/PARCOURS_PROTOXYDE_AZOTE/proto_1_un_phenomene.mp4', 167, 45, NULL, NULL, 'Je t\'invite à visionner cette video « Protoxyde d\'Azote - C\'est quoi ? (0:41) » et à y relever le defi santé', 55, '.mp4');
INSERT INTO `stage` VALUES (502, 'Etape 2 : Protoxyde d\'Azote - Les Effets (0:35)', 2, 50.6056386, 3.0428206, 'Protoxyde d\'Azote - Les Effets (0:35)', 'https://www.gomydefi.live/fdlv_integ/medias_fdlv/videos/PARCOURS_PROTOXYDE_AZOTE/proto_2_les_effets.webp', 'https://www.gomydefi.live/fdlv/medias_fdlv/videos/PARCOURS_PROTOXYDE_AZOTE/proto_2_les_effets.mp4', 167, 46, NULL, NULL, 'Je t\'invite à visionner cette video « Protoxyde d\'Azote - Les Effets (0:35) » et à y relever le defi santé', 56, '.mp4');
INSERT INTO `stage` VALUES (503, 'Etape 3 : Protoxyde d\'Azote - Les Risques (1:27)', 3, 50.6065866, 3.0431413, 'Protoxyde d\'Azote - Les Risques (1:27)', 'https://www.gomydefi.live/fdlv_integ/medias_fdlv/videos/PARCOURS_PROTOXYDE_AZOTE/proto_3_les_risques.webp', 'https://www.gomydefi.live/fdlv/medias_fdlv/videos/PARCOURS_PROTOXYDE_AZOTE/proto_3_les_risques.mp4', 167, 47, NULL, NULL, 'Je t\'invite à visionner cette video « Protoxyde d\'Azote - Les Risques (1:27) » et à y relever le defi santé', 57, '.mp4');
INSERT INTO `stage` VALUES (504, 'Etape 1 : Protoxyde d\'Azote - C\'est quoi ? (0:41)', 1, 50.6364388, 3.063598, 'Protoxyde d\'Azote - C\'est quoi ? (0:41)', 'https://www.gomydefi.live/fdlv_integ/medias_fdlv/videos/PARCOURS_PROTOXYDE_AZOTE/proto_1_un_phenomene.webp', 'https://www.gomydefi.live/fdlv/medias_fdlv/videos/PARCOURS_PROTOXYDE_AZOTE/proto_1_un_phenomene.mp4', 168, 45, NULL, NULL, 'Je t\'invite à visionner cette video « Protoxyde d\'Azote - C\'est quoi ? (0:41) » et à y relever le defi santé', 55, '.mp4');
INSERT INTO `stage` VALUES (505, 'Etape 2 : Protoxyde d\'Azote - Les Effets (0:35)', 2, 50.6370306, 3.0630542, 'Protoxyde d\'Azote - Les Effets (0:35)', 'https://www.gomydefi.live/fdlv_integ/medias_fdlv/videos/PARCOURS_PROTOXYDE_AZOTE/proto_2_les_effets.webp', 'https://www.gomydefi.live/fdlv/medias_fdlv/videos/PARCOURS_PROTOXYDE_AZOTE/proto_2_les_effets.mp4', 168, 46, NULL, NULL, 'Je t\'invite à visionner cette video « Protoxyde d\'Azote - Les Effets (0:35) » et à y relever le defi santé', 56, '.mp4');
INSERT INTO `stage` VALUES (506, 'Etape 3 : Protoxyde d\'Azote - Les Risques (1:27)', 3, 50.6368239, 3.0636671, 'Protoxyde d\'Azote - Les Risques (1:27)', 'https://www.gomydefi.live/fdlv_integ/medias_fdlv/videos/PARCOURS_PROTOXYDE_AZOTE/proto_3_les_risques.webp', 'https://www.gomydefi.live/fdlv/medias_fdlv/videos/PARCOURS_PROTOXYDE_AZOTE/proto_3_les_risques.mp4', 168, 47, 211, 'Je relève le défi que si on me propose du proto, je refuse.', 'Je t\'invite à visionner cette video « Protoxyde d\'Azote - Les Risques (1:27) » et à y relever le defi santé', 57, '.mp4');
INSERT INTO `stage` VALUES (507, 'Etape 1 : Protoxyde d\'Azote - C\'est quoi ? (0:41)', 1, 50.6375246, 3.0719447, 'Protoxyde d\'Azote - C\'est quoi ? (0:41)', 'https://www.gomydefi.live/fdlv_integ/medias_fdlv/videos/PARCOURS_PROTOXYDE_AZOTE/proto_1_un_phenomene.webp', 'https://www.gomydefi.live/fdlv/medias_fdlv/videos/PARCOURS_PROTOXYDE_AZOTE/proto_1_un_phenomene.mp4', 169, 45, NULL, NULL, 'Je t\'invite à visionner cette video « Protoxyde d\'Azote - C\'est quoi ? (0:41) » et à y relever le defi santé', 55, '.mp4');
INSERT INTO `stage` VALUES (508, 'Etape 2 : Protoxyde d\'Azote - Les Effets (0:35)', 2, 50.6373779, 3.0710348, 'Protoxyde d\'Azote - Les Effets (0:35)', 'https://www.gomydefi.live/fdlv_integ/medias_fdlv/videos/PARCOURS_PROTOXYDE_AZOTE/proto_2_les_effets.webp', 'https://www.gomydefi.live/fdlv/medias_fdlv/videos/PARCOURS_PROTOXYDE_AZOTE/proto_2_les_effets.mp4', 169, 46, NULL, NULL, 'Je t\'invite à visionner cette video « Protoxyde d\'Azote - Les Effets (0:35) » et à y relever le defi santé', 56, '.mp4');
INSERT INTO `stage` VALUES (509, 'Etape 3 : Protoxyde d\'Azote - Les Risques (1:27)', 3, 50.6378225, 3.0720899, 'Protoxyde d\'Azote - Les Risques (1:27)', 'https://www.gomydefi.live/fdlv_integ/medias_fdlv/videos/PARCOURS_PROTOXYDE_AZOTE/proto_3_les_risques.webp', 'https://www.gomydefi.live/fdlv/medias_fdlv/videos/PARCOURS_PROTOXYDE_AZOTE/proto_3_les_risques.mp4', 169, 47, 212, 'Je relève le défi de refuser de prendre du proto si on m\'en propose.', 'Je t\'invite à visionner cette video « Protoxyde d\'Azote - Les Risques (1:27) » et à y relever le defi santé', 57, '.mp4');
INSERT INTO `stage` VALUES (510, 'Etape 1 : Protoxyde d\'Azote - C\'est quoi ? (0:41)', 1, 50.6053547, 3.0421588, 'Protoxyde d\'Azote - C\'est quoi ? (0:41)', 'https://www.gomydefi.live/fdlv_integ/medias_fdlv/videos/PARCOURS_PROTOXYDE_AZOTE/proto_1_un_phenomene.webp', 'https://www.gomydefi.live/fdlv/medias_fdlv/videos/PARCOURS_PROTOXYDE_AZOTE/proto_1_un_phenomene.mp4', 170, 45, NULL, NULL, 'Je t\'invite à visionner cette video « Protoxyde d\'Azote - C\'est quoi ? (0:41) » et à y relever le defi santé', 55, '.mp4');
INSERT INTO `stage` VALUES (511, 'Etape 2 : Protoxyde d\'Azote - Les Effets (0:35)', 2, 50.6056907, 3.0428904, 'Protoxyde d\'Azote - Les Effets (0:35)', 'https://www.gomydefi.live/fdlv_integ/medias_fdlv/videos/PARCOURS_PROTOXYDE_AZOTE/proto_2_les_effets.webp', 'https://www.gomydefi.live/fdlv/medias_fdlv/videos/PARCOURS_PROTOXYDE_AZOTE/proto_2_les_effets.mp4', 170, 46, NULL, NULL, 'Je t\'invite à visionner cette video « Protoxyde d\'Azote - Les Effets (0:35) » et à y relever le defi santé', 56, '.mp4');
INSERT INTO `stage` VALUES (512, 'Etape 3 : Protoxyde d\'Azote - Les Risques (1:27)', 3, 50.6072625, 3.0424609, 'Protoxyde d\'Azote - Les Risques (1:27)', 'https://www.gomydefi.live/fdlv_integ/medias_fdlv/videos/PARCOURS_PROTOXYDE_AZOTE/proto_3_les_risques.webp', 'https://www.gomydefi.live/fdlv/medias_fdlv/videos/PARCOURS_PROTOXYDE_AZOTE/proto_3_les_risques.mp4', 170, 47, 213, 'Je relève le défi de ne pas prendre de proto. J\'en connais les risques.', 'Je t\'invite à visionner cette video « Protoxyde d\'Azote - Les Risques (1:27) » et à y relever le defi santé', 57, '.mp4');
INSERT INTO `stage` VALUES (513, 'Etape 1 : Protoxyde d\'Azote - C\'est quoi ? (0:41)', 1, 50.6153267, 3.0480891, 'Protoxyde d\'Azote - C\'est quoi ? (0:41)', 'https://www.gomydefi.live/fdlv_integ/medias_fdlv/videos/PARCOURS_PROTOXYDE_AZOTE/proto_1_un_phenomene.webp', 'https://www.gomydefi.live/fdlv/medias_fdlv/videos/PARCOURS_PROTOXYDE_AZOTE/proto_1_un_phenomene.mp4', 171, 45, NULL, NULL, 'Je t\'invite à visionner cette video « Protoxyde d\'Azote - C\'est quoi ? (0:41) » et à y relever le defi santé', 55, '.mp4');
INSERT INTO `stage` VALUES (514, 'Etape 2 : Protoxyde d\'Azote - Les Effets (0:35)', 2, 50.6157105, 3.048242, 'Protoxyde d\'Azote - Les Effets (0:35)', 'https://www.gomydefi.live/fdlv_integ/medias_fdlv/videos/PARCOURS_PROTOXYDE_AZOTE/proto_2_les_effets.webp', 'https://www.gomydefi.live/fdlv/medias_fdlv/videos/PARCOURS_PROTOXYDE_AZOTE/proto_2_les_effets.mp4', 171, 46, NULL, NULL, 'Je t\'invite à visionner cette video « Protoxyde d\'Azote - Les Effets (0:35) » et à y relever le defi santé', 56, '.mp4');
INSERT INTO `stage` VALUES (515, 'Etape 3 : Protoxyde d\'Azote - Les Risques (1:27)', 3, 50.6161679, 3.0481592, 'Protoxyde d\'Azote - Les Risques (1:27)', 'https://www.gomydefi.live/fdlv_integ/medias_fdlv/videos/PARCOURS_PROTOXYDE_AZOTE/proto_3_les_risques.webp', 'https://www.gomydefi.live/fdlv/medias_fdlv/videos/PARCOURS_PROTOXYDE_AZOTE/proto_3_les_risques.mp4', 171, 47, 214, 'Je relève le défi de ne pas en prendre. J\'en connais les risques.', 'Je t\'invite à visionner cette video « Protoxyde d\'Azote - Les Risques (1:27) » et à y relever le defi santé', 57, '.mp4');
INSERT INTO `stage` VALUES (516, 'Etape 1 : Ecouter les Bruits (1:23)', 1, 49.5246825, 1.251328, 'Ecouter les Bruits (1:23)', 'https://www.gomydefi.live/fdlv_integ/medias_fdlv/videos/PARCOURS_NATURE/Ecouter_les_bruits.webp', 'https://www.gomydefi.live/fdlv/medias_fdlv/videos/PARCOURS_NATURE/Ecouter_les_bruits.mp4', 172, 30, NULL, NULL, 'Je t\'invite à visionner cette video « Ecouter les Bruits (1:23) » et à y relever le defi santé', 32, '.mp4');
INSERT INTO `stage` VALUES (517, 'Etape 2 : Défi Mémoire (1:20)', 2, 49.5301155, 1.2663255, 'Défi Mémoire (1:20)', 'https://www.gomydefi.live/fdlv_integ/medias_fdlv/videos/PARCOURS_NATURE/Defi_memoire.webp', 'https://www.gomydefi.live/fdlv/medias_fdlv/videos/PARCOURS_NATURE/Defi_memoire.mp4', 172, 34, NULL, NULL, 'Je t\'invite à visionner cette video « Défi Mémoire (1:20) » et à y relever le defi santé', 34, '.mp4');
INSERT INTO `stage` VALUES (518, 'Etape 3 : Défi Odeurs (1:20)', 3, 49.5263535, 1.258586, 'Défi Odeurs (1:20)', 'https://www.gomydefi.live/fdlv_integ/medias_fdlv/videos/PARCOURS_NATURE/Defi_odeurs.webp', 'https://www.gomydefi.live/fdlv/medias_fdlv/videos/PARCOURS_NATURE/Defi_odeurs.mp4', 172, 33, NULL, NULL, 'Je t\'invite à visionner cette video « Défi Odeurs (1:20) » et à y relever le defi santé', 35, '.mp4');
INSERT INTO `stage` VALUES (519, 'Etape 4 : Respiration (2:12)', 4, 49.5276601, 1.2537761, 'Respiration (2:12)', 'https://www.gomydefi.live/fdlv_integ/medias_fdlv/videos/PARCOURS_NATURE/Defi_respiration.webp', 'https://www.gomydefi.live/fdlv/medias_fdlv/videos/PARCOURS_NATURE/Defi_respiration.mp4', 172, 29, NULL, NULL, 'Je t\'invite à visionner cette video « Respiration (2:12) » et à y relever le defi santé', 37, '.mp4');
INSERT INTO `stage` VALUES (520, 'Etape 5 : Prendre Conscience (2:32)', 5, 49.5303938, 1.258361, 'Prendre Conscience (2:32)', 'https://www.gomydefi.live/fdlv_integ/medias_fdlv/videos/PARCOURS_NATURE/Prendre_conscience.webp', 'https://www.gomydefi.live/fdlv/medias_fdlv/videos/PARCOURS_NATURE/Prendre_conscience.mp4', 172, 31, NULL, NULL, 'Je t\'invite à visionner cette video « Prendre Conscience (2:32) » et à y relever le defi santé', 42, '.mp4');
INSERT INTO `stage` VALUES (521, 'Etape 1 : Les Bienfaits du Sport (1:14)', 1, 50.608689, 3.0153823, 'Les Bienfaits du Sport (1:14)', 'https://www.gomydefi.live/fdlv_integ/medias_fdlv/videos/PARCOURS_ACTIVITE_PHYSIQUE/Activites_Physique_courte_2.webp', 'https://www.gomydefi.live/fdlv/medias_fdlv/videos/PARCOURS_ACTIVITE_PHYSIQUE/Activites_Physique_courte_2.mp4', 173, 52, NULL, '', 'Je t\'invite à visionner cette video « Les Bienfaits du Sport (1:14) » et à y relever le defi santé', 49, '.mp4');
INSERT INTO `stage` VALUES (522, 'Etape 2 : L\'activité physique (1:23)', 2, 50.6088296, 3.0154255, 'L\'activité physique (1:23)', 'https://www.gomydefi.live/fdlv_integ/medias_fdlv/videos/PARCOURS_ACTIVITE_PHYSIQUE/Activites_Physique_courte_1.webp', 'https://www.gomydefi.live/fdlv/medias_fdlv/videos/PARCOURS_ACTIVITE_PHYSIQUE/Activites_Physique_courte_1.mp4', 173, 40, NULL, NULL, 'Je t\'invite à visionner cette video « L\'activité physique (1:23) » et à y relever le defi santé', 12, '.mp4');
INSERT INTO `stage` VALUES (523, 'Etape 3 : La Chicha (2:20)', 3, 50.6087775, 3.0159348, 'La Chicha (2:20)', 'https://www.gomydefi.live/fdlv_integ/medias_fdlv/videos/PARCOURS_PRODUITS/Chicha.webp', 'https://www.gomydefi.live/fdlv/medias_fdlv/videos/PARCOURS_PRODUITS/Chicha.mp4', 173, 25, NULL, NULL, 'Je t\'invite à visionner cette video « La Chicha (2:20) » et à y relever le defi santé', 51, '.mp4');
INSERT INTO `stage` VALUES (524, 'Etape 4 : Le Cannabis (2:02)', 4, 50.6091626, 3.015737, 'Le Cannabis (2:02)', 'https://www.gomydefi.live/fdlv_integ/medias_fdlv/videos/PARCOURS_PRODUITS/Cannabis.webp', 'https://www.gomydefi.live/fdlv/medias_fdlv/videos/PARCOURS_PRODUITS/Cannabis.mp4', 173, 26, NULL, NULL, 'Je t\'invite à visionner cette video « Le Cannabis (2:02) » et à y relever le defi santé', 50, '.mp4');
INSERT INTO `stage` VALUES (525, 'Etape 5 : Les enfants et les écrans (1:52)', 5, 50.6094549, 3.0162403, 'Les enfants et les écrans (1:52)', 'https://www.gomydefi.live/fdlv_integ/medias_fdlv/videos/PARCOURS_ECRANS/Enfants_moins_3ans_et_ecrans.webp', 'https://www.gomydefi.live/fdlv/medias_fdlv/videos/PARCOURS_ECRANS/Enfants_moins_3ans_et_ecrans.mp4', 173, 37, NULL, NULL, 'Je t\'invite à visionner cette video « Les enfants et les écrans (1:52) » et à y relever le defi santé', 29, '.mp4');
INSERT INTO `stage` VALUES (526, 'Etape 1 : 5 Fruits et Légumes - Pourquoi (0:49)', 1, 50.6083485, 3.0408663, '5 Fruits et Légumes - Pourquoi (0:49)', 'https://www.gomydefi.live/fdlv_integ/medias_fdlv/videos/PARCOURS_5_FRUITS_LEGUMES/5_fruits_et_legumes_courte_2.webp', 'https://www.gomydefi.live/fdlv/medias_fdlv/videos/PARCOURS_5_FRUITS_LEGUMES/5_fruits_et_legumes_courte_2.mp4', 174, 20, NULL, NULL, 'Je t\'invite à visionner cette video « 5 Fruits et Légumes - Pourquoi (0:49) » et à y relever le defi santé', 47, '.mp4');
INSERT INTO `stage` VALUES (527, 'Etape 2 : Hygiène de Vie - Version Longue (1:36)', 2, 50.6074953, 3.0414916, 'Hygiène de Vie - Version Longue (1:36)', 'https://www.gomydefi.live/fdlv_integ/medias_fdlv/videos/PARCOURS_SANTE_GLOBALE/hygiene_de_vie.webp', 'https://www.gomydefi.live/fdlv/medias_fdlv/videos/PARCOURS_SANTE_GLOBALE/hygiene_de_vie.mp4', 174, 39, NULL, NULL, 'Je t\'invite à visionner cette video « Hygiène de Vie - Version Longue (1:36) » et à y relever le defi santé', 62, '.mp4');
INSERT INTO `stage` VALUES (528, 'Etape 3 : Le Grignotage - Conséquences (0:43)', 3, 50.6072781, 3.0391115, 'Le Grignotage - Conséquences (0:43)', 'https://www.gomydefi.live/fdlv_integ/medias_fdlv/videos/PARCOURS_GRIGNOTAGE/Le_grignotage_courte_2.webp', 'https://www.gomydefi.live/fdlv/medias_fdlv/videos/PARCOURS_GRIGNOTAGE/Le_grignotage_courte_2.mp4', 174, 23, NULL, NULL, 'Je t\'invite à visionner cette video « Le Grignotage - Conséquences (0:43) » et à y relever le defi santé', 45, '.mp4');
INSERT INTO `stage` VALUES (529, 'Etape 4 : Les Bienfaits du Sport (1:14)', 4, 50.6078574, 3.0391239, 'Les Bienfaits du Sport (1:14)', 'https://www.gomydefi.live/fdlv_integ/medias_fdlv/videos/PARCOURS_ACTIVITE_PHYSIQUE/Activites_Physique_courte_2.webp', 'https://www.gomydefi.live/fdlv/medias_fdlv/videos/PARCOURS_ACTIVITE_PHYSIQUE/Activites_Physique_courte_2.mp4', 174, 52, NULL, NULL, 'Je t\'invite à visionner cette video « Les Bienfaits du Sport (1:14) » et à y relever le defi santé', 49, '.mp4');
INSERT INTO `stage` VALUES (530, 'Etape 5 : Les enfants et les écrans (1:52)', 5, 50.6088811, 3.0431686, 'Les enfants et les écrans (1:52)', 'https://www.gomydefi.live/fdlv_integ/medias_fdlv/videos/PARCOURS_ECRANS/Enfants_moins_3ans_et_ecrans.webp', 'https://www.gomydefi.live/fdlv/medias_fdlv/videos/PARCOURS_ECRANS/Enfants_moins_3ans_et_ecrans.mp4', 174, 37, NULL, NULL, 'Je t\'invite à visionner cette video « Les enfants et les écrans (1:52) » et à y relever le defi santé', 29, '.mp4');
INSERT INTO `stage` VALUES (531, 'Etape 1 : Protoxyde d\'Azote - C\'est quoi ? (0:41)', 1, 50.6093671, 3.016709, 'Protoxyde d\'Azote - C\'est quoi ? (0:41)', 'https://www.gomydefi.live/fdlv_integ/medias_fdlv/videos/PARCOURS_PROTOXYDE_AZOTE/proto_1_un_phenomene.webp', 'https://www.gomydefi.live/fdlv/medias_fdlv/videos/PARCOURS_PROTOXYDE_AZOTE/proto_1_un_phenomene.mp4', 175, 45, NULL, NULL, 'Je t\'invite à visionner cette video « Protoxyde d\'Azote - C\'est quoi ? (0:41) » et à y relever le defi santé', 55, '.mp4');
INSERT INTO `stage` VALUES (532, 'Etape 2 : Protoxyde d\'Azote - Les Effets (0:35)', 2, 50.6090205, 3.0166, 'Protoxyde d\'Azote - Les Effets (0:35)', 'https://www.gomydefi.live/fdlv_integ/medias_fdlv/videos/PARCOURS_PROTOXYDE_AZOTE/proto_2_les_effets.webp', 'https://www.gomydefi.live/fdlv/medias_fdlv/videos/PARCOURS_PROTOXYDE_AZOTE/proto_2_les_effets.mp4', 175, 46, NULL, NULL, 'Je t\'invite à visionner cette video « Protoxyde d\'Azote - Les Effets (0:35) » et à y relever le defi santé', 56, '.mp4');
INSERT INTO `stage` VALUES (533, 'Etape 3 : Protoxyde d\'Azote - Les Risques (1:27)', 3, 50.609559, 3.016603, 'Protoxyde d\'Azote - Les Risques (1:27)', 'https://www.gomydefi.live/fdlv_integ/medias_fdlv/videos/PARCOURS_PROTOXYDE_AZOTE/proto_3_les_risques.webp', 'https://www.gomydefi.live/fdlv/medias_fdlv/videos/PARCOURS_PROTOXYDE_AZOTE/proto_3_les_risques.mp4', 175, 47, NULL, NULL, 'Je t\'invite à visionner cette video « Protoxyde d\'Azote - Les Risques (1:27) » et à y relever le defi santé', 57, '.mp4');
INSERT INTO `stage` VALUES (542, 'Etape 1 : Protoxyde d\'Azote - C\'est quoi ? (0:41)', 1, 50.6053581, 3.0421517, 'Protoxyde d\'Azote - C\'est quoi ? (0:41)', 'https://www.gomydefi.live/fdlv_integ/medias_fdlv/videos/PARCOURS_PROTOXYDE_AZOTE/proto_1_un_phenomene.webp', 'https://www.gomydefi.live/fdlv/medias_fdlv/videos/PARCOURS_PROTOXYDE_AZOTE/proto_1_un_phenomene.mp4', 178, 45, NULL, NULL, 'Je t\'invite à visionner cette video « Protoxyde d\'Azote - C\'est quoi ? (0:41) » et à y relever le defi santé', 55, '.mp4');
INSERT INTO `stage` VALUES (543, 'Etape 2 : Protoxyde d\'Azote - Les Effets (0:35)', 2, 50.6056707, 3.0429061, 'Protoxyde d\'Azote - Les Effets (0:35)', 'https://www.gomydefi.live/fdlv_integ/medias_fdlv/videos/PARCOURS_PROTOXYDE_AZOTE/proto_2_les_effets.webp', 'https://www.gomydefi.live/fdlv/medias_fdlv/videos/PARCOURS_PROTOXYDE_AZOTE/proto_2_les_effets.mp4', 178, 46, NULL, NULL, 'Je t\'invite à visionner cette video « Protoxyde d\'Azote - Les Effets (0:35) » et à y relever le defi santé', 56, '.mp4');
INSERT INTO `stage` VALUES (544, 'Etape 3 : Protoxyde d\'Azote - Les Risques (1:27)', 3, 50.6065866, 3.0431413, 'Protoxyde d\'Azote - Les Risques (1:27)', 'https://www.gomydefi.live/fdlv_integ/medias_fdlv/videos/PARCOURS_PROTOXYDE_AZOTE/proto_3_les_risques.webp', 'https://www.gomydefi.live/fdlv/medias_fdlv/videos/PARCOURS_PROTOXYDE_AZOTE/proto_3_les_risques.mp4', 178, 47, NULL, NULL, 'Je t\'invite à visionner cette video « Protoxyde d\'Azote - Les Risques (1:27) » et à y relever le defi santé', 57, '.mp4');
INSERT INTO `stage` VALUES (545, 'Etape 1 : Ecouter les Bruits (1:23)', 1, 50.614908, 3.0146692, 'Ecouter les Bruits (1:23)', 'https://www.gomydefi.live/fdlv_integ/medias_fdlv/videos/PARCOURS_NATURE/Ecouter_les_bruits.webp', 'https://www.gomydefi.live/fdlv/medias_fdlv/videos/PARCOURS_NATURE/Ecouter_les_bruits.mp4', 179, 30, NULL, NULL, 'Je t\'invite à visionner cette video « Ecouter les Bruits (1:23) » et à y relever le defi santé', 32, '.mp4');
INSERT INTO `stage` VALUES (546, 'Etape 2 : Défi Mémoire (1:20)', 2, 50.6149989, 3.0143647, 'Défi Mémoire (1:20)', 'https://www.gomydefi.live/fdlv_integ/medias_fdlv/videos/PARCOURS_NATURE/Defi_memoire.webp', 'https://www.gomydefi.live/fdlv/medias_fdlv/videos/PARCOURS_NATURE/Defi_memoire.mp4', 179, 34, NULL, NULL, 'Je t\'invite à visionner cette video « Défi Mémoire (1:20) » et à y relever le defi santé', 34, '.mp4');
INSERT INTO `stage` VALUES (547, 'Etape 3 : Défi Odeurs (1:20)', 3, 50.6153244, 3.0141743, 'Défi Odeurs (1:20)', 'https://www.gomydefi.live/fdlv_integ/medias_fdlv/videos/PARCOURS_NATURE/Defi_odeurs.webp', 'https://www.gomydefi.live/fdlv/medias_fdlv/videos/PARCOURS_NATURE/Defi_odeurs.mp4', 179, 33, NULL, NULL, 'Je t\'invite à visionner cette video « Défi Odeurs (1:20) » et à y relever le defi santé', 35, '.mp4');
INSERT INTO `stage` VALUES (548, 'Etape 4 : Marcher Pieds Nus (1:37)', 4, 50.6154476, 3.0146038, 'Marcher Pieds Nus (1:37)', 'https://www.gomydefi.live/fdlv_integ/medias_fdlv/videos/PARCOURS_NATURE/Marcher_pieds_nus.webp', 'https://www.gomydefi.live/fdlv/medias_fdlv/videos/PARCOURS_NATURE/Marcher_pieds_nus.mp4', 179, 32, NULL, NULL, 'Je t\'invite à visionner cette video « Marcher Pieds Nus (1:37) » et à y relever le defi santé', 36, '.mp4');
INSERT INTO `stage` VALUES (549, 'Etape 5 : Respiration (2:12)', 5, 50.615545, 3.0150862, 'Respiration (2:12)', 'https://www.gomydefi.live/fdlv_integ/medias_fdlv/videos/PARCOURS_NATURE/Defi_respiration.webp', 'https://www.gomydefi.live/fdlv/medias_fdlv/videos/PARCOURS_NATURE/Defi_respiration.mp4', 179, 29, NULL, NULL, 'Je t\'invite à visionner cette video « Respiration (2:12) » et à y relever le defi santé', 37, '.mp4');
INSERT INTO `stage` VALUES (550, 'Etape 1 : Les Bienfaits du Sport (1:14)', 1, 50.6168875, 3.0854219, 'Les Bienfaits du Sport (1:14)', 'https://www.gomydefi.live/fdlv_integ/medias_fdlv/videos/PARCOURS_ACTIVITE_PHYSIQUE/Activites_Physique_courte_2.webp', 'https://www.gomydefi.live/fdlv/medias_fdlv/videos/PARCOURS_ACTIVITE_PHYSIQUE/Activites_Physique_courte_2.mp4', 180, 52, NULL, NULL, 'Je t\'invite à visionner cette video « Les Bienfaits du Sport (1:14) » et à y relever le defi santé', 49, '.mp4');
INSERT INTO `stage` VALUES (551, 'Etape 2 : Le sucre (1:50)', 2, 50.6185125, 3.0828281, 'Le sucre (1:50)', 'https://www.gomydefi.live/fdlv_integ/medias_fdlv/videos/PARCOURS_NUTRITION/Le_sucre.webp', 'https://www.gomydefi.live/fdlv/medias_fdlv/videos/PARCOURS_NUTRITION/Le_sucre.mp4', 180, 18, NULL, NULL, 'Je t\'invite à visionner cette video « Le sucre (1:50) » et à y relever le defi santé', 13, '.mp4');
INSERT INTO `stage` VALUES (552, 'Etape 3 : Le Cannabis (2:02)', 3, 50.6187125, 3.0831719, 'Le Cannabis (2:02)', 'https://www.gomydefi.live/fdlv_integ/medias_fdlv/videos/PARCOURS_PRODUITS/Cannabis.webp', 'https://www.gomydefi.live/fdlv/medias_fdlv/videos/PARCOURS_PRODUITS/Cannabis.mp4', 180, 26, NULL, NULL, 'Je t\'invite à visionner cette video « Le Cannabis (2:02) » et à y relever le defi santé', 50, '.mp4');
INSERT INTO `stage` VALUES (553, 'Etape 4 : La Chicha (2:20)', 4, 50.6191875, 3.0832969, 'La Chicha (2:20)', 'https://www.gomydefi.live/fdlv_integ/medias_fdlv/videos/PARCOURS_PRODUITS/Chicha.webp', 'https://www.gomydefi.live/fdlv/medias_fdlv/videos/PARCOURS_PRODUITS/Chicha.mp4', 180, 25, NULL, NULL, 'Je t\'invite à visionner cette video « La Chicha (2:20) » et à y relever le defi santé', 51, '.mp4');
INSERT INTO `stage` VALUES (554, 'Etape 5 : Les enfants et les écrans (1:52)', 5, 50.6197375, 3.0833906, 'Les enfants et les écrans (1:52)', 'https://www.gomydefi.live/fdlv_integ/medias_fdlv/videos/PARCOURS_ECRANS/Enfants_moins_3ans_et_ecrans.webp', 'https://www.gomydefi.live/fdlv/medias_fdlv/videos/PARCOURS_ECRANS/Enfants_moins_3ans_et_ecrans.mp4', 180, 37, NULL, NULL, 'Je t\'invite à visionner cette video « Les enfants et les écrans (1:52) » et à y relever le defi santé', 29, '.mp4');
INSERT INTO `stage` VALUES (555, 'Etape 1 : Protoxyde d\'Azote - C\'est quoi ? (0:41)', 1, 50.6126419, 3.0468724, 'Protoxyde d\'Azote - C\'est quoi ? (0:41)', 'https://www.gomydefi.live/fdlv_integ/medias_fdlv/videos/PARCOURS_PROTOXYDE_AZOTE/proto_1_un_phenomene.webp', 'https://www.gomydefi.live/fdlv/medias_fdlv/videos/PARCOURS_PROTOXYDE_AZOTE/proto_1_un_phenomene.mp4', 181, 45, NULL, NULL, 'Je t\'invite à visionner cette video « Protoxyde d\'Azote - C\'est quoi ? (0:41) » et à y relever le defi santé', 55, '.mp4');
INSERT INTO `stage` VALUES (556, 'Etape 2 : Protoxyde d\'Azote - Les Effets (0:35)', 2, 50.6129418, 3.0470642, 'Protoxyde d\'Azote - Les Effets (0:35)', 'https://www.gomydefi.live/fdlv_integ/medias_fdlv/videos/PARCOURS_PROTOXYDE_AZOTE/proto_2_les_effets.webp', 'https://www.gomydefi.live/fdlv/medias_fdlv/videos/PARCOURS_PROTOXYDE_AZOTE/proto_2_les_effets.mp4', 181, 46, NULL, NULL, 'Je t\'invite à visionner cette video « Protoxyde d\'Azote - Les Effets (0:35) » et à y relever le defi santé', 56, '.mp4');
INSERT INTO `stage` VALUES (557, 'Etape 3 : Protoxyde d\'Azote - Les Risques (1:27)', 3, 50.6128148, 3.046858, 'Protoxyde d\'Azote - Les Risques (1:27)', 'https://www.gomydefi.live/fdlv_integ/medias_fdlv/videos/PARCOURS_PROTOXYDE_AZOTE/proto_3_les_risques.webp', 'https://www.gomydefi.live/fdlv/medias_fdlv/videos/PARCOURS_PROTOXYDE_AZOTE/proto_3_les_risques.mp4', 181, 47, NULL, NULL, 'Je t\'invite à visionner cette video « Protoxyde d\'Azote - Les Risques (1:27) » et à y relever le defi santé', 57, '.mp4');
INSERT INTO `stage` VALUES (558, 'Etape 1 : Protoxyde d\'Azote - C\'est quoi ? (0:41)', 1, 50.4788879, 2.7350606, 'Protoxyde d\'Azote - C\'est quoi ? (0:41)', 'https://www.gomydefi.live/fdlv_integ/medias_fdlv/videos/PARCOURS_PROTOXYDE_AZOTE/proto_1_un_phenomene.webp', 'https://www.gomydefi.live/fdlv/medias_fdlv/videos/PARCOURS_PROTOXYDE_AZOTE/proto_1_un_phenomene.mp4', 182, 45, NULL, NULL, 'Je t\'invite à visionner cette video « Protoxyde d\'Azote - C\'est quoi ? (0:41) » et à y relever le defi santé', 55, '.mp4');
INSERT INTO `stage` VALUES (559, 'Etape 2 : Protoxyde d\'Azote - Les Effets (0:35)', 2, 50.4794285, 2.7348601, 'Protoxyde d\'Azote - Les Effets (0:35)', 'https://www.gomydefi.live/fdlv_integ/medias_fdlv/videos/PARCOURS_PROTOXYDE_AZOTE/proto_2_les_effets.webp', 'https://www.gomydefi.live/fdlv/medias_fdlv/videos/PARCOURS_PROTOXYDE_AZOTE/proto_2_les_effets.mp4', 182, 46, NULL, NULL, 'Je t\'invite à visionner cette video « Protoxyde d\'Azote - Les Effets (0:35) » et à y relever le defi santé', 56, '.mp4');
INSERT INTO `stage` VALUES (560, 'Etape 3 : Protoxyde d\'Azote - Les Risques (1:27)', 3, 50.4803189, 2.7352809, 'Protoxyde d\'Azote - Les Risques (1:27)', 'https://www.gomydefi.live/fdlv_integ/medias_fdlv/videos/PARCOURS_PROTOXYDE_AZOTE/proto_3_les_risques.webp', 'https://www.gomydefi.live/fdlv/medias_fdlv/videos/PARCOURS_PROTOXYDE_AZOTE/proto_3_les_risques.mp4', 182, 47, 215, 'Si on me propose de faire un ballon, je refuse car je connais les risques.', 'Je t\'invite à visionner cette video « Protoxyde d\'Azote - Les Risques (1:27) » et à y relever le defi santé', 57, '.mp4');
INSERT INTO `stage` VALUES (561, 'Etape 4 : Protoxyde d\'Azote - Solutions (0:47)', 4, 50.4803009, 2.7334181, 'Protoxyde d\'Azote - Solutions (0:47)', 'https://www.gomydefi.live/fdlv_integ/medias_fdlv/videos/PARCOURS_PROTOXYDE_AZOTE/proto_4_solutions.webp', 'https://www.gomydefi.live/fdlv/medias_fdlv/videos/PARCOURS_PROTOXYDE_AZOTE/proto_4_solutions.mp4', 182, 48, NULL, NULL, 'Je t\'invite à visionner cette video « Protoxyde d\'Azote - Solutions (0:47) » et à y relever le defi santé', 58, '.mp4');
INSERT INTO `stage` VALUES (562, 'Etape 1 : Les Bienfaits du Sport (1:14)', 1, 50.54266, 3.0825, 'Les Bienfaits du Sport (1:14)', 'https://www.gomydefi.live/fdlv_integ/medias_fdlv/videos/PARCOURS_ACTIVITE_PHYSIQUE/Activites_Physique_courte_2.webp', 'https://www.gomydefi.live/fdlv/medias_fdlv/videos/PARCOURS_ACTIVITE_PHYSIQUE/Activites_Physique_courte_2.mp4', 183, 52, NULL, NULL, 'Je t\'invite à visionner cette video « Les Bienfaits du Sport (1:14) » et à y relever le defi santé', 49, '.mp4');
INSERT INTO `stage` VALUES (563, 'Etape 2 : Le grignotage, C\'est quoi ? (0:57)', 2, 50.54224, 3.08182, 'Le grignotage, C\'est quoi ? (0:57)', 'https://www.gomydefi.live/fdlv_integ/medias_fdlv/videos/PARCOURS_GRIGNOTAGE/Le_grignotage_courte_1.webp', 'https://www.gomydefi.live/fdlv/medias_fdlv/videos/PARCOURS_GRIGNOTAGE/Le_grignotage_courte_1.mp4', 183, 22, NULL, '', '', 14, '.mp4');
INSERT INTO `stage` VALUES (564, 'Etape 3 : Le sucre (1:50)', 3, 50.54216, 3.0815, 'Le sucre (1:50)', 'https://www.gomydefi.live/fdlv_integ/medias_fdlv/videos/PARCOURS_NUTRITION/Le_sucre.webp', 'https://www.gomydefi.live/fdlv/medias_fdlv/videos/PARCOURS_NUTRITION/Le_sucre.mp4', 183, 18, NULL, NULL, 'Je t\'invite à visionner cette video « Le sucre (1:50) » et à y relever le defi santé', 13, '.mp4');
INSERT INTO `stage` VALUES (565, 'Etape 4 : Le Sommeil (2:20)', 4, 50.5421, 3.08113, 'Le Sommeil (2:20)', 'https://www.gomydefi.live/fdlv_integ/medias_fdlv/videos/PARCOURS_SANTE_GLOBALE/le_sommeil.webp', 'https://www.gomydefi.live/fdlv/medias_fdlv/videos/PARCOURS_SANTE_GLOBALE/le_sommeil.mp4', 183, 28, NULL, NULL, 'Je t\'invite à visionner cette video « Le Sommeil (2:20) » et à y relever le defi santé', 16, '.mp4');
INSERT INTO `stage` VALUES (566, 'Etape 5 : Le Cannabis (2:02)', 5, 50.54237, 3.08092, 'Le Cannabis (2:02)', 'https://www.gomydefi.live/fdlv_integ/medias_fdlv/videos/PARCOURS_PRODUITS/Cannabis.webp', 'https://www.gomydefi.live/fdlv/medias_fdlv/videos/PARCOURS_PRODUITS/Cannabis.mp4', 183, 26, NULL, NULL, 'Je t\'invite à visionner cette video « Le Cannabis (2:02) » et à y relever le defi santé', 50, '.mp4');
INSERT INTO `stage` VALUES (567, 'Etape 1 : Protoxyde d\'Azote - C\'est quoi ? (0:41)', 1, 50.63987, 3.06151, 'Protoxyde d\'Azote - C\'est quoi ? (0:41)', 'https://www.gomydefi.live/fdlv_integ/medias_fdlv/videos/PARCOURS_PROTOXYDE_AZOTE/proto_1_un_phenomene.webp', 'https://www.gomydefi.live/fdlv/medias_fdlv/videos/PARCOURS_PROTOXYDE_AZOTE/proto_1_un_phenomene.mp4', 184, 45, NULL, NULL, 'Je t\'invite à visionner cette video « Protoxyde d\'Azote - C\'est quoi ? (0:41) » et à y relever le defi santé', 55, '.mp4');
INSERT INTO `stage` VALUES (568, 'Etape 2 : Protoxyde d\'Azote - Les Effets (0:35)', 2, 50.64047, 3.06189, 'Protoxyde d\'Azote - Les Effets (0:35)', 'https://www.gomydefi.live/fdlv_integ/medias_fdlv/videos/PARCOURS_PROTOXYDE_AZOTE/proto_2_les_effets.webp', 'https://www.gomydefi.live/fdlv/medias_fdlv/videos/PARCOURS_PROTOXYDE_AZOTE/proto_2_les_effets.mp4', 184, 46, NULL, NULL, 'Je t\'invite à visionner cette video « Protoxyde d\'Azote - Les Effets (0:35) » et à y relever le defi santé', 56, '.mp4');
INSERT INTO `stage` VALUES (569, 'Etape 3 : Protoxyde d\'Azote - Les Risques (1:27)', 3, 50.640038, 3.06383, 'Protoxyde d\'Azote - Les Risques (1:27)', 'https://www.gomydefi.live/fdlv_integ/medias_fdlv/videos/PARCOURS_PROTOXYDE_AZOTE/proto_3_les_risques.webp', 'https://www.gomydefi.live/fdlv/medias_fdlv/videos/PARCOURS_PROTOXYDE_AZOTE/proto_3_les_risques.mp4', 184, 47, 216, 'Si on me propose de faire un ballon, je refuse car je connais les risques.', 'Je t\'invite à visionner cette video « Protoxyde d\'Azote - Les Risques (1:27) » et à y relever le defi santé', 57, '.mp4');
INSERT INTO `stage` VALUES (574, 'Etape 1 : Protoxyde d\'Azote - C\'est quoi ? (0:41)', 1, 50.54203, 3.0812, 'Protoxyde d\'Azote - C\'est quoi ? (0:41)', 'https://www.gomydefi.live/fdlv_integ/medias_fdlv/videos/PARCOURS_PROTOXYDE_AZOTE/proto_1_un_phenomene.webp', 'https://www.gomydefi.live/fdlv/medias_fdlv/videos/PARCOURS_PROTOXYDE_AZOTE/proto_1_un_phenomene.mp4', 186, 45, NULL, NULL, 'Je t\'invite à visionner cette video « Protoxyde d\'Azote - C\'est quoi ? (0:41) » et à y relever le defi santé', 55, '.mp4');
INSERT INTO `stage` VALUES (575, 'Etape 2 : Protoxyde d\'Azote - Les Effets (0:35)', 2, 50.54264, 3.08222, 'Protoxyde d\'Azote - Les Effets (0:35)', 'https://www.gomydefi.live/fdlv_integ/medias_fdlv/videos/PARCOURS_PROTOXYDE_AZOTE/proto_2_les_effets.webp', 'https://www.gomydefi.live/fdlv/medias_fdlv/videos/PARCOURS_PROTOXYDE_AZOTE/proto_2_les_effets.mp4', 186, 46, NULL, NULL, 'Je t\'invite à visionner cette video « Protoxyde d\'Azote - Les Effets (0:35) » et à y relever le defi santé', 56, '.mp4');
INSERT INTO `stage` VALUES (576, 'Etape 3 : Protoxyde d\'Azote - Les Risques (1:27)', 3, 50.54268, 3.08344, 'Protoxyde d\'Azote - Les Risques (1:27)', 'https://www.gomydefi.live/fdlv_integ/medias_fdlv/videos/PARCOURS_PROTOXYDE_AZOTE/proto_3_les_risques.webp', 'https://www.gomydefi.live/fdlv/medias_fdlv/videos/PARCOURS_PROTOXYDE_AZOTE/proto_3_les_risques.mp4', 186, 47, 217, 'Si on me propose de faire un ballon, je refuse car j\'en connais les risques.', 'Je t\'invite à visionner cette video « Protoxyde d\'Azote - Les Risques (1:27) » et à y relever le defi santé', 57, '.mp4');
INSERT INTO `stage` VALUES (579, 'Etape 3 : Protoxyde d\'Azote - Les Risques (1:27)', 3, 50.3995161306054, 3.313707057059324, 'Protoxyde d\'Azote - Les Risques (1:27)', 'https://www.gomydefi.live/fdlv_integ/medias_fdlv/videos/PARCOURS_PROTOXYDE_AZOTE/proto_3_les_risques.webp', 'https://www.gomydefi.live/fdlv_integ/medias_fdlv/videos/PARCOURS_PROTOXYDE_AZOTE/proto_3_les_risques.mp4', NULL, 47, NULL, 'Si on me propose de prendre du proto, je refuse car je connais les risques.', 'Je t\'invite à visionner cette video « Protoxyde d\'Azote - Les Risques (1:27) » et à y relever le defi santé', 57, '.mp4');

-- ----------------------------
-- Table structure for theme
-- ----------------------------
CREATE TABLE `theme`  (
  `id` bigint NOT NULL AUTO_INCREMENT,
  `label` varchar(255) CHARACTER SET latin1 COLLATE latin1_swedish_ci NOT NULL,
  PRIMARY KEY (`id`) USING BTREE
) ENGINE = InnoDB AUTO_INCREMENT = 24 CHARACTER SET = latin1 COLLATE = latin1_swedish_ci ROW_FORMAT = Dynamic TABLESPACE = `innodb_system`;

-- ----------------------------
-- Records of theme
-- ----------------------------
INSERT INTO `theme` VALUES (1, 'Secourisme');
INSERT INTO `theme` VALUES (2, 'Bien-être');
INSERT INTO `theme` VALUES (3, 'Santé');
INSERT INTO `theme` VALUES (4, 'Santé / Bien-être');
INSERT INTO `theme` VALUES (5, 'Addictions');
INSERT INTO `theme` VALUES (7, 'Ecoresponsabilité');
INSERT INTO `theme` VALUES (8, 'Ecrans');
INSERT INTO `theme` VALUES (9, 'Nature');
INSERT INTO `theme` VALUES (10, 'Nutrition');
INSERT INTO `theme` VALUES (11, 'Produits');
INSERT INTO `theme` VALUES (12, 'Protoxyde');
INSERT INTO `theme` VALUES (13, 'Santé Globale');
INSERT INTO `theme` VALUES (14, 'Activité Physique');
INSERT INTO `theme` VALUES (15, 'Grignotage');
INSERT INTO `theme` VALUES (16, 'Fruits et Légumes');
INSERT INTO `theme` VALUES (17, 'No STRESS');
INSERT INTO `theme` VALUES (18, 'Média Audios');
INSERT INTO `theme` VALUES (19, 'Média  Images');
INSERT INTO `theme` VALUES (20, 'Média  PDFs');
INSERT INTO `theme` VALUES (21, 'Santé via Musique');

-- ----------------------------
-- Table structure for video_quizz
-- ----------------------------
CREATE TABLE `video_quizz`  (
  `vqu_flv_id` bigint NOT NULL,
  `vqu_quizz_id` bigint NOT NULL,
  PRIMARY KEY (`vqu_flv_id`, `vqu_quizz_id`) USING BTREE,
  INDEX `fk_quizz_id`(`vqu_quizz_id`) USING BTREE,
  CONSTRAINT `fk_flv_id` FOREIGN KEY (`vqu_flv_id`) REFERENCES `fdlv_liste_videos` (`flv_id`) ON DELETE RESTRICT ON UPDATE RESTRICT,
  CONSTRAINT `fk_quizz_id` FOREIGN KEY (`vqu_quizz_id`) REFERENCES `quizz` (`id`) ON DELETE RESTRICT ON UPDATE RESTRICT
) ENGINE = InnoDB CHARACTER SET = latin1 COLLATE = latin1_swedish_ci ROW_FORMAT = Dynamic TABLESPACE = `innodb_system`;

-- ----------------------------
-- Records of video_quizz
-- ----------------------------
INSERT INTO `video_quizz` VALUES (1, 1);
INSERT INTO `video_quizz` VALUES (1, 2);
INSERT INTO `video_quizz` VALUES (2, 2);
INSERT INTO `video_quizz` VALUES (5, 2);
INSERT INTO `video_quizz` VALUES (3, 3);
INSERT INTO `video_quizz` VALUES (1, 4);
INSERT INTO `video_quizz` VALUES (4, 4);
INSERT INTO `video_quizz` VALUES (5, 5);
INSERT INTO `video_quizz` VALUES (1, 6);
INSERT INTO `video_quizz` VALUES (6, 6);
INSERT INTO `video_quizz` VALUES (13, 18);
INSERT INTO `video_quizz` VALUES (15, 19);
INSERT INTO `video_quizz` VALUES (53, 19);
INSERT INTO `video_quizz` VALUES (47, 20);
INSERT INTO `video_quizz` VALUES (48, 21);
INSERT INTO `video_quizz` VALUES (14, 22);
INSERT INTO `video_quizz` VALUES (54, 22);
INSERT INTO `video_quizz` VALUES (45, 23);
INSERT INTO `video_quizz` VALUES (54, 24);
INSERT INTO `video_quizz` VALUES (51, 25);
INSERT INTO `video_quizz` VALUES (50, 26);
INSERT INTO `video_quizz` VALUES (61, 27);
INSERT INTO `video_quizz` VALUES (16, 28);
INSERT INTO `video_quizz` VALUES (37, 29);
INSERT INTO `video_quizz` VALUES (32, 30);
INSERT INTO `video_quizz` VALUES (42, 31);
INSERT INTO `video_quizz` VALUES (36, 32);
INSERT INTO `video_quizz` VALUES (35, 33);
INSERT INTO `video_quizz` VALUES (34, 34);
INSERT INTO `video_quizz` VALUES (40, 35);
INSERT INTO `video_quizz` VALUES (41, 36);
INSERT INTO `video_quizz` VALUES (29, 37);
INSERT INTO `video_quizz` VALUES (30, 38);
INSERT INTO `video_quizz` VALUES (62, 39);
INSERT INTO `video_quizz` VALUES (12, 40);
INSERT INTO `video_quizz` VALUES (59, 41);
INSERT INTO `video_quizz` VALUES (28, 42);
INSERT INTO `video_quizz` VALUES (43, 43);
INSERT INTO `video_quizz` VALUES (44, 44);
INSERT INTO `video_quizz` VALUES (55, 45);
INSERT INTO `video_quizz` VALUES (56, 46);
INSERT INTO `video_quizz` VALUES (57, 47);
INSERT INTO `video_quizz` VALUES (58, 48);
INSERT INTO `video_quizz` VALUES (52, 49);
INSERT INTO `video_quizz` VALUES (53, 50);
INSERT INTO `video_quizz` VALUES (60, 51);
INSERT INTO `video_quizz` VALUES (49, 52);
INSERT INTO `video_quizz` VALUES (46, 53);
INSERT INTO `video_quizz` VALUES (65, 57);
INSERT INTO `video_quizz` VALUES (63, 58);
INSERT INTO `video_quizz` VALUES (64, 59);
INSERT INTO `video_quizz` VALUES (67, 60);
INSERT INTO `video_quizz` VALUES (66, 61);
INSERT INTO `video_quizz` VALUES (81, 69);

-- ----------------------------
-- View structure for v_secteur_stand
-- ----------------------------
DROP VIEW IF EXISTS `v_secteur_stand`;
CREATE ALGORITHM = UNDEFINED SQL SECURITY DEFINER VIEW `v_secteur_stand` AS select `forum_stand_secteur`.`fss_id` AS `id_secteur_stand`,`forum_stand_secteur`.`fss_libelle` AS `libelle_secteur_stand`,`forum_stand_secteur`.`fss_code_secteur` AS `code_secteur`,`forum_stand`.`fsd_id` AS `id_stand`,`forum_stand`.`fsd_stand_physique` AS `stand_physique`,`forum_stand`.`fsd_libelle` AS `stand_libelle`,`forum_stand`.`fsd_reference` AS `stand_reference`,`forum_stand`.`fsd_matériel` AS `stand_materiel`,`forum_stand`.`fsd_observation` AS `stand_observation`,`forum_stand`.`fsd_besoin_electricite` AS `stand_besoin_electricite`,`forum_stand`.`fsd_commentaire` AS `stand_commentaire` from (`forum_stand_secteur` join `forum_stand` on((`forum_stand`.`fsd_fss_id` = `forum_stand_secteur`.`fss_id`))) order by `forum_stand`.`fsd_reference`,`forum_stand`.`fsd_libelle`;

-- ----------------------------
-- View structure for v_theme_banniere
-- ----------------------------
DROP VIEW IF EXISTS `v_theme_banniere`;
CREATE ALGORITHM = UNDEFINED SQL SECURITY DEFINER VIEW `v_theme_banniere` AS select `forum_theme`.`fth_id` AS `fth_id`,`forum_theme`.`fth_code_theme` AS `fth_code_theme`,`forum_theme`.`fth_libelle_theme` AS `fth_libelle_theme`,`forum_banniere`.`ban_id` AS `ban_id`,`forum_banniere`.`ban_code` AS `ban_code`,`forum_banniere`.`ban_libelle` AS `ban_libelle`,`forum_banniere`.`ban_url` AS `ban_url`,replace(concat('https://www.gomydefi.live/fdlv_',lower(`gmd_env_tech`.`get_env`),'/FORUM/fdlv_banniere/',`forum_theme`.`fth_commentaire`,'/',lower(concat(`forum_banniere`.`ban_id`,'_',`forum_banniere`.`ban_fth_id`,'_',`forum_banniere`.`ban_fdlv`,'_',`forum_banniere`.`ban_code`,'.png'))),' ','_') AS `url_banniere_genere`,`forum_banniere`.`ban_fdlv` AS `ban_fdlv`,`forum_banniere`.`ban_actif` AS `ban_actif` from (`gmd_env_tech` join (`forum_theme` join `forum_banniere` on((`forum_banniere`.`ban_fth_id` = `forum_theme`.`fth_id`))));

